{"id":362,"date":"2019-07-01T09:54:02","date_gmt":"2019-07-01T07:54:02","guid":{"rendered":"https:\/\/instytutpolski.pl\/bukareszt\/?page_id=362"},"modified":"2025-06-03T10:21:27","modified_gmt":"2025-06-03T08:21:27","slug":"kontakt","status":"publish","type":"page","link":"https:\/\/instytutpolski.pl\/bucuresti\/pl\/o-instytucie-polskim-2\/kontakt\/","title":{"rendered":"Kontakt"},"content":{"rendered":"\n<p><strong>Instytut Polski w Bukareszcie<\/strong><br \/>str. Popa Savu 28<br \/>011433 Bukareszt, Rumunia<\/p>\n<p>Tel.: +40 21 22 44 556<\/p>\n<p>e-mail: bukareszt[at]instytutpolski.pl<\/p>\n<p><strong>Godziny otwarcia:<\/strong><\/p>\n<p>poniedzia\u0142ek-pi\u0105tek 9.00-17.00<\/p>\n<p>Dyrektor Instytutu w sprawach skarg i wniosk\u00f3w przyjmuje w poniedzia\u0142ki w godz. 15.00-17.00.<\/p>\n<p><strong>Internet:<\/strong><\/p>\n<p><a href=\"https:\/\/instytutpolski.pl\/bucuresti\/pl\/\">instytutpolski.pl\/bucuresti\/pl\/<\/a><br \/><a href=\"https:\/\/www.facebook.com\/institutulpolonez\/\" target=\"_blank\" rel=\"noopener noreferrer\">Institutul Polonez pe Facebook<\/a><br \/><a href=\"https:\/\/twitter.com\/PLinstBucuresti\" target=\"_blank\" rel=\"noopener noreferrer\">Institutul Polonez pe Twitter<\/a><br \/><a href=\"https:\/\/www.youtube.com\/InstitutulPolonez\" target=\"_blank\" rel=\"noopener noreferrer\">Institutul Polonez pe YouTube<\/a><br \/><a href=\"https:\/\/www.instagram.com\/institutulpolonez\/\" target=\"_blank\" rel=\"noopener noreferrer\">Institutul Polonez pe Instagram<\/a><\/p>\n","protected":false},"excerpt":{"rendered":"<p>Instytut Polski w Bukareszciestr. Popa Savu 28011433 Bukareszt, Rumunia Tel.: +40 21 22 44 556 e-mail: bukareszt[at]instytutpolski.pl Godziny otwarcia: poniedzia\u0142ek-pi\u0105tek 9.00-17.00 Dyrektor Instytutu w sprawach skarg i wniosk\u00f3w przyjmuje w poniedzia\u0142ki w godz. 15.00-17.00. Internet: instytutpolski.pl\/bucuresti\/pl\/Institutul Polonez pe FacebookInstitutul Polonez pe TwitterInstitutul Polonez pe YouTubeInstitutul Polonez pe Instagram<\/p>\n","protected":false},"author":1,"featured_media":2814,"parent":358,"menu_order":0,"comment_status":"closed","ping_status":"closed","template":"","meta":{"inline_featured_image":false,"_monsterinsights_skip_tracking":false,"_monsterinsights_sitenote_active":false,"_monsterinsights_sitenote_note":"","_monsterinsights_sitenote_category":0,"footnotes":""},"class_list":["post-362","page","type-page","status-publish","has-post-thumbnail","hentry"],"yoast_head":"<!-- This site is optimized with the Yoast SEO plugin v24.6 - https:\/\/yoast.com\/wordpress\/plugins\/seo\/ -->\n<title>Kontakt - Instytut Polski w Bukareszcie<\/title>\n<meta name=\"robots\" content=\"index, follow, max-snippet:-1, max-image-preview:large, max-video-preview:-1\" \/>\n<link rel=\"canonical\" href=\"https:\/\/instytutpolski.pl\/bucuresti\/pl\/o-instytucie-polskim-2\/kontakt\/\" \/>\n<meta property=\"og:locale\" content=\"pl_PL\" \/>\n<meta property=\"og:type\" content=\"article\" \/>\n<meta property=\"og:title\" content=\"Kontakt - Instytut Polski w Bukareszcie\" \/>\n<meta property=\"og:description\" content=\"Instytut Polski w Bukareszciestr. Popa Savu 28011433 Bukareszt, Rumunia Tel.: +40 21 22 44 556 e-mail: bukareszt[at]instytutpolski.pl Godziny otwarcia: poniedzia\u0142ek-pi\u0105tek 9.00-17.00 Dyrektor Instytutu w sprawach skarg i wniosk\u00f3w przyjmuje w poniedzia\u0142ki w godz. 15.00-17.00. Internet: instytutpolski.pl\/bucuresti\/pl\/Institutul Polonez pe FacebookInstitutul Polonez pe TwitterInstitutul Polonez pe YouTubeInstitutul Polonez pe Instagram\" \/>\n<meta property=\"og:url\" content=\"https:\/\/instytutpolski.pl\/bucuresti\/pl\/o-instytucie-polskim-2\/kontakt\/\" \/>\n<meta property=\"og:site_name\" content=\"Instytut Polski w Bukareszcie\" \/>\n<meta property=\"article:modified_time\" content=\"2025-06-03T08:21:27+00:00\" \/>\n<meta property=\"og:image\" content=\"https:\/\/instytutpolski.pl\/bucuresti\/wp-content\/uploads\/sites\/11\/2020\/06\/Krowki_IP_m.png\" \/>\n\t<meta property=\"og:image:width\" content=\"1400\" \/>\n\t<meta property=\"og:image:height\" content=\"933\" \/>\n\t<meta property=\"og:image:type\" content=\"image\/png\" \/>\n<meta name=\"twitter:card\" content=\"summary_large_image\" \/>\n<meta name=\"twitter:label1\" content=\"Szacowany czas czytania\" \/>\n\t<meta name=\"twitter:data1\" content=\"1 minuta\" \/>\n<script type=\"application\/ld+json\" class=\"yoast-schema-graph\">{\"@context\":\"https:\/\/schema.org\",\"@graph\":[{\"@type\":\"WebPage\",\"@id\":\"https:\/\/instytutpolski.pl\/bucuresti\/pl\/o-instytucie-polskim-2\/kontakt\/\",\"url\":\"https:\/\/instytutpolski.pl\/bucuresti\/pl\/o-instytucie-polskim-2\/kontakt\/\",\"name\":\"Kontakt - Instytut Polski w Bukareszcie\",\"isPartOf\":{\"@id\":\"https:\/\/instytutpolski.pl\/bucuresti\/#website\"},\"primaryImageOfPage\":{\"@id\":\"https:\/\/instytutpolski.pl\/bucuresti\/pl\/o-instytucie-polskim-2\/kontakt\/#primaryimage\"},\"image\":{\"@id\":\"https:\/\/instytutpolski.pl\/bucuresti\/pl\/o-instytucie-polskim-2\/kontakt\/#primaryimage\"},\"thumbnailUrl\":\"https:\/\/instytutpolski.pl\/bucuresti\/wp-content\/uploads\/sites\/11\/2020\/06\/Krowki_IP_m.png\",\"datePublished\":\"2019-07-01T07:54:02+00:00\",\"dateModified\":\"2025-06-03T08:21:27+00:00\",\"breadcrumb\":{\"@id\":\"https:\/\/instytutpolski.pl\/bucuresti\/pl\/o-instytucie-polskim-2\/kontakt\/#breadcrumb\"},\"inLanguage\":\"pl-PL\",\"potentialAction\":[{\"@type\":\"ReadAction\",\"target\":[\"https:\/\/instytutpolski.pl\/bucuresti\/pl\/o-instytucie-polskim-2\/kontakt\/\"]}]},{\"@type\":\"ImageObject\",\"inLanguage\":\"pl-PL\",\"@id\":\"https:\/\/instytutpolski.pl\/bucuresti\/pl\/o-instytucie-polskim-2\/kontakt\/#primaryimage\",\"url\":\"https:\/\/instytutpolski.pl\/bucuresti\/wp-content\/uploads\/sites\/11\/2020\/06\/Krowki_IP_m.png\",\"contentUrl\":\"https:\/\/instytutpolski.pl\/bucuresti\/wp-content\/uploads\/sites\/11\/2020\/06\/Krowki_IP_m.png\",\"width\":1400,\"height\":933,\"caption\":\"Jazzowe kr\u00f3wki na Grana Jazz Festival, fot. Agnieszka Skieterska\"},{\"@type\":\"BreadcrumbList\",\"@id\":\"https:\/\/instytutpolski.pl\/bucuresti\/pl\/o-instytucie-polskim-2\/kontakt\/#breadcrumb\",\"itemListElement\":[{\"@type\":\"ListItem\",\"position\":1,\"name\":\"Home\",\"item\":\"https:\/\/instytutpolski.pl\/bucuresti\/\"},{\"@type\":\"ListItem\",\"position\":2,\"name\":\"O Instytucie Polskim\",\"item\":\"https:\/\/instytutpolski.pl\/bucuresti\/pl\/o-instytucie-polskim-2\/\"},{\"@type\":\"ListItem\",\"position\":3,\"name\":\"Kontakt\"}]},{\"@type\":\"WebSite\",\"@id\":\"https:\/\/instytutpolski.pl\/bucuresti\/#website\",\"url\":\"https:\/\/instytutpolski.pl\/bucuresti\/\",\"name\":\"Instytut Polski w Bukareszcie\",\"description\":\"Instytuty Polskie\",\"potentialAction\":[{\"@type\":\"SearchAction\",\"target\":{\"@type\":\"EntryPoint\",\"urlTemplate\":\"https:\/\/instytutpolski.pl\/bucuresti\/?s={search_term_string}\"},\"query-input\":{\"@type\":\"PropertyValueSpecification\",\"valueRequired\":true,\"valueName\":\"search_term_string\"}}],\"inLanguage\":\"pl-PL\"}]}<\/script>\n<!-- \/ Yoast SEO plugin. -->","yoast_head_json":{"title":"Kontakt - Instytut Polski w Bukareszcie","robots":{"index":"index","follow":"follow","max-snippet":"max-snippet:-1","max-image-preview":"max-image-preview:large","max-video-preview":"max-video-preview:-1"},"canonical":"https:\/\/instytutpolski.pl\/bucuresti\/pl\/o-instytucie-polskim-2\/kontakt\/","og_locale":"pl_PL","og_type":"article","og_title":"Kontakt - Instytut Polski w Bukareszcie","og_description":"Instytut Polski w Bukareszciestr. Popa Savu 28011433 Bukareszt, Rumunia Tel.: +40 21 22 44 556 e-mail: bukareszt[at]instytutpolski.pl Godziny otwarcia: poniedzia\u0142ek-pi\u0105tek 9.00-17.00 Dyrektor Instytutu w sprawach skarg i wniosk\u00f3w przyjmuje w poniedzia\u0142ki w godz. 15.00-17.00. Internet: instytutpolski.pl\/bucuresti\/pl\/Institutul Polonez pe FacebookInstitutul Polonez pe TwitterInstitutul Polonez pe YouTubeInstitutul Polonez pe Instagram","og_url":"https:\/\/instytutpolski.pl\/bucuresti\/pl\/o-instytucie-polskim-2\/kontakt\/","og_site_name":"Instytut Polski w Bukareszcie","article_modified_time":"2025-06-03T08:21:27+00:00","og_image":[{"width":1400,"height":933,"url":"https:\/\/instytutpolski.pl\/bucuresti\/wp-content\/uploads\/sites\/11\/2020\/06\/Krowki_IP_m.png","type":"image\/png"}],"twitter_card":"summary_large_image","twitter_misc":{"Szacowany czas czytania":"1 minuta"},"schema":{"@context":"https:\/\/schema.org","@graph":[{"@type":"WebPage","@id":"https:\/\/instytutpolski.pl\/bucuresti\/pl\/o-instytucie-polskim-2\/kontakt\/","url":"https:\/\/instytutpolski.pl\/bucuresti\/pl\/o-instytucie-polskim-2\/kontakt\/","name":"Kontakt - Instytut Polski w Bukareszcie","isPartOf":{"@id":"https:\/\/instytutpolski.pl\/bucuresti\/#website"},"primaryImageOfPage":{"@id":"https:\/\/instytutpolski.pl\/bucuresti\/pl\/o-instytucie-polskim-2\/kontakt\/#primaryimage"},"image":{"@id":"https:\/\/instytutpolski.pl\/bucuresti\/pl\/o-instytucie-polskim-2\/kontakt\/#primaryimage"},"thumbnailUrl":"https:\/\/instytutpolski.pl\/bucuresti\/wp-content\/uploads\/sites\/11\/2020\/06\/Krowki_IP_m.png","datePublished":"2019-07-01T07:54:02+00:00","dateModified":"2025-06-03T08:21:27+00:00","breadcrumb":{"@id":"https:\/\/instytutpolski.pl\/bucuresti\/pl\/o-instytucie-polskim-2\/kontakt\/#breadcrumb"},"inLanguage":"pl-PL","potentialAction":[{"@type":"ReadAction","target":["https:\/\/instytutpolski.pl\/bucuresti\/pl\/o-instytucie-polskim-2\/kontakt\/"]}]},{"@type":"ImageObject","inLanguage":"pl-PL","@id":"https:\/\/instytutpolski.pl\/bucuresti\/pl\/o-instytucie-polskim-2\/kontakt\/#primaryimage","url":"https:\/\/instytutpolski.pl\/bucuresti\/wp-content\/uploads\/sites\/11\/2020\/06\/Krowki_IP_m.png","contentUrl":"https:\/\/instytutpolski.pl\/bucuresti\/wp-content\/uploads\/sites\/11\/2020\/06\/Krowki_IP_m.png","width":1400,"height":933,"caption":"Jazzowe kr\u00f3wki na Grana Jazz Festival, fot. Agnieszka Skieterska"},{"@type":"BreadcrumbList","@id":"https:\/\/instytutpolski.pl\/bucuresti\/pl\/o-instytucie-polskim-2\/kontakt\/#breadcrumb","itemListElement":[{"@type":"ListItem","position":1,"name":"Home","item":"https:\/\/instytutpolski.pl\/bucuresti\/"},{"@type":"ListItem","position":2,"name":"O Instytucie Polskim","item":"https:\/\/instytutpolski.pl\/bucuresti\/pl\/o-instytucie-polskim-2\/"},{"@type":"ListItem","position":3,"name":"Kontakt"}]},{"@type":"WebSite","@id":"https:\/\/instytutpolski.pl\/bucuresti\/#website","url":"https:\/\/instytutpolski.pl\/bucuresti\/","name":"Instytut Polski w Bukareszcie","description":"Instytuty Polskie","potentialAction":[{"@type":"SearchAction","target":{"@type":"EntryPoint","urlTemplate":"https:\/\/instytutpolski.pl\/bucuresti\/?s={search_term_string}"},"query-input":{"@type":"PropertyValueSpecification","valueRequired":true,"valueName":"search_term_string"}}],"inLanguage":"pl-PL"}]}},"_links":{"self":[{"href":"https:\/\/instytutpolski.pl\/bucuresti\/wp-json\/wp\/v2\/pages\/362","targetHints":{"allow":["GET"]}}],"collection":[{"href":"https:\/\/instytutpolski.pl\/bucuresti\/wp-json\/wp\/v2\/pages"}],"about":[{"href":"https:\/\/instytutpolski.pl\/bucuresti\/wp-json\/wp\/v2\/types\/page"}],"author":[{"embeddable":true,"href":"https:\/\/instytutpolski.pl\/bucuresti\/wp-json\/wp\/v2\/users\/1"}],"replies":[{"embeddable":true,"href":"https:\/\/instytutpolski.pl\/bucuresti\/wp-json\/wp\/v2\/comments?post=362"}],"version-history":[{"count":16,"href":"https:\/\/instytutpolski.pl\/bucuresti\/wp-json\/wp\/v2\/pages\/362\/revisions"}],"predecessor-version":[{"id":14011,"href":"https:\/\/instytutpolski.pl\/bucuresti\/wp-json\/wp\/v2\/pages\/362\/revisions\/14011"}],"up":[{"embeddable":true,"href":"https:\/\/instytutpolski.pl\/bucuresti\/wp-json\/wp\/v2\/pages\/358"}],"wp:featuredmedia":[{"embeddable":true,"href":"https:\/\/instytutpolski.pl\/bucuresti\/wp-json\/wp\/v2\/media\/2814"}],"wp:attachment":[{"href":"https:\/\/instytutpolski.pl\/bucuresti\/wp-json\/wp\/v2\/media?parent=362"}],"curies":[{"name":"wp","href":"https:\/\/api.w.org\/{rel}","templated":true}]}}