{"version":"1.0","provider_name":"Instytut Polski w Budapeszcie","provider_url":"https:\/\/instytutpolski.pl\/budapest","author_name":"Joanna","author_url":"https:\/\/instytutpolski.pl\/budapest\/author\/urbanskaj\/","title":"Harmadik Hang H\u00e1za: F(r)\u00e1zisok - Instytut Polski w Budapeszcie","type":"rich","width":600,"height":338,"html":"<blockquote class=\"wp-embedded-content\" data-secret=\"aVb4gWVaGh\"><a href=\"https:\/\/instytutpolski.pl\/budapest\/2010\/08\/27\/harmadik-hang-haza-frazisok\/\">Harmadik Hang H\u00e1za: F(r)\u00e1zisok<\/a><\/blockquote><iframe sandbox=\"allow-scripts\" security=\"restricted\" src=\"https:\/\/instytutpolski.pl\/budapest\/2010\/08\/27\/harmadik-hang-haza-frazisok\/embed\/#?secret=aVb4gWVaGh\" width=\"600\" height=\"338\" title=\"&#8222;Harmadik Hang H\u00e1za: F(r)\u00e1zisok&#8221; &#8212; Instytut Polski w Budapeszcie\" data-secret=\"aVb4gWVaGh\" frameborder=\"0\" marginwidth=\"0\" marginheight=\"0\" scrolling=\"no\" class=\"wp-embedded-content\"><\/iframe><script type=\"text\/javascript\">\n\/* <![CDATA[ *\/\n\/*! This file is auto-generated *\/\n!function(d,l){\"use strict\";l.querySelector&&d.addEventListener&&\"undefined\"!=typeof URL&&(d.wp=d.wp||{},d.wp.receiveEmbedMessage||(d.wp.receiveEmbedMessage=function(e){var t=e.data;if((t||t.secret||t.message||t.value)&&!\/[^a-zA-Z0-9]\/.test(t.secret)){for(var s,r,n,a=l.querySelectorAll('iframe[data-secret=\"'+t.secret+'\"]'),o=l.querySelectorAll('blockquote[data-secret=\"'+t.secret+'\"]'),c=new RegExp(\"^https?:$\",\"i\"),i=0;i<o.length;i++)o[i].style.display=\"none\";for(i=0;i<a.length;i++)s=a[i],e.source===s.contentWindow&&(s.removeAttribute(\"style\"),\"height\"===t.message?(1e3<(r=parseInt(t.value,10))?r=1e3:~~r<200&&(r=200),s.height=r):\"link\"===t.message&&(r=new URL(s.getAttribute(\"src\")),n=new URL(t.value),c.test(n.protocol))&&n.host===r.host&&l.activeElement===s&&(d.top.location.href=t.value))}},d.addEventListener(\"message\",d.wp.receiveEmbedMessage,!1),l.addEventListener(\"DOMContentLoaded\",function(){for(var e,t,s=l.querySelectorAll(\"iframe.wp-embedded-content\"),r=0;r<s.length;r++)(t=(e=s[r]).getAttribute(\"data-secret\"))||(t=Math.random().toString(36).substring(2,12),e.src+=\"#?secret=\"+t,e.setAttribute(\"data-secret\",t)),e.contentWindow.postMessage({message:\"ready\",secret:t},\"*\")},!1)))}(window,document);\n\/* ]]> *\/\n<\/script>\n","thumbnail_url":"https:\/\/instytutpolski.pl\/budapest\/wp-content\/uploads\/sites\/21\/2020\/04\/frazisok_szinhazi_evadnyito_22.jpg","thumbnail_width":350,"thumbnail_height":263,"description":"Harmadik Hang H\u00e1za: F(r)\u00e1zisok Sz\u00fcr\/re\u00e1lis kirakatsz\u00ednh\u00e1z a 2010-es \u00c9vadnyit\u00f3 Sz\u00ednh\u00e1zi Fesztiv\u00e1l keret\u00e9ben A 2010-es \u00c9vadnyit\u00f3 Sz\u00ednh\u00e1zi Fesztiv\u00e1l \u00faj j\u00e1tsz\u00f3helysz\u00ednek\u00e9nt a Lengyel Int\u00e9zet a Harmadik Hang H\u00e1za \u00e9s a Spanyoln\u00e1tha m\u0171v\u00e9szeti foly\u00f3irat k\u00f6z\u00f6s, r\u00f6gt\u00f6nz\u00f6tt el\u0151ad\u00e1s\u00e1nak ad helyet az Andr\u00e1ssy \u00fat 32. sz\u00e1m alatt tal\u00e1lhat\u00f3 Plat\u00e1n Gal\u00e9ri\u00e1ban. K\u00f6vess nyomon egy nyilv\u00e1nos pr\u00f3bafolyamatot \u00e9s lesd meg, hogyan k\u00e9sz\u00fcl [&hellip;]"}

Harmadik Hang Háza: F(r)ázisok - Instytut Polski w Budapeszcie

<blockquote class="wp-embedded-content" data-secret="aVb4gWVaGh"><a href="https://instytutpolski.pl/budapest/2010/08/27/harmadik-hang-haza-frazisok/">Harmadik Hang Háza: F(r)ázisok</a></blockquote><iframe sandbox="allow-scripts" security="restricted" src="https://instytutpolski.pl/budapest/2010/08/27/harmadik-hang-haza-frazisok/embed/#?secret=aVb4gWVaGh" width="600" height="338" title="&#8222;Harmadik Hang Háza: F(r)ázisok&#8221; &#8212; Instytut Polski w Budapeszcie" data-secret="aVb4gWVaGh" frameborder="0" marginwidth="0" marginheight="0" scrolling="no" class="wp-embedded-content"></iframe><script type="text/javascript">
/* <![CDATA[ */
/*! This file is auto-generated */
!function(d,l){"use strict";l.querySelector&&d.addEventListener&&"undefined"!=typeof URL&&(d.wp=d.wp||{},d.wp.receiveEmbedMessage||(d.wp.receiveEmbedMessage=function(e){var t=e.data;if((t||t.secret||t.message||t.value)&&!/[^a-zA-Z0-9]/.test(t.secret)){for(var s,r,n,a=l.querySelectorAll('iframe[data-secret="'+t.secret+'"]'),o=l.querySelectorAll('blockquote[data-secret="'+t.secret+'"]'),c=new RegExp("^https?:$","i"),i=0;i<o.length;i++)o[i].style.display="none";for(i=0;i<a.length;i++)s=a[i],e.source===s.contentWindow&&(s.removeAttribute("style"),"height"===t.message?(1e3<(r=parseInt(t.value,10))?r=1e3:~~r<200&&(r=200),s.height=r):"link"===t.message&&(r=new URL(s.getAttribute("src")),n=new URL(t.value),c.test(n.protocol))&&n.host===r.host&&l.activeElement===s&&(d.top.location.href=t.value))}},d.addEventListener("message",d.wp.receiveEmbedMessage,!1),l.addEventListener("DOMContentLoaded",function(){for(var e,t,s=l.querySelectorAll("iframe.wp-embedded-content"),r=0;r<s.length;r++)(t=(e=s[r]).getAttribute("data-secret"))||(t=Math.random().toString(36).substring(2,12),e.src+="#?secret="+t,e.setAttribute("data-secret",t)),e.contentWindow.postMessage({message:"ready",secret:t},"*")},!1)))}(window,document);
/* ]]> */
</script>

Harmadik Hang Háza: F(r)ázisok Szür/reális kirakatszínház a 2010-es Évadnyitó Színházi Fesztivál keretében A 2010-es Évadnyitó Színházi Fesztivál új játszóhelyszíneként a Lengyel Intézet a Harmadik Hang Háza és a Spanyolnátha művészeti folyóirat közös, rögtönzött előadásának ad helyet az Andrássy út 32. szám alatt található Platán Galériában. Kövess nyomon egy nyilvános próbafolyamatot és lesd meg, hogyan készül [&hellip;]
