{"version":"1.0","provider_name":"Instytut Polski w Budapeszcie","provider_url":"https:\/\/instytutpolski.pl\/budapest","author_name":"Joanna","author_url":"https:\/\/instytutpolski.pl\/budapest\/author\/urbanskaj\/","title":"Gy\u00e1r \u00e9s Kert \/ Factory and Garden - Instytut Polski w Budapeszcie","type":"rich","width":600,"height":338,"html":"<blockquote class=\"wp-embedded-content\" data-secret=\"D8CkXfFC79\"><a href=\"https:\/\/instytutpolski.pl\/budapest\/2011\/09\/24\/gyar-es-kert-factory-and-garden\/\">Gy\u00e1r \u00e9s Kert \/ Factory and Garden<\/a><\/blockquote><iframe sandbox=\"allow-scripts\" security=\"restricted\" src=\"https:\/\/instytutpolski.pl\/budapest\/2011\/09\/24\/gyar-es-kert-factory-and-garden\/embed\/#?secret=D8CkXfFC79\" width=\"600\" height=\"338\" title=\"&#8222;Gy\u00e1r \u00e9s Kert \/ Factory and Garden&#8221; &#8212; Instytut Polski w Budapeszcie\" data-secret=\"D8CkXfFC79\" frameborder=\"0\" marginwidth=\"0\" marginheight=\"0\" scrolling=\"no\" class=\"wp-embedded-content\"><\/iframe><script type=\"text\/javascript\">\n\/* <![CDATA[ *\/\n\/*! This file is auto-generated *\/\n!function(d,l){\"use strict\";l.querySelector&&d.addEventListener&&\"undefined\"!=typeof URL&&(d.wp=d.wp||{},d.wp.receiveEmbedMessage||(d.wp.receiveEmbedMessage=function(e){var t=e.data;if((t||t.secret||t.message||t.value)&&!\/[^a-zA-Z0-9]\/.test(t.secret)){for(var s,r,n,a=l.querySelectorAll('iframe[data-secret=\"'+t.secret+'\"]'),o=l.querySelectorAll('blockquote[data-secret=\"'+t.secret+'\"]'),c=new RegExp(\"^https?:$\",\"i\"),i=0;i<o.length;i++)o[i].style.display=\"none\";for(i=0;i<a.length;i++)s=a[i],e.source===s.contentWindow&&(s.removeAttribute(\"style\"),\"height\"===t.message?(1e3<(r=parseInt(t.value,10))?r=1e3:~~r<200&&(r=200),s.height=r):\"link\"===t.message&&(r=new URL(s.getAttribute(\"src\")),n=new URL(t.value),c.test(n.protocol))&&n.host===r.host&&l.activeElement===s&&(d.top.location.href=t.value))}},d.addEventListener(\"message\",d.wp.receiveEmbedMessage,!1),l.addEventListener(\"DOMContentLoaded\",function(){for(var e,t,s=l.querySelectorAll(\"iframe.wp-embedded-content\"),r=0;r<s.length;r++)(t=(e=s[r]).getAttribute(\"data-secret\"))||(t=Math.random().toString(36).substring(2,12),e.src+=\"#?secret=\"+t,e.setAttribute(\"data-secret\",t)),e.contentWindow.postMessage({message:\"ready\",secret:t},\"*\")},!1)))}(window,document);\n\/* ]]> *\/\n<\/script>\n","thumbnail_url":"https:\/\/instytutpolski.pl\/budapest\/wp-content\/uploads\/sites\/21\/2020\/04\/gyar_es_kert_flyer_ok.jpg","thumbnail_width":350,"thumbnail_height":491,"description":"Szinopszis Solt\u00e9sz Gergely (SK) K\u00e9pzelje el egy olyan gy\u00e1rat, ahol az \u00e9leted m\u0171k\u00f6d\u00e9s\u00e9nek teljes technol\u00f3gi\u00e1ja, professzion\u00e1lis kivitelez\u00e9sben l\u00e1that\u00f3v\u00e1 v\u00e1lik el\u0151tted. Ha a sorsmint\u00e1dat v\u00e9gigk\u00f6vetn\u00e9d, eddigi \u00e9leted teljes t\u00e9rk\u00e9pe el\u0151tted \u00e1llna az elszalasztott alternat\u00edv\u00e1k h\u00e1l\u00f3zat\u00e1val, cselekedeteiddel \u00e9s azok k\u00f6vetkezm\u00e9nyeivel. T\u00e9rk\u00e9peden a megfelel\u0151 pontokra kattintva, mint egy f\u00e9nyk\u00e9pen, \u00e9lesen kirajzol\u00f3dik a pillanat, ahol valamit elrontott\u00e1l.. K\u00e9pzelj el [&hellip;]"}

Gyár és Kert / Factory and Garden - Instytut Polski w Budapeszcie

<blockquote class="wp-embedded-content" data-secret="D8CkXfFC79"><a href="https://instytutpolski.pl/budapest/2011/09/24/gyar-es-kert-factory-and-garden/">Gyár és Kert / Factory and Garden</a></blockquote><iframe sandbox="allow-scripts" security="restricted" src="https://instytutpolski.pl/budapest/2011/09/24/gyar-es-kert-factory-and-garden/embed/#?secret=D8CkXfFC79" width="600" height="338" title="&#8222;Gyár és Kert / Factory and Garden&#8221; &#8212; Instytut Polski w Budapeszcie" data-secret="D8CkXfFC79" frameborder="0" marginwidth="0" marginheight="0" scrolling="no" class="wp-embedded-content"></iframe><script type="text/javascript">
/* <![CDATA[ */
/*! This file is auto-generated */
!function(d,l){"use strict";l.querySelector&&d.addEventListener&&"undefined"!=typeof URL&&(d.wp=d.wp||{},d.wp.receiveEmbedMessage||(d.wp.receiveEmbedMessage=function(e){var t=e.data;if((t||t.secret||t.message||t.value)&&!/[^a-zA-Z0-9]/.test(t.secret)){for(var s,r,n,a=l.querySelectorAll('iframe[data-secret="'+t.secret+'"]'),o=l.querySelectorAll('blockquote[data-secret="'+t.secret+'"]'),c=new RegExp("^https?:$","i"),i=0;i<o.length;i++)o[i].style.display="none";for(i=0;i<a.length;i++)s=a[i],e.source===s.contentWindow&&(s.removeAttribute("style"),"height"===t.message?(1e3<(r=parseInt(t.value,10))?r=1e3:~~r<200&&(r=200),s.height=r):"link"===t.message&&(r=new URL(s.getAttribute("src")),n=new URL(t.value),c.test(n.protocol))&&n.host===r.host&&l.activeElement===s&&(d.top.location.href=t.value))}},d.addEventListener("message",d.wp.receiveEmbedMessage,!1),l.addEventListener("DOMContentLoaded",function(){for(var e,t,s=l.querySelectorAll("iframe.wp-embedded-content"),r=0;r<s.length;r++)(t=(e=s[r]).getAttribute("data-secret"))||(t=Math.random().toString(36).substring(2,12),e.src+="#?secret="+t,e.setAttribute("data-secret",t)),e.contentWindow.postMessage({message:"ready",secret:t},"*")},!1)))}(window,document);
/* ]]> */
</script>

Szinopszis Soltész Gergely (SK) Képzelje el egy olyan gyárat, ahol az életed működésének teljes technológiája, professzionális kivitelezésben láthatóvá válik előtted. Ha a sorsmintádat végigkövetnéd, eddigi életed teljes térképe előtted állna az elszalasztott alternatívák hálózatával, cselekedeteiddel és azok következményeivel. Térképeden a megfelelő pontokra kattintva, mint egy fényképen, élesen kirajzolódik a pillanat, ahol valamit elrontottál.. Képzelj el [&hellip;]
