{"version":"1.0","provider_name":"Instytut Polski w Budapeszcie","provider_url":"https:\/\/instytutpolski.pl\/budapest","author_name":"Joanna","author_url":"https:\/\/instytutpolski.pl\/budapest\/author\/urbanskaj\/","title":"Mundrucz\u00f3 Korn\u00e9l - TR Warszawa: Denev\u00e9r (Nietoperz) - Instytut Polski w Budapeszcie","type":"rich","width":600,"height":338,"html":"<blockquote class=\"wp-embedded-content\" data-secret=\"MCHbif4qRK\"><a href=\"https:\/\/instytutpolski.pl\/budapest\/2013\/08\/24\/mundruczo-kornel-tr-warszawa-denever-nietoperz\/\">Mundrucz\u00f3 Korn\u00e9l &#8211; TR Warszawa: Denev\u00e9r (Nietoperz)<\/a><\/blockquote><iframe sandbox=\"allow-scripts\" security=\"restricted\" src=\"https:\/\/instytutpolski.pl\/budapest\/2013\/08\/24\/mundruczo-kornel-tr-warszawa-denever-nietoperz\/embed\/#?secret=MCHbif4qRK\" width=\"600\" height=\"338\" title=\"&#8222;Mundrucz\u00f3 Korn\u00e9l &#8211; TR Warszawa: Denev\u00e9r (Nietoperz)&#8221; &#8212; Instytut Polski w Budapeszcie\" data-secret=\"MCHbif4qRK\" frameborder=\"0\" marginwidth=\"0\" marginheight=\"0\" scrolling=\"no\" class=\"wp-embedded-content\"><\/iframe><script type=\"text\/javascript\">\n\/* <![CDATA[ *\/\n\/*! This file is auto-generated *\/\n!function(d,l){\"use strict\";l.querySelector&&d.addEventListener&&\"undefined\"!=typeof URL&&(d.wp=d.wp||{},d.wp.receiveEmbedMessage||(d.wp.receiveEmbedMessage=function(e){var t=e.data;if((t||t.secret||t.message||t.value)&&!\/[^a-zA-Z0-9]\/.test(t.secret)){for(var s,r,n,a=l.querySelectorAll('iframe[data-secret=\"'+t.secret+'\"]'),o=l.querySelectorAll('blockquote[data-secret=\"'+t.secret+'\"]'),c=new RegExp(\"^https?:$\",\"i\"),i=0;i<o.length;i++)o[i].style.display=\"none\";for(i=0;i<a.length;i++)s=a[i],e.source===s.contentWindow&&(s.removeAttribute(\"style\"),\"height\"===t.message?(1e3<(r=parseInt(t.value,10))?r=1e3:~~r<200&&(r=200),s.height=r):\"link\"===t.message&&(r=new URL(s.getAttribute(\"src\")),n=new URL(t.value),c.test(n.protocol))&&n.host===r.host&&l.activeElement===s&&(d.top.location.href=t.value))}},d.addEventListener(\"message\",d.wp.receiveEmbedMessage,!1),l.addEventListener(\"DOMContentLoaded\",function(){for(var e,t,s=l.querySelectorAll(\"iframe.wp-embedded-content\"),r=0;r<s.length;r++)(t=(e=s[r]).getAttribute(\"data-secret\"))||(t=Math.random().toString(36).substring(2,12),e.src+=\"#?secret=\"+t,e.setAttribute(\"data-secret\",t)),e.contentWindow.postMessage({message:\"ready\",secret:t},\"*\")},!1)))}(window,document);\n\/* ]]> *\/\n<\/script>\n","thumbnail_url":"https:\/\/instytutpolski.pl\/budapest\/wp-content\/uploads\/sites\/21\/2020\/04\/nietoperz_b1_nezokep05.jpg","thumbnail_width":350,"thumbnail_height":495,"description":"Mundrucz\u00f3 Korn\u00e9l &#8211; TR Warszawa: Denev\u00e9r (Nietoperz) Ifj. Johann Strauss: A denev\u00e9r c. operettje nyom\u00e1n Mundrucz\u00f3 els\u0151 lengyelorsz\u00e1gi rendez\u00e9s\u00e9ben tov\u00e1bbkeresi a v\u00e1laszt k\u00e9rd\u00e9s\u00e9re: szabad-e az embernek b\u00fcntetlen\u00fcl Istent j\u00e1tszania?&nbsp;\u201cVal\u00f3j\u00e1ban csak mot\u00edvumokat \u00e9s dalokat haszn\u00e1ltam Straussb\u00f3l. Sokkal ink\u00e1bb \u00faj darab sz\u00fcletett, amelyben k\u00e9t eutan\u00e1zia-t\u00f6rt\u00e9net fut egym\u00e1s mellett. Az operett szerintem kifejezetten hal\u00e1l-m\u0171faj. [\u2026] Az egyik t\u00f6rt\u00e9net [&hellip;]"}

Mundruczó Kornél - TR Warszawa: Denevér (Nietoperz) - Instytut Polski w Budapeszcie

<blockquote class="wp-embedded-content" data-secret="MCHbif4qRK"><a href="https://instytutpolski.pl/budapest/2013/08/24/mundruczo-kornel-tr-warszawa-denever-nietoperz/">Mundruczó Kornél &#8211; TR Warszawa: Denevér (Nietoperz)</a></blockquote><iframe sandbox="allow-scripts" security="restricted" src="https://instytutpolski.pl/budapest/2013/08/24/mundruczo-kornel-tr-warszawa-denever-nietoperz/embed/#?secret=MCHbif4qRK" width="600" height="338" title="&#8222;Mundruczó Kornél &#8211; TR Warszawa: Denevér (Nietoperz)&#8221; &#8212; Instytut Polski w Budapeszcie" data-secret="MCHbif4qRK" frameborder="0" marginwidth="0" marginheight="0" scrolling="no" class="wp-embedded-content"></iframe><script type="text/javascript">
/* <![CDATA[ */
/*! This file is auto-generated */
!function(d,l){"use strict";l.querySelector&&d.addEventListener&&"undefined"!=typeof URL&&(d.wp=d.wp||{},d.wp.receiveEmbedMessage||(d.wp.receiveEmbedMessage=function(e){var t=e.data;if((t||t.secret||t.message||t.value)&&!/[^a-zA-Z0-9]/.test(t.secret)){for(var s,r,n,a=l.querySelectorAll('iframe[data-secret="'+t.secret+'"]'),o=l.querySelectorAll('blockquote[data-secret="'+t.secret+'"]'),c=new RegExp("^https?:$","i"),i=0;i<o.length;i++)o[i].style.display="none";for(i=0;i<a.length;i++)s=a[i],e.source===s.contentWindow&&(s.removeAttribute("style"),"height"===t.message?(1e3<(r=parseInt(t.value,10))?r=1e3:~~r<200&&(r=200),s.height=r):"link"===t.message&&(r=new URL(s.getAttribute("src")),n=new URL(t.value),c.test(n.protocol))&&n.host===r.host&&l.activeElement===s&&(d.top.location.href=t.value))}},d.addEventListener("message",d.wp.receiveEmbedMessage,!1),l.addEventListener("DOMContentLoaded",function(){for(var e,t,s=l.querySelectorAll("iframe.wp-embedded-content"),r=0;r<s.length;r++)(t=(e=s[r]).getAttribute("data-secret"))||(t=Math.random().toString(36).substring(2,12),e.src+="#?secret="+t,e.setAttribute("data-secret",t)),e.contentWindow.postMessage({message:"ready",secret:t},"*")},!1)))}(window,document);
/* ]]> */
</script>

Mundruczó Kornél &#8211; TR Warszawa: Denevér (Nietoperz) Ifj. Johann Strauss: A denevér c. operettje nyomán Mundruczó első lengyelországi rendezésében továbbkeresi a választ kérdésére: szabad-e az embernek büntetlenül Istent játszania?&nbsp;“Valójában csak motívumokat és dalokat használtam Straussból. Sokkal inkább új darab született, amelyben két eutanázia-történet fut egymás mellett. Az operett szerintem kifejezetten halál-műfaj. […] Az egyik történet [&hellip;]
