{"version":"1.0","provider_name":"Instytut Polski w Budapeszcie","provider_url":"https:\/\/instytutpolski.pl\/budapest","author_name":"takacsm","author_url":"https:\/\/instytutpolski.pl\/budapest\/author\/takacsm\/","title":"T\u00f6rt\u00e9nelem\u00f3r\u00e1k a szabads\u00e1gr\u00f3l 2016\/2 - Instytut Polski w Budapeszcie","type":"rich","width":600,"height":338,"html":"<blockquote class=\"wp-embedded-content\" data-secret=\"8gpNPHlfsq\"><a href=\"https:\/\/instytutpolski.pl\/budapest\/2016\/03\/01\/tortenelemorak-a-szabadsagrol-2016-2\/\">T\u00f6rt\u00e9nelem\u00f3r\u00e1k a szabads\u00e1gr\u00f3l 2016\/2<\/a><\/blockquote><iframe sandbox=\"allow-scripts\" security=\"restricted\" src=\"https:\/\/instytutpolski.pl\/budapest\/2016\/03\/01\/tortenelemorak-a-szabadsagrol-2016-2\/embed\/#?secret=8gpNPHlfsq\" width=\"600\" height=\"338\" title=\"&#8222;T\u00f6rt\u00e9nelem\u00f3r\u00e1k a szabads\u00e1gr\u00f3l 2016\/2&#8221; &#8212; Instytut Polski w Budapeszcie\" data-secret=\"8gpNPHlfsq\" frameborder=\"0\" marginwidth=\"0\" marginheight=\"0\" scrolling=\"no\" class=\"wp-embedded-content\"><\/iframe><script type=\"text\/javascript\">\n\/* <![CDATA[ *\/\n\/*! This file is auto-generated *\/\n!function(d,l){\"use strict\";l.querySelector&&d.addEventListener&&\"undefined\"!=typeof URL&&(d.wp=d.wp||{},d.wp.receiveEmbedMessage||(d.wp.receiveEmbedMessage=function(e){var t=e.data;if((t||t.secret||t.message||t.value)&&!\/[^a-zA-Z0-9]\/.test(t.secret)){for(var s,r,n,a=l.querySelectorAll('iframe[data-secret=\"'+t.secret+'\"]'),o=l.querySelectorAll('blockquote[data-secret=\"'+t.secret+'\"]'),c=new RegExp(\"^https?:$\",\"i\"),i=0;i<o.length;i++)o[i].style.display=\"none\";for(i=0;i<a.length;i++)s=a[i],e.source===s.contentWindow&&(s.removeAttribute(\"style\"),\"height\"===t.message?(1e3<(r=parseInt(t.value,10))?r=1e3:~~r<200&&(r=200),s.height=r):\"link\"===t.message&&(r=new URL(s.getAttribute(\"src\")),n=new URL(t.value),c.test(n.protocol))&&n.host===r.host&&l.activeElement===s&&(d.top.location.href=t.value))}},d.addEventListener(\"message\",d.wp.receiveEmbedMessage,!1),l.addEventListener(\"DOMContentLoaded\",function(){for(var e,t,s=l.querySelectorAll(\"iframe.wp-embedded-content\"),r=0;r<s.length;r++)(t=(e=s[r]).getAttribute(\"data-secret\"))||(t=Math.random().toString(36).substring(2,12),e.src+=\"#?secret=\"+t,e.setAttribute(\"data-secret\",t)),e.contentWindow.postMessage({message:\"ready\",secret:t},\"*\")},!1)))}(window,document);\n\/* ]]> *\/\n<\/script>\n","thumbnail_url":"https:\/\/instytutpolski.pl\/budapest\/wp-content\/uploads\/sites\/21\/2020\/02\/hideghaboru.jpg","thumbnail_width":247,"thumbnail_height":400,"description":"2016. m\u00e1rcius 1. (kedd), 10.30Szegedi Tudom\u00e1nyegyetem J\u00f3zsef Attila Tanulm\u00e1nyi \u00e9s Inform\u00e1ci\u00f3s K\u00f6zpont,\u00a0Szeged, Ady t\u00e9r 10. A ki\u00e1ll\u00edt\u00e1s t\u00e1mogat\u00f3ja a Lengyel K\u00f6zt\u00e1rsas\u00e1g Budapesti Nagyk\u00f6vets\u00e9ge \u00e9s a budapesti Lengyel Int\u00e9zet. A v\u00e1ndorki\u00e1ll\u00edt\u00e1st a Lengyel Nemzeti Eml\u00e9kezet Int\u00e9zete, a Lengyel Nemzet S\u00e9relm\u00e9re Elk\u00f6vetett B\u0171ntettek Felkutat\u00e1s\u00e1ra L\u00e9trehozott Bizotts\u00e1g \u00e9s a K\u00f6zoktat\u00e1si Hivatal k\u00e9sz\u00edtette. A\u00a0Hidegh\u00e1bor\u00fa \u2013 Egy megosztott vil\u00e1g r\u00f6vid [&hellip;]"}

Történelemórák a szabadságról 2016/2 - Instytut Polski w Budapeszcie

<blockquote class="wp-embedded-content" data-secret="8gpNPHlfsq"><a href="https://instytutpolski.pl/budapest/2016/03/01/tortenelemorak-a-szabadsagrol-2016-2/">Történelemórák a szabadságról 2016/2</a></blockquote><iframe sandbox="allow-scripts" security="restricted" src="https://instytutpolski.pl/budapest/2016/03/01/tortenelemorak-a-szabadsagrol-2016-2/embed/#?secret=8gpNPHlfsq" width="600" height="338" title="&#8222;Történelemórák a szabadságról 2016/2&#8221; &#8212; Instytut Polski w Budapeszcie" data-secret="8gpNPHlfsq" frameborder="0" marginwidth="0" marginheight="0" scrolling="no" class="wp-embedded-content"></iframe><script type="text/javascript">
/* <![CDATA[ */
/*! This file is auto-generated */
!function(d,l){"use strict";l.querySelector&&d.addEventListener&&"undefined"!=typeof URL&&(d.wp=d.wp||{},d.wp.receiveEmbedMessage||(d.wp.receiveEmbedMessage=function(e){var t=e.data;if((t||t.secret||t.message||t.value)&&!/[^a-zA-Z0-9]/.test(t.secret)){for(var s,r,n,a=l.querySelectorAll('iframe[data-secret="'+t.secret+'"]'),o=l.querySelectorAll('blockquote[data-secret="'+t.secret+'"]'),c=new RegExp("^https?:$","i"),i=0;i<o.length;i++)o[i].style.display="none";for(i=0;i<a.length;i++)s=a[i],e.source===s.contentWindow&&(s.removeAttribute("style"),"height"===t.message?(1e3<(r=parseInt(t.value,10))?r=1e3:~~r<200&&(r=200),s.height=r):"link"===t.message&&(r=new URL(s.getAttribute("src")),n=new URL(t.value),c.test(n.protocol))&&n.host===r.host&&l.activeElement===s&&(d.top.location.href=t.value))}},d.addEventListener("message",d.wp.receiveEmbedMessage,!1),l.addEventListener("DOMContentLoaded",function(){for(var e,t,s=l.querySelectorAll("iframe.wp-embedded-content"),r=0;r<s.length;r++)(t=(e=s[r]).getAttribute("data-secret"))||(t=Math.random().toString(36).substring(2,12),e.src+="#?secret="+t,e.setAttribute("data-secret",t)),e.contentWindow.postMessage({message:"ready",secret:t},"*")},!1)))}(window,document);
/* ]]> */
</script>

2016. március 1. (kedd), 10.30Szegedi Tudományegyetem József Attila Tanulmányi és Információs Központ, Szeged, Ady tér 10. A kiállítás támogatója a Lengyel Köztársaság Budapesti Nagykövetsége és a budapesti Lengyel Intézet. A vándorkiállítást a Lengyel Nemzeti Emlékezet Intézete, a Lengyel Nemzet Sérelmére Elkövetett Bűntettek Felkutatására Létrehozott Bizottság és a Közoktatási Hivatal készítette. A Hidegháború – Egy megosztott világ rövid [&hellip;]
