{"version":"1.0","provider_name":"Instytut Polski w Budapeszcie","provider_url":"https:\/\/instytutpolski.pl\/budapest","author_name":"takacsm","author_url":"https:\/\/instytutpolski.pl\/budapest\/author\/takacsm\/","title":"T\u00f6rt\u00e9nelem\u00f3r\u00e1k a szabads\u00e1gr\u00f3l 2016\/3 - Instytut Polski w Budapeszcie","type":"rich","width":600,"height":338,"html":"<blockquote class=\"wp-embedded-content\" data-secret=\"gGqrcbEhms\"><a href=\"https:\/\/instytutpolski.pl\/budapest\/2016\/04\/13\/tortenelemorak-a-szabadsagrol-2016-3\/\">T\u00f6rt\u00e9nelem\u00f3r\u00e1k a szabads\u00e1gr\u00f3l 2016\/3<\/a><\/blockquote><iframe sandbox=\"allow-scripts\" security=\"restricted\" src=\"https:\/\/instytutpolski.pl\/budapest\/2016\/04\/13\/tortenelemorak-a-szabadsagrol-2016-3\/embed\/#?secret=gGqrcbEhms\" width=\"600\" height=\"338\" title=\"&#8222;T\u00f6rt\u00e9nelem\u00f3r\u00e1k a szabads\u00e1gr\u00f3l 2016\/3&#8221; &#8212; Instytut Polski w Budapeszcie\" data-secret=\"gGqrcbEhms\" frameborder=\"0\" marginwidth=\"0\" marginheight=\"0\" scrolling=\"no\" class=\"wp-embedded-content\"><\/iframe><script type=\"text\/javascript\">\n\/* <![CDATA[ *\/\n\/*! This file is auto-generated *\/\n!function(d,l){\"use strict\";l.querySelector&&d.addEventListener&&\"undefined\"!=typeof URL&&(d.wp=d.wp||{},d.wp.receiveEmbedMessage||(d.wp.receiveEmbedMessage=function(e){var t=e.data;if((t||t.secret||t.message||t.value)&&!\/[^a-zA-Z0-9]\/.test(t.secret)){for(var s,r,n,a=l.querySelectorAll('iframe[data-secret=\"'+t.secret+'\"]'),o=l.querySelectorAll('blockquote[data-secret=\"'+t.secret+'\"]'),c=new RegExp(\"^https?:$\",\"i\"),i=0;i<o.length;i++)o[i].style.display=\"none\";for(i=0;i<a.length;i++)s=a[i],e.source===s.contentWindow&&(s.removeAttribute(\"style\"),\"height\"===t.message?(1e3<(r=parseInt(t.value,10))?r=1e3:~~r<200&&(r=200),s.height=r):\"link\"===t.message&&(r=new URL(s.getAttribute(\"src\")),n=new URL(t.value),c.test(n.protocol))&&n.host===r.host&&l.activeElement===s&&(d.top.location.href=t.value))}},d.addEventListener(\"message\",d.wp.receiveEmbedMessage,!1),l.addEventListener(\"DOMContentLoaded\",function(){for(var e,t,s=l.querySelectorAll(\"iframe.wp-embedded-content\"),r=0;r<s.length;r++)(t=(e=s[r]).getAttribute(\"data-secret\"))||(t=Math.random().toString(36).substring(2,12),e.src+=\"#?secret=\"+t,e.setAttribute(\"data-secret\",t)),e.contentWindow.postMessage({message:\"ready\",secret:t},\"*\")},!1)))}(window,document);\n\/* ]]> *\/\n<\/script>\n","thumbnail_url":"https:\/\/instytutpolski.pl\/budapest\/wp-content\/uploads\/sites\/21\/2020\/02\/tortenelemorak_3.jpg","thumbnail_width":350,"thumbnail_height":236,"description":"2016. \u00e1prilis 13. (szerda), 18.00Lengyel Int\u00e9zet,\u00a01065 Budapest, Nagymez\u0151 u. 15. Vend\u00e9gek:\u00a0Tapolcai L\u00e1szl\u00f3, t\u00f6rt\u00e9n\u00e9sz, a\u00a0Lengyelorsz\u00e1g t\u00f6rt\u00e9neti \u00e9s mitikus kezdetei\u00a0c\u00edm\u0171 k\u00f6nyv szerz\u0151je, valamint\u00a0Szuromi Szabolcs, a P\u00e1zm\u00e1ny P\u00e9ter Katolikus Egyetem rektora A magyar k\u00f6z\u00f6ns\u00e9g hatalmas \u00e9rdekl\u0151d\u00e9se mellett zajlott az a vita, amelyre a kereszt\u00e9nys\u00e9g lengyelorsz\u00e1gi felv\u00e9tel\u00e9nek 1050. \u00e9vfordul\u00f3ja alakalm\u00e1b\u00f3l ker\u00fclt sor a Lengyel int\u00e9zetben.\u00a0 Az \u00e9rdekl\u0151d\u0151k egy r\u00e9sze [&hellip;]"}

Történelemórák a szabadságról 2016/3 - Instytut Polski w Budapeszcie

<blockquote class="wp-embedded-content" data-secret="gGqrcbEhms"><a href="https://instytutpolski.pl/budapest/2016/04/13/tortenelemorak-a-szabadsagrol-2016-3/">Történelemórák a szabadságról 2016/3</a></blockquote><iframe sandbox="allow-scripts" security="restricted" src="https://instytutpolski.pl/budapest/2016/04/13/tortenelemorak-a-szabadsagrol-2016-3/embed/#?secret=gGqrcbEhms" width="600" height="338" title="&#8222;Történelemórák a szabadságról 2016/3&#8221; &#8212; Instytut Polski w Budapeszcie" data-secret="gGqrcbEhms" frameborder="0" marginwidth="0" marginheight="0" scrolling="no" class="wp-embedded-content"></iframe><script type="text/javascript">
/* <![CDATA[ */
/*! This file is auto-generated */
!function(d,l){"use strict";l.querySelector&&d.addEventListener&&"undefined"!=typeof URL&&(d.wp=d.wp||{},d.wp.receiveEmbedMessage||(d.wp.receiveEmbedMessage=function(e){var t=e.data;if((t||t.secret||t.message||t.value)&&!/[^a-zA-Z0-9]/.test(t.secret)){for(var s,r,n,a=l.querySelectorAll('iframe[data-secret="'+t.secret+'"]'),o=l.querySelectorAll('blockquote[data-secret="'+t.secret+'"]'),c=new RegExp("^https?:$","i"),i=0;i<o.length;i++)o[i].style.display="none";for(i=0;i<a.length;i++)s=a[i],e.source===s.contentWindow&&(s.removeAttribute("style"),"height"===t.message?(1e3<(r=parseInt(t.value,10))?r=1e3:~~r<200&&(r=200),s.height=r):"link"===t.message&&(r=new URL(s.getAttribute("src")),n=new URL(t.value),c.test(n.protocol))&&n.host===r.host&&l.activeElement===s&&(d.top.location.href=t.value))}},d.addEventListener("message",d.wp.receiveEmbedMessage,!1),l.addEventListener("DOMContentLoaded",function(){for(var e,t,s=l.querySelectorAll("iframe.wp-embedded-content"),r=0;r<s.length;r++)(t=(e=s[r]).getAttribute("data-secret"))||(t=Math.random().toString(36).substring(2,12),e.src+="#?secret="+t,e.setAttribute("data-secret",t)),e.contentWindow.postMessage({message:"ready",secret:t},"*")},!1)))}(window,document);
/* ]]> */
</script>

2016. április 13. (szerda), 18.00Lengyel Intézet, 1065 Budapest, Nagymező u. 15. Vendégek: Tapolcai László, történész, a Lengyelország történeti és mitikus kezdetei című könyv szerzője, valamint Szuromi Szabolcs, a Pázmány Péter Katolikus Egyetem rektora A magyar közönség hatalmas érdeklődése mellett zajlott az a vita, amelyre a kereszténység lengyelországi felvételének 1050. évfordulója alakalmából került sor a Lengyel intézetben.  Az érdeklődők egy része [&hellip;]
