{"version":"1.0","provider_name":"Instytut Polski w Budapeszcie","provider_url":"https:\/\/instytutpolski.pl\/budapest","author_name":"takacsm","author_url":"https:\/\/instytutpolski.pl\/budapest\/author\/takacsm\/","title":"MAPPING MEMORY - Zuzanna Janin ki\u00e1llit\u00e1sa - Instytut Polski w Budapeszcie","type":"rich","width":600,"height":338,"html":"<blockquote class=\"wp-embedded-content\" data-secret=\"K2kyBBafuk\"><a href=\"https:\/\/instytutpolski.pl\/budapest\/2016\/06\/29\/mapping-memory-zuzanna-janin-kiallitasa\/\">MAPPING MEMORY &#8211; Zuzanna Janin ki\u00e1llit\u00e1sa<\/a><\/blockquote><iframe sandbox=\"allow-scripts\" security=\"restricted\" src=\"https:\/\/instytutpolski.pl\/budapest\/2016\/06\/29\/mapping-memory-zuzanna-janin-kiallitasa\/embed\/#?secret=K2kyBBafuk\" width=\"600\" height=\"338\" title=\"&#8222;MAPPING MEMORY &#8211; Zuzanna Janin ki\u00e1llit\u00e1sa&#8221; &#8212; Instytut Polski w Budapeszcie\" data-secret=\"K2kyBBafuk\" frameborder=\"0\" marginwidth=\"0\" marginheight=\"0\" scrolling=\"no\" class=\"wp-embedded-content\"><\/iframe><script type=\"text\/javascript\">\n\/* <![CDATA[ *\/\n\/*! This file is auto-generated *\/\n!function(d,l){\"use strict\";l.querySelector&&d.addEventListener&&\"undefined\"!=typeof URL&&(d.wp=d.wp||{},d.wp.receiveEmbedMessage||(d.wp.receiveEmbedMessage=function(e){var t=e.data;if((t||t.secret||t.message||t.value)&&!\/[^a-zA-Z0-9]\/.test(t.secret)){for(var s,r,n,a=l.querySelectorAll('iframe[data-secret=\"'+t.secret+'\"]'),o=l.querySelectorAll('blockquote[data-secret=\"'+t.secret+'\"]'),c=new RegExp(\"^https?:$\",\"i\"),i=0;i<o.length;i++)o[i].style.display=\"none\";for(i=0;i<a.length;i++)s=a[i],e.source===s.contentWindow&&(s.removeAttribute(\"style\"),\"height\"===t.message?(1e3<(r=parseInt(t.value,10))?r=1e3:~~r<200&&(r=200),s.height=r):\"link\"===t.message&&(r=new URL(s.getAttribute(\"src\")),n=new URL(t.value),c.test(n.protocol))&&n.host===r.host&&l.activeElement===s&&(d.top.location.href=t.value))}},d.addEventListener(\"message\",d.wp.receiveEmbedMessage,!1),l.addEventListener(\"DOMContentLoaded\",function(){for(var e,t,s=l.querySelectorAll(\"iframe.wp-embedded-content\"),r=0;r<s.length;r++)(t=(e=s[r]).getAttribute(\"data-secret\"))||(t=Math.random().toString(36).substring(2,12),e.src+=\"#?secret=\"+t,e.setAttribute(\"data-secret\",t)),e.contentWindow.postMessage({message:\"ready\",secret:t},\"*\")},!1)))}(window,document);\n\/* ]]> *\/\n<\/script>\n","thumbnail_url":"https:\/\/instytutpolski.pl\/budapest\/wp-content\/uploads\/sites\/21\/2020\/03\/mapping_memory_2_0.png","thumbnail_width":350,"thumbnail_height":483,"description":"Ki\u00e1ll\u00edt\u00e1s megny\u00edt\u00f3 juni\u00fas 29-\u00e9n 19.00 \u00f3rakorMegnyitja Bencsik Barnab\u00e1s m\u0171v\u00e9szett\u00f6rt\u00e9n\u00e9sz Zuzanna Janin lengyel k\u00e9pz\u0151m\u0171v\u00e9sz elnyerte a legjobb m\u0171v\u00e9sznek j\u00e1r\u00f3 The Best Art Vilnius 2016 Artist d\u00edjat a nemzetk\u00f6zi kort\u00e1rs m\u0171v\u00e9szeti v\u00e1s\u00e1ron Vilniusban. Ki\u00e1ll\u00edt\u00e1s\u00e1nak mott\u00f3ja az eml\u00e9kezet a t\u00f6rt\u00e9nelemben, a m\u00falt k\u00f6z\u00f6ss\u00e9gi \u00e9s egy\u00e9ni \u00fajradefini\u00e1l\u00e1sa. A m\u00falt k\u00e9p\u00e9nek az eml\u00e9kezetben val\u00f3 felid\u00e9z\u00e9se a l\u00e9tez\u00e9s fontos eleme &#8211; [&hellip;]"}

MAPPING MEMORY - Zuzanna Janin kiállitása - Instytut Polski w Budapeszcie

<blockquote class="wp-embedded-content" data-secret="K2kyBBafuk"><a href="https://instytutpolski.pl/budapest/2016/06/29/mapping-memory-zuzanna-janin-kiallitasa/">MAPPING MEMORY &#8211; Zuzanna Janin kiállitása</a></blockquote><iframe sandbox="allow-scripts" security="restricted" src="https://instytutpolski.pl/budapest/2016/06/29/mapping-memory-zuzanna-janin-kiallitasa/embed/#?secret=K2kyBBafuk" width="600" height="338" title="&#8222;MAPPING MEMORY &#8211; Zuzanna Janin kiállitása&#8221; &#8212; Instytut Polski w Budapeszcie" data-secret="K2kyBBafuk" frameborder="0" marginwidth="0" marginheight="0" scrolling="no" class="wp-embedded-content"></iframe><script type="text/javascript">
/* <![CDATA[ */
/*! This file is auto-generated */
!function(d,l){"use strict";l.querySelector&&d.addEventListener&&"undefined"!=typeof URL&&(d.wp=d.wp||{},d.wp.receiveEmbedMessage||(d.wp.receiveEmbedMessage=function(e){var t=e.data;if((t||t.secret||t.message||t.value)&&!/[^a-zA-Z0-9]/.test(t.secret)){for(var s,r,n,a=l.querySelectorAll('iframe[data-secret="'+t.secret+'"]'),o=l.querySelectorAll('blockquote[data-secret="'+t.secret+'"]'),c=new RegExp("^https?:$","i"),i=0;i<o.length;i++)o[i].style.display="none";for(i=0;i<a.length;i++)s=a[i],e.source===s.contentWindow&&(s.removeAttribute("style"),"height"===t.message?(1e3<(r=parseInt(t.value,10))?r=1e3:~~r<200&&(r=200),s.height=r):"link"===t.message&&(r=new URL(s.getAttribute("src")),n=new URL(t.value),c.test(n.protocol))&&n.host===r.host&&l.activeElement===s&&(d.top.location.href=t.value))}},d.addEventListener("message",d.wp.receiveEmbedMessage,!1),l.addEventListener("DOMContentLoaded",function(){for(var e,t,s=l.querySelectorAll("iframe.wp-embedded-content"),r=0;r<s.length;r++)(t=(e=s[r]).getAttribute("data-secret"))||(t=Math.random().toString(36).substring(2,12),e.src+="#?secret="+t,e.setAttribute("data-secret",t)),e.contentWindow.postMessage({message:"ready",secret:t},"*")},!1)))}(window,document);
/* ]]> */
</script>

Kiállítás megnyító juniús 29-én 19.00 órakorMegnyitja Bencsik Barnabás művészettörténész Zuzanna Janin lengyel képzőművész elnyerte a legjobb művésznek járó The Best Art Vilnius 2016 Artist díjat a nemzetközi kortárs művészeti vásáron Vilniusban. Kiállításának mottója az emlékezet a történelemben, a múlt közösségi és egyéni újradefiniálása. A múlt képének az emlékezetben való felidézése a létezés fontos eleme &#8211; [&hellip;]
