{"version":"1.0","provider_name":"Instytut Polski w Budapeszcie","provider_url":"https:\/\/instytutpolski.pl\/budapest","author_name":"takacsm","author_url":"https:\/\/instytutpolski.pl\/budapest\/author\/takacsm\/","title":"Weekend z polsk\u0105 kultur\u0105 w XI dzielnicy Budapesztu - Instytut Polski w Budapeszcie","type":"rich","width":600,"height":338,"html":"<blockquote class=\"wp-embedded-content\" data-secret=\"ozJ6FL5w4d\"><a href=\"https:\/\/instytutpolski.pl\/budapest\/2016\/08\/16\/weekend-z-polska-kultura-w-xi-dzielnicy-budapesztu\/\">Weekend z polsk\u0105 kultur\u0105 w XI dzielnicy Budapesztu<\/a><\/blockquote><iframe sandbox=\"allow-scripts\" security=\"restricted\" src=\"https:\/\/instytutpolski.pl\/budapest\/2016\/08\/16\/weekend-z-polska-kultura-w-xi-dzielnicy-budapesztu\/embed\/#?secret=ozJ6FL5w4d\" width=\"600\" height=\"338\" title=\"&#8222;Weekend z polsk\u0105 kultur\u0105 w XI dzielnicy Budapesztu&#8221; &#8212; Instytut Polski w Budapeszcie\" data-secret=\"ozJ6FL5w4d\" frameborder=\"0\" marginwidth=\"0\" marginheight=\"0\" scrolling=\"no\" class=\"wp-embedded-content\"><\/iframe><script type=\"text\/javascript\">\n\/* <![CDATA[ *\/\n\/*! This file is auto-generated *\/\n!function(d,l){\"use strict\";l.querySelector&&d.addEventListener&&\"undefined\"!=typeof URL&&(d.wp=d.wp||{},d.wp.receiveEmbedMessage||(d.wp.receiveEmbedMessage=function(e){var t=e.data;if((t||t.secret||t.message||t.value)&&!\/[^a-zA-Z0-9]\/.test(t.secret)){for(var s,r,n,a=l.querySelectorAll('iframe[data-secret=\"'+t.secret+'\"]'),o=l.querySelectorAll('blockquote[data-secret=\"'+t.secret+'\"]'),c=new RegExp(\"^https?:$\",\"i\"),i=0;i<o.length;i++)o[i].style.display=\"none\";for(i=0;i<a.length;i++)s=a[i],e.source===s.contentWindow&&(s.removeAttribute(\"style\"),\"height\"===t.message?(1e3<(r=parseInt(t.value,10))?r=1e3:~~r<200&&(r=200),s.height=r):\"link\"===t.message&&(r=new URL(s.getAttribute(\"src\")),n=new URL(t.value),c.test(n.protocol))&&n.host===r.host&&l.activeElement===s&&(d.top.location.href=t.value))}},d.addEventListener(\"message\",d.wp.receiveEmbedMessage,!1),l.addEventListener(\"DOMContentLoaded\",function(){for(var e,t,s=l.querySelectorAll(\"iframe.wp-embedded-content\"),r=0;r<s.length;r++)(t=(e=s[r]).getAttribute(\"data-secret\"))||(t=Math.random().toString(36).substring(2,12),e.src+=\"#?secret=\"+t,e.setAttribute(\"data-secret\",t)),e.contentWindow.postMessage({message:\"ready\",secret:t},\"*\")},!1)))}(window,document);\n\/* ]]> *\/\n<\/script>\n","thumbnail_url":"https:\/\/instytutpolski.pl\/budapest\/wp-content\/uploads\/sites\/21\/2020\/03\/weekend-z-polska-kultura.png","thumbnail_width":350,"thumbnail_height":237,"description":"W miniony weekend 16-18 wrze\u015bnia Polska by\u0142a go\u015bciem honorowym Festiwalu Jesiennego ELEVEN w XI dzielnicy Budapesztu. By\u0142a to doskona\u0142a okazja do pokre\u015blenia \u017cywotno\u015bci polsko-w\u0119gierskiej przyja\u017ani w roku, kiedy wspominamy 60. rocznic\u0119 Pozna\u0144skiego Czerwca i Powstania W\u0119gierskiego, a tak\u017ce obchodzimy \u00a0Rok Solidarno\u015bci Polsko &#8211; W\u0119gierskiej og\u0142oszony przez parlamenty obu kraj\u00f3w. Instytut Polski we wsp\u00f3\u0142pracy z kawiarnio-ksi\u0119garni\u0105 [&hellip;]"}

Weekend z polską kulturą w XI dzielnicy Budapesztu - Instytut Polski w Budapeszcie

<blockquote class="wp-embedded-content" data-secret="ozJ6FL5w4d"><a href="https://instytutpolski.pl/budapest/2016/08/16/weekend-z-polska-kultura-w-xi-dzielnicy-budapesztu/">Weekend z polską kulturą w XI dzielnicy Budapesztu</a></blockquote><iframe sandbox="allow-scripts" security="restricted" src="https://instytutpolski.pl/budapest/2016/08/16/weekend-z-polska-kultura-w-xi-dzielnicy-budapesztu/embed/#?secret=ozJ6FL5w4d" width="600" height="338" title="&#8222;Weekend z polską kulturą w XI dzielnicy Budapesztu&#8221; &#8212; Instytut Polski w Budapeszcie" data-secret="ozJ6FL5w4d" frameborder="0" marginwidth="0" marginheight="0" scrolling="no" class="wp-embedded-content"></iframe><script type="text/javascript">
/* <![CDATA[ */
/*! This file is auto-generated */
!function(d,l){"use strict";l.querySelector&&d.addEventListener&&"undefined"!=typeof URL&&(d.wp=d.wp||{},d.wp.receiveEmbedMessage||(d.wp.receiveEmbedMessage=function(e){var t=e.data;if((t||t.secret||t.message||t.value)&&!/[^a-zA-Z0-9]/.test(t.secret)){for(var s,r,n,a=l.querySelectorAll('iframe[data-secret="'+t.secret+'"]'),o=l.querySelectorAll('blockquote[data-secret="'+t.secret+'"]'),c=new RegExp("^https?:$","i"),i=0;i<o.length;i++)o[i].style.display="none";for(i=0;i<a.length;i++)s=a[i],e.source===s.contentWindow&&(s.removeAttribute("style"),"height"===t.message?(1e3<(r=parseInt(t.value,10))?r=1e3:~~r<200&&(r=200),s.height=r):"link"===t.message&&(r=new URL(s.getAttribute("src")),n=new URL(t.value),c.test(n.protocol))&&n.host===r.host&&l.activeElement===s&&(d.top.location.href=t.value))}},d.addEventListener("message",d.wp.receiveEmbedMessage,!1),l.addEventListener("DOMContentLoaded",function(){for(var e,t,s=l.querySelectorAll("iframe.wp-embedded-content"),r=0;r<s.length;r++)(t=(e=s[r]).getAttribute("data-secret"))||(t=Math.random().toString(36).substring(2,12),e.src+="#?secret="+t,e.setAttribute("data-secret",t)),e.contentWindow.postMessage({message:"ready",secret:t},"*")},!1)))}(window,document);
/* ]]> */
</script>

W miniony weekend 16-18 września Polska była gościem honorowym Festiwalu Jesiennego ELEVEN w XI dzielnicy Budapesztu. Była to doskonała okazja do pokreślenia żywotności polsko-węgierskiej przyjaźni w roku, kiedy wspominamy 60. rocznicę Poznańskiego Czerwca i Powstania Węgierskiego, a także obchodzimy  Rok Solidarności Polsko &#8211; Węgierskiej ogłoszony przez parlamenty obu krajów. Instytut Polski we współpracy z kawiarnio-księgarnią [&hellip;]
