{"version":"1.0","provider_name":"Instytut Polski w Budapeszcie","provider_url":"https:\/\/instytutpolski.pl\/budapest","author_name":"takacsm","author_url":"https:\/\/instytutpolski.pl\/budapest\/author\/takacsm\/","title":"Kultur\u00e1lis Schengen - Instytut Polski w Budapeszcie","type":"rich","width":600,"height":338,"html":"<blockquote class=\"wp-embedded-content\" data-secret=\"CbFPShoGSU\"><a href=\"https:\/\/instytutpolski.pl\/budapest\/2016\/10\/03\/kulturalis-schengen\/\">Kultur\u00e1lis Schengen<\/a><\/blockquote><iframe sandbox=\"allow-scripts\" security=\"restricted\" src=\"https:\/\/instytutpolski.pl\/budapest\/2016\/10\/03\/kulturalis-schengen\/embed\/#?secret=CbFPShoGSU\" width=\"600\" height=\"338\" title=\"&#8222;Kultur\u00e1lis Schengen&#8221; &#8212; Instytut Polski w Budapeszcie\" data-secret=\"CbFPShoGSU\" frameborder=\"0\" marginwidth=\"0\" marginheight=\"0\" scrolling=\"no\" class=\"wp-embedded-content\"><\/iframe><script type=\"text\/javascript\">\n\/* <![CDATA[ *\/\n\/*! This file is auto-generated *\/\n!function(d,l){\"use strict\";l.querySelector&&d.addEventListener&&\"undefined\"!=typeof URL&&(d.wp=d.wp||{},d.wp.receiveEmbedMessage||(d.wp.receiveEmbedMessage=function(e){var t=e.data;if((t||t.secret||t.message||t.value)&&!\/[^a-zA-Z0-9]\/.test(t.secret)){for(var s,r,n,a=l.querySelectorAll('iframe[data-secret=\"'+t.secret+'\"]'),o=l.querySelectorAll('blockquote[data-secret=\"'+t.secret+'\"]'),c=new RegExp(\"^https?:$\",\"i\"),i=0;i<o.length;i++)o[i].style.display=\"none\";for(i=0;i<a.length;i++)s=a[i],e.source===s.contentWindow&&(s.removeAttribute(\"style\"),\"height\"===t.message?(1e3<(r=parseInt(t.value,10))?r=1e3:~~r<200&&(r=200),s.height=r):\"link\"===t.message&&(r=new URL(s.getAttribute(\"src\")),n=new URL(t.value),c.test(n.protocol))&&n.host===r.host&&l.activeElement===s&&(d.top.location.href=t.value))}},d.addEventListener(\"message\",d.wp.receiveEmbedMessage,!1),l.addEventListener(\"DOMContentLoaded\",function(){for(var e,t,s=l.querySelectorAll(\"iframe.wp-embedded-content\"),r=0;r<s.length;r++)(t=(e=s[r]).getAttribute(\"data-secret\"))||(t=Math.random().toString(36).substring(2,12),e.src+=\"#?secret=\"+t,e.setAttribute(\"data-secret\",t)),e.contentWindow.postMessage({message:\"ready\",secret:t},\"*\")},!1)))}(window,document);\n\/* ]]> *\/\n<\/script>\n","thumbnail_url":"https:\/\/instytutpolski.pl\/budapest\/wp-content\/uploads\/sites\/21\/2020\/03\/rafael_lewandowski.jpg","thumbnail_width":350,"thumbnail_height":316,"description":"A Francia Int\u00e9zet, a Goethe Int\u00e9zet \u00e9s a Lengyel Int\u00e9zet k\u00f6z\u00f6s kezdem\u00e9nyez\u00e9se nem \u00fajabb, eur\u00f3pai t\u00e9m\u00e1kat taglal\u00f3 projekt.\u00a0\u00c9rdekl\u0151d\u00e9s\u00fcnk f\u00f3kusz\u00e1ban a mindennapi eur\u00f3pai val\u00f3s\u00e1g\u00a0\u00e1ll: hogy lengyelk\u00e9nt, franciak\u00e9nt, n\u00e9metk\u00e9nt m\u00e1r nem csak a sz\u00fcl\u0151f\u00f6ld\u00fcnk\u00f6n \u00e9rezz\u00fck \u201eotthon\u201d magunkat, hanem a szomsz\u00e9d orsz\u00e1gokban is. Ezt a k\u00e9rd\u00e9st j\u00e1rjuk k\u00f6r\u00fcl egy kerekasztalbesz\u00e9lget\u00e9sen h\u00e1rom vend\u00e9g\u00fcnkkel, akik szem\u00e9lyes tapasztalataikat osztj\u00e1k meg egym\u00e1ssal [&hellip;]"}

Kulturális Schengen - Instytut Polski w Budapeszcie

<blockquote class="wp-embedded-content" data-secret="CbFPShoGSU"><a href="https://instytutpolski.pl/budapest/2016/10/03/kulturalis-schengen/">Kulturális Schengen</a></blockquote><iframe sandbox="allow-scripts" security="restricted" src="https://instytutpolski.pl/budapest/2016/10/03/kulturalis-schengen/embed/#?secret=CbFPShoGSU" width="600" height="338" title="&#8222;Kulturális Schengen&#8221; &#8212; Instytut Polski w Budapeszcie" data-secret="CbFPShoGSU" frameborder="0" marginwidth="0" marginheight="0" scrolling="no" class="wp-embedded-content"></iframe><script type="text/javascript">
/* <![CDATA[ */
/*! This file is auto-generated */
!function(d,l){"use strict";l.querySelector&&d.addEventListener&&"undefined"!=typeof URL&&(d.wp=d.wp||{},d.wp.receiveEmbedMessage||(d.wp.receiveEmbedMessage=function(e){var t=e.data;if((t||t.secret||t.message||t.value)&&!/[^a-zA-Z0-9]/.test(t.secret)){for(var s,r,n,a=l.querySelectorAll('iframe[data-secret="'+t.secret+'"]'),o=l.querySelectorAll('blockquote[data-secret="'+t.secret+'"]'),c=new RegExp("^https?:$","i"),i=0;i<o.length;i++)o[i].style.display="none";for(i=0;i<a.length;i++)s=a[i],e.source===s.contentWindow&&(s.removeAttribute("style"),"height"===t.message?(1e3<(r=parseInt(t.value,10))?r=1e3:~~r<200&&(r=200),s.height=r):"link"===t.message&&(r=new URL(s.getAttribute("src")),n=new URL(t.value),c.test(n.protocol))&&n.host===r.host&&l.activeElement===s&&(d.top.location.href=t.value))}},d.addEventListener("message",d.wp.receiveEmbedMessage,!1),l.addEventListener("DOMContentLoaded",function(){for(var e,t,s=l.querySelectorAll("iframe.wp-embedded-content"),r=0;r<s.length;r++)(t=(e=s[r]).getAttribute("data-secret"))||(t=Math.random().toString(36).substring(2,12),e.src+="#?secret="+t,e.setAttribute("data-secret",t)),e.contentWindow.postMessage({message:"ready",secret:t},"*")},!1)))}(window,document);
/* ]]> */
</script>

A Francia Intézet, a Goethe Intézet és a Lengyel Intézet közös kezdeményezése nem újabb, európai témákat taglaló projekt. Érdeklődésünk fókuszában a mindennapi európai valóság áll: hogy lengyelként, franciaként, németként már nem csak a szülőföldünkön érezzük „otthon” magunkat, hanem a szomszéd országokban is. Ezt a kérdést járjuk körül egy kerekasztalbeszélgetésen három vendégünkkel, akik személyes tapasztalataikat osztják meg egymással [&hellip;]
