{"version":"1.0","provider_name":"Instytut Polski w Budapeszcie","provider_url":"https:\/\/instytutpolski.pl\/budapest","author_name":"felvidekie","author_url":"https:\/\/instytutpolski.pl\/budapest\/author\/felvidekie\/","title":"Indul a PLAT\u00c1N \u2013 LATARKA SZABADEGYETEM! - Instytut Polski w Budapeszcie","type":"rich","width":600,"height":338,"html":"<blockquote class=\"wp-embedded-content\" data-secret=\"olI1LJPWZY\"><a href=\"https:\/\/instytutpolski.pl\/budapest\/2017\/05\/11\/indul-a-platan-latarka-szabadegyetem\/\">Indul a PLAT\u00c1N \u2013 LATARKA SZABADEGYETEM!<\/a><\/blockquote><iframe sandbox=\"allow-scripts\" security=\"restricted\" src=\"https:\/\/instytutpolski.pl\/budapest\/2017\/05\/11\/indul-a-platan-latarka-szabadegyetem\/embed\/#?secret=olI1LJPWZY\" width=\"600\" height=\"338\" title=\"&#8222;Indul a PLAT\u00c1N \u2013 LATARKA SZABADEGYETEM!&#8221; &#8212; Instytut Polski w Budapeszcie\" data-secret=\"olI1LJPWZY\" frameborder=\"0\" marginwidth=\"0\" marginheight=\"0\" scrolling=\"no\" class=\"wp-embedded-content\"><\/iframe><script type=\"text\/javascript\">\n\/* <![CDATA[ *\/\n\/*! This file is auto-generated *\/\n!function(d,l){\"use strict\";l.querySelector&&d.addEventListener&&\"undefined\"!=typeof URL&&(d.wp=d.wp||{},d.wp.receiveEmbedMessage||(d.wp.receiveEmbedMessage=function(e){var t=e.data;if((t||t.secret||t.message||t.value)&&!\/[^a-zA-Z0-9]\/.test(t.secret)){for(var s,r,n,a=l.querySelectorAll('iframe[data-secret=\"'+t.secret+'\"]'),o=l.querySelectorAll('blockquote[data-secret=\"'+t.secret+'\"]'),c=new RegExp(\"^https?:$\",\"i\"),i=0;i<o.length;i++)o[i].style.display=\"none\";for(i=0;i<a.length;i++)s=a[i],e.source===s.contentWindow&&(s.removeAttribute(\"style\"),\"height\"===t.message?(1e3<(r=parseInt(t.value,10))?r=1e3:~~r<200&&(r=200),s.height=r):\"link\"===t.message&&(r=new URL(s.getAttribute(\"src\")),n=new URL(t.value),c.test(n.protocol))&&n.host===r.host&&l.activeElement===s&&(d.top.location.href=t.value))}},d.addEventListener(\"message\",d.wp.receiveEmbedMessage,!1),l.addEventListener(\"DOMContentLoaded\",function(){for(var e,t,s=l.querySelectorAll(\"iframe.wp-embedded-content\"),r=0;r<s.length;r++)(t=(e=s[r]).getAttribute(\"data-secret\"))||(t=Math.random().toString(36).substring(2,12),e.src+=\"#?secret=\"+t,e.setAttribute(\"data-secret\",t)),e.contentWindow.postMessage({message:\"ready\",secret:t},\"*\")},!1)))}(window,document);\n\/* ]]> *\/\n<\/script>\n","thumbnail_url":"https:\/\/instytutpolski.pl\/budapest\/wp-content\/uploads\/sites\/21\/2020\/02\/platan-latarka_szabadegyetem.png","thumbnail_width":350,"thumbnail_height":274,"description":"Indul a PLAT\u00c1N \u2013 LATARKA SZABADEGYETEM! A r\u00e9szv\u00e9tel d\u00edjtalan, de el\u0151zetes regisztr\u00e1ci\u00f3hoz k\u00f6t\u00f6tt. Az egyes el\u0151ad\u00e1sokra mindig az el\u0151ad\u00e1st megel\u0151z\u0151 h\u00e9t napban jelentkezhettek, ezen a c\u00edmen:\u00a0tomasz.piars@instytutpolski.org\u00a0.\u00a0Az ezen az id\u0151szakon k\u00edv\u00fcl \u00e9rkez\u0151 regisztr\u00e1ci\u00f3kat sajnos nem tudjuk figyelembe venni. K\u00f6sz\u00f6nj\u00fck a meg\u00e9rt\u00e9st! EL\u0150AD\u00c1SAINK sorrendben: M\u00c1RCIUS 30. (cs\u00fct\u00f6rt\u00f6k) 18.00 \u00f3ra\u00a0LEZAJLOTT EL\u0150AD\u00d3K:\u00a0Popesz Csaba L\u00e1ng \u00e9s Elwira Wojtunik (Elektro Moon [&hellip;]"}

Indul a PLATÁN – LATARKA SZABADEGYETEM! - Instytut Polski w Budapeszcie

<blockquote class="wp-embedded-content" data-secret="olI1LJPWZY"><a href="https://instytutpolski.pl/budapest/2017/05/11/indul-a-platan-latarka-szabadegyetem/">Indul a PLATÁN – LATARKA SZABADEGYETEM!</a></blockquote><iframe sandbox="allow-scripts" security="restricted" src="https://instytutpolski.pl/budapest/2017/05/11/indul-a-platan-latarka-szabadegyetem/embed/#?secret=olI1LJPWZY" width="600" height="338" title="&#8222;Indul a PLATÁN – LATARKA SZABADEGYETEM!&#8221; &#8212; Instytut Polski w Budapeszcie" data-secret="olI1LJPWZY" frameborder="0" marginwidth="0" marginheight="0" scrolling="no" class="wp-embedded-content"></iframe><script type="text/javascript">
/* <![CDATA[ */
/*! This file is auto-generated */
!function(d,l){"use strict";l.querySelector&&d.addEventListener&&"undefined"!=typeof URL&&(d.wp=d.wp||{},d.wp.receiveEmbedMessage||(d.wp.receiveEmbedMessage=function(e){var t=e.data;if((t||t.secret||t.message||t.value)&&!/[^a-zA-Z0-9]/.test(t.secret)){for(var s,r,n,a=l.querySelectorAll('iframe[data-secret="'+t.secret+'"]'),o=l.querySelectorAll('blockquote[data-secret="'+t.secret+'"]'),c=new RegExp("^https?:$","i"),i=0;i<o.length;i++)o[i].style.display="none";for(i=0;i<a.length;i++)s=a[i],e.source===s.contentWindow&&(s.removeAttribute("style"),"height"===t.message?(1e3<(r=parseInt(t.value,10))?r=1e3:~~r<200&&(r=200),s.height=r):"link"===t.message&&(r=new URL(s.getAttribute("src")),n=new URL(t.value),c.test(n.protocol))&&n.host===r.host&&l.activeElement===s&&(d.top.location.href=t.value))}},d.addEventListener("message",d.wp.receiveEmbedMessage,!1),l.addEventListener("DOMContentLoaded",function(){for(var e,t,s=l.querySelectorAll("iframe.wp-embedded-content"),r=0;r<s.length;r++)(t=(e=s[r]).getAttribute("data-secret"))||(t=Math.random().toString(36).substring(2,12),e.src+="#?secret="+t,e.setAttribute("data-secret",t)),e.contentWindow.postMessage({message:"ready",secret:t},"*")},!1)))}(window,document);
/* ]]> */
</script>

Indul a PLATÁN – LATARKA SZABADEGYETEM! A részvétel díjtalan, de előzetes regisztrációhoz kötött. Az egyes előadásokra mindig az előadást megelőző hét napban jelentkezhettek, ezen a címen: tomasz.piars@instytutpolski.org . Az ezen az időszakon kívül érkező regisztrációkat sajnos nem tudjuk figyelembe venni. Köszönjük a megértést! ELŐADÁSAINK sorrendben: MÁRCIUS 30. (csütörtök) 18.00 óra LEZAJLOTT ELŐADÓK: Popesz Csaba Láng és Elwira Wojtunik (Elektro Moon [&hellip;]
