{"version":"1.0","provider_name":"Instytut Polski w Budapeszcie","provider_url":"https:\/\/instytutpolski.pl\/budapest","author_name":"felvidekie","author_url":"https:\/\/instytutpolski.pl\/budapest\/author\/felvidekie\/","title":"Y.EAST - Instytut Polski w Budapeszcie","type":"rich","width":600,"height":338,"html":"<blockquote class=\"wp-embedded-content\" data-secret=\"57LMVW8NT6\"><a href=\"https:\/\/instytutpolski.pl\/budapest\/2017\/08\/06\/y-east\/\">Y.EAST<\/a><\/blockquote><iframe sandbox=\"allow-scripts\" security=\"restricted\" src=\"https:\/\/instytutpolski.pl\/budapest\/2017\/08\/06\/y-east\/embed\/#?secret=57LMVW8NT6\" width=\"600\" height=\"338\" title=\"&#8222;Y.EAST&#8221; &#8212; Instytut Polski w Budapeszcie\" data-secret=\"57LMVW8NT6\" frameborder=\"0\" marginwidth=\"0\" marginheight=\"0\" scrolling=\"no\" class=\"wp-embedded-content\"><\/iframe><script type=\"text\/javascript\">\n\/* <![CDATA[ *\/\n\/*! This file is auto-generated *\/\n!function(d,l){\"use strict\";l.querySelector&&d.addEventListener&&\"undefined\"!=typeof URL&&(d.wp=d.wp||{},d.wp.receiveEmbedMessage||(d.wp.receiveEmbedMessage=function(e){var t=e.data;if((t||t.secret||t.message||t.value)&&!\/[^a-zA-Z0-9]\/.test(t.secret)){for(var s,r,n,a=l.querySelectorAll('iframe[data-secret=\"'+t.secret+'\"]'),o=l.querySelectorAll('blockquote[data-secret=\"'+t.secret+'\"]'),c=new RegExp(\"^https?:$\",\"i\"),i=0;i<o.length;i++)o[i].style.display=\"none\";for(i=0;i<a.length;i++)s=a[i],e.source===s.contentWindow&&(s.removeAttribute(\"style\"),\"height\"===t.message?(1e3<(r=parseInt(t.value,10))?r=1e3:~~r<200&&(r=200),s.height=r):\"link\"===t.message&&(r=new URL(s.getAttribute(\"src\")),n=new URL(t.value),c.test(n.protocol))&&n.host===r.host&&l.activeElement===s&&(d.top.location.href=t.value))}},d.addEventListener(\"message\",d.wp.receiveEmbedMessage,!1),l.addEventListener(\"DOMContentLoaded\",function(){for(var e,t,s=l.querySelectorAll(\"iframe.wp-embedded-content\"),r=0;r<s.length;r++)(t=(e=s[r]).getAttribute(\"data-secret\"))||(t=Math.random().toString(36).substring(2,12),e.src+=\"#?secret=\"+t,e.setAttribute(\"data-secret\",t)),e.contentWindow.postMessage({message:\"ready\",secret:t},\"*\")},!1)))}(window,document);\n\/* ]]> *\/\n<\/script>\n","thumbnail_url":"https:\/\/instytutpolski.pl\/budapest\/wp-content\/uploads\/sites\/21\/2020\/02\/yeats.jpg","thumbnail_width":350,"thumbnail_height":184,"description":"A fesztiv\u00e1l k\u00fcl\u00f6nleges helysz\u00edne, a Zs\u00e1mb\u00e9ki Sz\u00ednh\u00e1zi B\u00e1zis csup\u00e1n 30 perc Budapestt\u0151l aut\u00f3val, de a\u00a0dimbes-dombos t\u00e1jakon biciklivel is egy \u00f3ra alatt el\u00e9rhet\u0151. Az idei \u00e9vben m\u00e1r \u00f6t orsz\u00e1gb\u00f3l \u00e9rkeznek a fell\u00e9p\u0151k. A sz\u00ednh\u00e1zi programban kort\u00e1rs dr\u00e1ma, \u00fajcirkusz,\u00a0gyermekel\u0151ad\u00e1s, felolvas\u00f3sz\u00ednh\u00e1z \u00e9s egy k\u00fcl\u00f6nleges projekt is helyet kapott, amelyben neves\u00a0t\u00e1rsulatok alkot\u00f3i m\u00e9rik \u00f6ssze tud\u00e1sukat a k\u00f6z\u00f6ns\u00e9g \u00f6r\u00f6m\u00e9re: 48 [&hellip;]"}

A fesztivál különleges helyszíne, a Zsámbéki Színházi Bázis csupán 30 perc Budapesttől autóval, de a dimbes-dombos tájakon biciklivel is egy óra alatt elérhető. Az idei évben már öt országból érkeznek a fellépők. A színházi programban kortárs dráma, újcirkusz, gyermekelőadás, felolvasószínház és egy különleges projekt is helyet kapott, amelyben neves társulatok alkotói mérik össze tudásukat a közönség örömére: 48 [&hellip;]
