{"version":"1.0","provider_name":"Instytut Polski w Budapeszcie","provider_url":"https:\/\/instytutpolski.pl\/budapest","author_name":"takacsm","author_url":"https:\/\/instytutpolski.pl\/budapest\/author\/takacsm\/","title":"THE MARK - interakt\u00edv multim\u00e9dia install\u00e1ci\u00f3 - Instytut Polski w Budapeszcie","type":"rich","width":600,"height":338,"html":"<blockquote class=\"wp-embedded-content\" data-secret=\"NEzBQR2Jqu\"><a href=\"https:\/\/instytutpolski.pl\/budapest\/2018\/01\/17\/the-mark-interaktiv-multimedia-installacio\/\">THE MARK &#8211; interakt\u00edv multim\u00e9dia install\u00e1ci\u00f3<\/a><\/blockquote><iframe sandbox=\"allow-scripts\" security=\"restricted\" src=\"https:\/\/instytutpolski.pl\/budapest\/2018\/01\/17\/the-mark-interaktiv-multimedia-installacio\/embed\/#?secret=NEzBQR2Jqu\" width=\"600\" height=\"338\" title=\"&#8222;THE MARK &#8211; interakt\u00edv multim\u00e9dia install\u00e1ci\u00f3&#8221; &#8212; Instytut Polski w Budapeszcie\" data-secret=\"NEzBQR2Jqu\" frameborder=\"0\" marginwidth=\"0\" marginheight=\"0\" scrolling=\"no\" class=\"wp-embedded-content\"><\/iframe><script type=\"text\/javascript\">\n\/* <![CDATA[ *\/\n\/*! This file is auto-generated *\/\n!function(d,l){\"use strict\";l.querySelector&&d.addEventListener&&\"undefined\"!=typeof URL&&(d.wp=d.wp||{},d.wp.receiveEmbedMessage||(d.wp.receiveEmbedMessage=function(e){var t=e.data;if((t||t.secret||t.message||t.value)&&!\/[^a-zA-Z0-9]\/.test(t.secret)){for(var s,r,n,a=l.querySelectorAll('iframe[data-secret=\"'+t.secret+'\"]'),o=l.querySelectorAll('blockquote[data-secret=\"'+t.secret+'\"]'),c=new RegExp(\"^https?:$\",\"i\"),i=0;i<o.length;i++)o[i].style.display=\"none\";for(i=0;i<a.length;i++)s=a[i],e.source===s.contentWindow&&(s.removeAttribute(\"style\"),\"height\"===t.message?(1e3<(r=parseInt(t.value,10))?r=1e3:~~r<200&&(r=200),s.height=r):\"link\"===t.message&&(r=new URL(s.getAttribute(\"src\")),n=new URL(t.value),c.test(n.protocol))&&n.host===r.host&&l.activeElement===s&&(d.top.location.href=t.value))}},d.addEventListener(\"message\",d.wp.receiveEmbedMessage,!1),l.addEventListener(\"DOMContentLoaded\",function(){for(var e,t,s=l.querySelectorAll(\"iframe.wp-embedded-content\"),r=0;r<s.length;r++)(t=(e=s[r]).getAttribute(\"data-secret\"))||(t=Math.random().toString(36).substring(2,12),e.src+=\"#?secret=\"+t,e.setAttribute(\"data-secret\",t)),e.contentWindow.postMessage({message:\"ready\",secret:t},\"*\")},!1)))}(window,document);\n\/* ]]> *\/\n<\/script>\n","thumbnail_url":"https:\/\/instytutpolski.pl\/budapest\/wp-content\/uploads\/sites\/21\/2020\/01\/the_mark_platan_galeria.png","thumbnail_width":350,"thumbnail_height":247,"description":"K\u00f6sz\u00f6nt\u0151t mond\u00a0Szigetv\u00e1ri Andrea\u00a0egyetemi docens, Liszt Ferenc Zenem\u0171v\u00e9szeti Egyetem Micha\u0142 Janocha &#8222;A jel&#8221;\u00a0c\u00edm\u0171 alkot\u00e1sa egy interakt\u00edv multim\u00e9dia install\u00e1ci\u00f3, amely egy \u00e9l\u0151 organizmus harmonikus m\u0171k\u00f6d\u00e9s\u00e9t jelen\u00edti meg. N\u00e9z\u0151je elmer\u00fclhet a v\u00e9kony sz\u00e1lakb\u00f3l kialak\u00edtott h\u00e1l\u00f3 finom rezg\u00e9s\u00e9ben, amely a l\u00e9legzetv\u00e9tel \u00e9s a sz\u00edvdobog\u00e1s hangz\u00e1s\u00e1t id\u00e9zi. A h\u00e1l\u00f3 mozg\u00e1sa a sz\u00e1lak k\u00f6lcs\u00f6nhat\u00e1s\u00e1nak k\u00f6sz\u00f6nhet\u0151en indul meg, ez\u00e1ltal megalkotva maga k\u00f6r\u00fcl [&hellip;]"}

THE MARK - interaktív multimédia installáció - Instytut Polski w Budapeszcie

<blockquote class="wp-embedded-content" data-secret="NEzBQR2Jqu"><a href="https://instytutpolski.pl/budapest/2018/01/17/the-mark-interaktiv-multimedia-installacio/">THE MARK &#8211; interaktív multimédia installáció</a></blockquote><iframe sandbox="allow-scripts" security="restricted" src="https://instytutpolski.pl/budapest/2018/01/17/the-mark-interaktiv-multimedia-installacio/embed/#?secret=NEzBQR2Jqu" width="600" height="338" title="&#8222;THE MARK &#8211; interaktív multimédia installáció&#8221; &#8212; Instytut Polski w Budapeszcie" data-secret="NEzBQR2Jqu" frameborder="0" marginwidth="0" marginheight="0" scrolling="no" class="wp-embedded-content"></iframe><script type="text/javascript">
/* <![CDATA[ */
/*! This file is auto-generated */
!function(d,l){"use strict";l.querySelector&&d.addEventListener&&"undefined"!=typeof URL&&(d.wp=d.wp||{},d.wp.receiveEmbedMessage||(d.wp.receiveEmbedMessage=function(e){var t=e.data;if((t||t.secret||t.message||t.value)&&!/[^a-zA-Z0-9]/.test(t.secret)){for(var s,r,n,a=l.querySelectorAll('iframe[data-secret="'+t.secret+'"]'),o=l.querySelectorAll('blockquote[data-secret="'+t.secret+'"]'),c=new RegExp("^https?:$","i"),i=0;i<o.length;i++)o[i].style.display="none";for(i=0;i<a.length;i++)s=a[i],e.source===s.contentWindow&&(s.removeAttribute("style"),"height"===t.message?(1e3<(r=parseInt(t.value,10))?r=1e3:~~r<200&&(r=200),s.height=r):"link"===t.message&&(r=new URL(s.getAttribute("src")),n=new URL(t.value),c.test(n.protocol))&&n.host===r.host&&l.activeElement===s&&(d.top.location.href=t.value))}},d.addEventListener("message",d.wp.receiveEmbedMessage,!1),l.addEventListener("DOMContentLoaded",function(){for(var e,t,s=l.querySelectorAll("iframe.wp-embedded-content"),r=0;r<s.length;r++)(t=(e=s[r]).getAttribute("data-secret"))||(t=Math.random().toString(36).substring(2,12),e.src+="#?secret="+t,e.setAttribute("data-secret",t)),e.contentWindow.postMessage({message:"ready",secret:t},"*")},!1)))}(window,document);
/* ]]> */
</script>

Köszöntőt mond Szigetvári Andrea egyetemi docens, Liszt Ferenc Zeneművészeti Egyetem Michał Janocha &#8222;A jel&#8221; című alkotása egy interaktív multimédia installáció, amely egy élő organizmus harmonikus működését jeleníti meg. Nézője elmerülhet a vékony szálakból kialakított háló finom rezgésében, amely a lélegzetvétel és a szívdobogás hangzását idézi. A háló mozgása a szálak kölcsönhatásának köszönhetően indul meg, ezáltal megalkotva maga körül [&hellip;]
