{"version":"1.0","provider_name":"Instytut Polski w Budapeszcie","provider_url":"https:\/\/instytutpolski.pl\/budapest","author_name":"takacsm","author_url":"https:\/\/instytutpolski.pl\/budapest\/author\/takacsm\/","title":"A Mened\u00e9k c\u00edm\u0171 film k\u00fcl\u00f6nleges bemutat\u00f3ja - Instytut Polski w Budapeszcie","type":"rich","width":600,"height":338,"html":"<blockquote class=\"wp-embedded-content\" data-secret=\"9o8y0q6m92\"><a href=\"https:\/\/instytutpolski.pl\/budapest\/2018\/03\/13\/a-menedek-cimu-film-kulonleges-bemutatoja\/\">A Mened\u00e9k c\u00edm\u0171 film k\u00fcl\u00f6nleges bemutat\u00f3ja<\/a><\/blockquote><iframe sandbox=\"allow-scripts\" security=\"restricted\" src=\"https:\/\/instytutpolski.pl\/budapest\/2018\/03\/13\/a-menedek-cimu-film-kulonleges-bemutatoja\/embed\/#?secret=9o8y0q6m92\" width=\"600\" height=\"338\" title=\"&#8222;A Mened\u00e9k c\u00edm\u0171 film k\u00fcl\u00f6nleges bemutat\u00f3ja&#8221; &#8212; Instytut Polski w Budapeszcie\" data-secret=\"9o8y0q6m92\" frameborder=\"0\" marginwidth=\"0\" marginheight=\"0\" scrolling=\"no\" class=\"wp-embedded-content\"><\/iframe><script type=\"text\/javascript\">\n\/* <![CDATA[ *\/\n\/*! This file is auto-generated *\/\n!function(d,l){\"use strict\";l.querySelector&&d.addEventListener&&\"undefined\"!=typeof URL&&(d.wp=d.wp||{},d.wp.receiveEmbedMessage||(d.wp.receiveEmbedMessage=function(e){var t=e.data;if((t||t.secret||t.message||t.value)&&!\/[^a-zA-Z0-9]\/.test(t.secret)){for(var s,r,n,a=l.querySelectorAll('iframe[data-secret=\"'+t.secret+'\"]'),o=l.querySelectorAll('blockquote[data-secret=\"'+t.secret+'\"]'),c=new RegExp(\"^https?:$\",\"i\"),i=0;i<o.length;i++)o[i].style.display=\"none\";for(i=0;i<a.length;i++)s=a[i],e.source===s.contentWindow&&(s.removeAttribute(\"style\"),\"height\"===t.message?(1e3<(r=parseInt(t.value,10))?r=1e3:~~r<200&&(r=200),s.height=r):\"link\"===t.message&&(r=new URL(s.getAttribute(\"src\")),n=new URL(t.value),c.test(n.protocol))&&n.host===r.host&&l.activeElement===s&&(d.top.location.href=t.value))}},d.addEventListener(\"message\",d.wp.receiveEmbedMessage,!1),l.addEventListener(\"DOMContentLoaded\",function(){for(var e,t,s=l.querySelectorAll(\"iframe.wp-embedded-content\"),r=0;r<s.length;r++)(t=(e=s[r]).getAttribute(\"data-secret\"))||(t=Math.random().toString(36).substring(2,12),e.src+=\"#?secret=\"+t,e.setAttribute(\"data-secret\",t)),e.contentWindow.postMessage({message:\"ready\",secret:t},\"*\")},!1)))}(window,document);\n\/* ]]> *\/\n<\/script>\n","thumbnail_url":"https:\/\/instytutpolski.pl\/budapest\/wp-content\/uploads\/sites\/21\/2020\/01\/4101_d004_01936_r.jpg","thumbnail_width":350,"thumbnail_height":233,"description":"2018. m\u00e1rcius 13. (kedd), 17.30 A projekt a\u00a0II. Vil\u00e1gh\u00e1bor\u00fa Idej\u00e9n Zsid\u00f3kat Ment\u0151 Lengyelek Nemzeti Eml\u00e9knapja\u00a0keret\u00e9ben j\u00f6tt l\u00e9tre, amelynek az id\u0151pontj\u00e1t Andrzej Duda, a Lengyel K\u00f6zt\u00e1rsas\u00e1g eln\u00f6ke m\u00e1rcius 17-re jel\u00f6lte ki.\u00a0 MENED\u00c9K (THE ZOOKEEPER&#8217;S WIFE) 2017-ben k\u00e9sz\u00fclt amerikai film Niki Caro rendez\u00e9s\u00e9ben. A film Jan \u017babi\u0144ski \u00e9s Antonina \u017babi\u0144ska val\u00f3di t\u00e9nyeken alapul\u00f3 t\u00f6rt\u00e9net\u00e9t mes\u00e9li el, akik [&hellip;]"}

A Menedék című film különleges bemutatója - Instytut Polski w Budapeszcie

<blockquote class="wp-embedded-content" data-secret="9o8y0q6m92"><a href="https://instytutpolski.pl/budapest/2018/03/13/a-menedek-cimu-film-kulonleges-bemutatoja/">A Menedék című film különleges bemutatója</a></blockquote><iframe sandbox="allow-scripts" security="restricted" src="https://instytutpolski.pl/budapest/2018/03/13/a-menedek-cimu-film-kulonleges-bemutatoja/embed/#?secret=9o8y0q6m92" width="600" height="338" title="&#8222;A Menedék című film különleges bemutatója&#8221; &#8212; Instytut Polski w Budapeszcie" data-secret="9o8y0q6m92" frameborder="0" marginwidth="0" marginheight="0" scrolling="no" class="wp-embedded-content"></iframe><script type="text/javascript">
/* <![CDATA[ */
/*! This file is auto-generated */
!function(d,l){"use strict";l.querySelector&&d.addEventListener&&"undefined"!=typeof URL&&(d.wp=d.wp||{},d.wp.receiveEmbedMessage||(d.wp.receiveEmbedMessage=function(e){var t=e.data;if((t||t.secret||t.message||t.value)&&!/[^a-zA-Z0-9]/.test(t.secret)){for(var s,r,n,a=l.querySelectorAll('iframe[data-secret="'+t.secret+'"]'),o=l.querySelectorAll('blockquote[data-secret="'+t.secret+'"]'),c=new RegExp("^https?:$","i"),i=0;i<o.length;i++)o[i].style.display="none";for(i=0;i<a.length;i++)s=a[i],e.source===s.contentWindow&&(s.removeAttribute("style"),"height"===t.message?(1e3<(r=parseInt(t.value,10))?r=1e3:~~r<200&&(r=200),s.height=r):"link"===t.message&&(r=new URL(s.getAttribute("src")),n=new URL(t.value),c.test(n.protocol))&&n.host===r.host&&l.activeElement===s&&(d.top.location.href=t.value))}},d.addEventListener("message",d.wp.receiveEmbedMessage,!1),l.addEventListener("DOMContentLoaded",function(){for(var e,t,s=l.querySelectorAll("iframe.wp-embedded-content"),r=0;r<s.length;r++)(t=(e=s[r]).getAttribute("data-secret"))||(t=Math.random().toString(36).substring(2,12),e.src+="#?secret="+t,e.setAttribute("data-secret",t)),e.contentWindow.postMessage({message:"ready",secret:t},"*")},!1)))}(window,document);
/* ]]> */
</script>

2018. március 13. (kedd), 17.30 A projekt a II. Világháború Idején Zsidókat Mentő Lengyelek Nemzeti Emléknapja keretében jött létre, amelynek az időpontját Andrzej Duda, a Lengyel Köztársaság elnöke március 17-re jelölte ki.  MENEDÉK (THE ZOOKEEPER&#8217;S WIFE) 2017-ben készült amerikai film Niki Caro rendezésében. A film Jan Żabiński és Antonina Żabińska valódi tényeken alapuló történetét meséli el, akik [&hellip;]
