{"version":"1.0","provider_name":"Instytut Polski w Budapeszcie","provider_url":"https:\/\/instytutpolski.pl\/budapest","author_name":"felvidekie","author_url":"https:\/\/instytutpolski.pl\/budapest\/author\/felvidekie\/","title":"Az eur\u00f3pai ut\u00f3pia - Instytut Polski w Budapeszcie","type":"rich","width":600,"height":338,"html":"<blockquote class=\"wp-embedded-content\" data-secret=\"SAVWGlZr1y\"><a href=\"https:\/\/instytutpolski.pl\/budapest\/2018\/10\/20\/az-europai-utopia\/\">Az eur\u00f3pai ut\u00f3pia<\/a><\/blockquote><iframe sandbox=\"allow-scripts\" security=\"restricted\" src=\"https:\/\/instytutpolski.pl\/budapest\/2018\/10\/20\/az-europai-utopia\/embed\/#?secret=SAVWGlZr1y\" width=\"600\" height=\"338\" title=\"&#8222;Az eur\u00f3pai ut\u00f3pia&#8221; &#8212; Instytut Polski w Budapeszcie\" data-secret=\"SAVWGlZr1y\" frameborder=\"0\" marginwidth=\"0\" marginheight=\"0\" scrolling=\"no\" class=\"wp-embedded-content\"><\/iframe><script type=\"text\/javascript\">\n\/* <![CDATA[ *\/\n\/*! This file is auto-generated *\/\n!function(d,l){\"use strict\";l.querySelector&&d.addEventListener&&\"undefined\"!=typeof URL&&(d.wp=d.wp||{},d.wp.receiveEmbedMessage||(d.wp.receiveEmbedMessage=function(e){var t=e.data;if((t||t.secret||t.message||t.value)&&!\/[^a-zA-Z0-9]\/.test(t.secret)){for(var s,r,n,a=l.querySelectorAll('iframe[data-secret=\"'+t.secret+'\"]'),o=l.querySelectorAll('blockquote[data-secret=\"'+t.secret+'\"]'),c=new RegExp(\"^https?:$\",\"i\"),i=0;i<o.length;i++)o[i].style.display=\"none\";for(i=0;i<a.length;i++)s=a[i],e.source===s.contentWindow&&(s.removeAttribute(\"style\"),\"height\"===t.message?(1e3<(r=parseInt(t.value,10))?r=1e3:~~r<200&&(r=200),s.height=r):\"link\"===t.message&&(r=new URL(s.getAttribute(\"src\")),n=new URL(t.value),c.test(n.protocol))&&n.host===r.host&&l.activeElement===s&&(d.top.location.href=t.value))}},d.addEventListener(\"message\",d.wp.receiveEmbedMessage,!1),l.addEventListener(\"DOMContentLoaded\",function(){for(var e,t,s=l.querySelectorAll(\"iframe.wp-embedded-content\"),r=0;r<s.length;r++)(t=(e=s[r]).getAttribute(\"data-secret\"))||(t=Math.random().toString(36).substring(2,12),e.src+=\"#?secret=\"+t,e.setAttribute(\"data-secret\",t)),e.contentWindow.postMessage({message:\"ready\",secret:t},\"*\")},!1)))}(window,document);\n\/* ]]> *\/\n<\/script>\n","thumbnail_url":"https:\/\/instytutpolski.pl\/budapest\/wp-content\/uploads\/sites\/21\/2020\/01\/konyv.jpg","thumbnail_width":336,"thumbnail_height":500,"description":"A Wac\u0142aw Felczak Alap\u00edtv\u00e1ny\u00a0\u00e9s a R\u00e9zbong Kiad\u00f3\u00a0szeretettel megh\u00edvja \u00d6nt\u00a0 Krzysztof Szczerski\u00a0 Az eur\u00f3pai\u00a0ut\u00f3pia\u00a0 &#8211; Az integr\u00e1ci\u00f3 v\u00e1ls\u00e1ga \u00e9s a lengyel reformkezdem\u00e9nyez\u00e9s\u00a0 c\u00edm\u0171 k\u00f6tet\u00e9nek bemutat\u00f3j\u00e1ra. A k\u00f6tetr\u0151l a szerz\u0151\u00a0N\u00e9meth Zsolttal,\u00a0az Orsz\u00e1ggy\u0171l\u00e9s K\u00fcl\u00fcgyi\u00a0Bizotts\u00e1g\u00e1nak eln\u00f6k\u00e9vel besz\u00e9lget. Az esem\u00e9ny moder\u00e1tora\u00a0Mr\u00e1z \u00c1goston S\u00e1muel,\u00a0a N\u00e9z\u0151pont Int\u00e9zet alap\u00edt\u00f3ja. \u201eAz a kulcsk\u00e9rd\u00e9s, hogy megint egyenrang\u00fa\u00a0st\u00e1tusz\u00fa tag\u00e1llamokra \u00e9p\u00fcl-e az Uni\u00f3, a\u00a0k\u00f6z\u00f6ss\u00e9gi l\u00e9t mellett meg\u0151rzik-e [&hellip;]"}

Az európai utópia - Instytut Polski w Budapeszcie

<blockquote class="wp-embedded-content" data-secret="SAVWGlZr1y"><a href="https://instytutpolski.pl/budapest/2018/10/20/az-europai-utopia/">Az európai utópia</a></blockquote><iframe sandbox="allow-scripts" security="restricted" src="https://instytutpolski.pl/budapest/2018/10/20/az-europai-utopia/embed/#?secret=SAVWGlZr1y" width="600" height="338" title="&#8222;Az európai utópia&#8221; &#8212; Instytut Polski w Budapeszcie" data-secret="SAVWGlZr1y" frameborder="0" marginwidth="0" marginheight="0" scrolling="no" class="wp-embedded-content"></iframe><script type="text/javascript">
/* <![CDATA[ */
/*! This file is auto-generated */
!function(d,l){"use strict";l.querySelector&&d.addEventListener&&"undefined"!=typeof URL&&(d.wp=d.wp||{},d.wp.receiveEmbedMessage||(d.wp.receiveEmbedMessage=function(e){var t=e.data;if((t||t.secret||t.message||t.value)&&!/[^a-zA-Z0-9]/.test(t.secret)){for(var s,r,n,a=l.querySelectorAll('iframe[data-secret="'+t.secret+'"]'),o=l.querySelectorAll('blockquote[data-secret="'+t.secret+'"]'),c=new RegExp("^https?:$","i"),i=0;i<o.length;i++)o[i].style.display="none";for(i=0;i<a.length;i++)s=a[i],e.source===s.contentWindow&&(s.removeAttribute("style"),"height"===t.message?(1e3<(r=parseInt(t.value,10))?r=1e3:~~r<200&&(r=200),s.height=r):"link"===t.message&&(r=new URL(s.getAttribute("src")),n=new URL(t.value),c.test(n.protocol))&&n.host===r.host&&l.activeElement===s&&(d.top.location.href=t.value))}},d.addEventListener("message",d.wp.receiveEmbedMessage,!1),l.addEventListener("DOMContentLoaded",function(){for(var e,t,s=l.querySelectorAll("iframe.wp-embedded-content"),r=0;r<s.length;r++)(t=(e=s[r]).getAttribute("data-secret"))||(t=Math.random().toString(36).substring(2,12),e.src+="#?secret="+t,e.setAttribute("data-secret",t)),e.contentWindow.postMessage({message:"ready",secret:t},"*")},!1)))}(window,document);
/* ]]> */
</script>

A Wacław Felczak Alapítvány és a Rézbong Kiadó szeretettel meghívja Önt  Krzysztof Szczerski  Az európai utópia  &#8211; Az integráció válsága és a lengyel reformkezdeményezés  című kötetének bemutatójára. A kötetről a szerző Németh Zsolttal, az Országgyűlés Külügyi Bizottságának elnökével beszélget. Az esemény moderátora Mráz Ágoston Sámuel, a Nézőpont Intézet alapítója. „Az a kulcskérdés, hogy megint egyenrangú státuszú tagállamokra épül-e az Unió, a közösségi lét mellett megőrzik-e [&hellip;]
