{"version":"1.0","provider_name":"Instytut Polski w Budapeszcie","provider_url":"https:\/\/instytutpolski.pl\/budapest","author_name":"Joanna","author_url":"https:\/\/instytutpolski.pl\/budapest\/author\/urbanskaj\/","title":"80 \u00e9vesek lett\u00fcnk! - Instytut Polski w Budapeszcie","type":"rich","width":600,"height":338,"html":"<blockquote class=\"wp-embedded-content\" data-secret=\"Cfc43qcuur\"><a href=\"https:\/\/instytutpolski.pl\/budapest\/2019\/06\/06\/80-evesek-lettunk\/\">80 \u00e9vesek lett\u00fcnk!<\/a><\/blockquote><iframe sandbox=\"allow-scripts\" security=\"restricted\" src=\"https:\/\/instytutpolski.pl\/budapest\/2019\/06\/06\/80-evesek-lettunk\/embed\/#?secret=Cfc43qcuur\" width=\"600\" height=\"338\" title=\"&#8222;80 \u00e9vesek lett\u00fcnk!&#8221; &#8212; Instytut Polski w Budapeszcie\" data-secret=\"Cfc43qcuur\" frameborder=\"0\" marginwidth=\"0\" marginheight=\"0\" scrolling=\"no\" class=\"wp-embedded-content\"><\/iframe><script type=\"text\/javascript\">\n\/* <![CDATA[ *\/\n\/*! This file is auto-generated *\/\n!function(d,l){\"use strict\";l.querySelector&&d.addEventListener&&\"undefined\"!=typeof URL&&(d.wp=d.wp||{},d.wp.receiveEmbedMessage||(d.wp.receiveEmbedMessage=function(e){var t=e.data;if((t||t.secret||t.message||t.value)&&!\/[^a-zA-Z0-9]\/.test(t.secret)){for(var s,r,n,a=l.querySelectorAll('iframe[data-secret=\"'+t.secret+'\"]'),o=l.querySelectorAll('blockquote[data-secret=\"'+t.secret+'\"]'),c=new RegExp(\"^https?:$\",\"i\"),i=0;i<o.length;i++)o[i].style.display=\"none\";for(i=0;i<a.length;i++)s=a[i],e.source===s.contentWindow&&(s.removeAttribute(\"style\"),\"height\"===t.message?(1e3<(r=parseInt(t.value,10))?r=1e3:~~r<200&&(r=200),s.height=r):\"link\"===t.message&&(r=new URL(s.getAttribute(\"src\")),n=new URL(t.value),c.test(n.protocol))&&n.host===r.host&&l.activeElement===s&&(d.top.location.href=t.value))}},d.addEventListener(\"message\",d.wp.receiveEmbedMessage,!1),l.addEventListener(\"DOMContentLoaded\",function(){for(var e,t,s=l.querySelectorAll(\"iframe.wp-embedded-content\"),r=0;r<s.length;r++)(t=(e=s[r]).getAttribute(\"data-secret\"))||(t=Math.random().toString(36).substring(2,12),e.src+=\"#?secret=\"+t,e.setAttribute(\"data-secret\",t)),e.contentWindow.postMessage({message:\"ready\",secret:t},\"*\")},!1)))}(window,document);\n\/* ]]> *\/\n<\/script>\n","thumbnail_url":"https:\/\/instytutpolski.pl\/budapest\/wp-content\/uploads\/sites\/21\/2020\/05\/61688788_2324201860976149_5940812215664771072_n.jpg","thumbnail_width":350,"thumbnail_height":233,"description":"K\u00f6sz\u00f6nj\u00fck a j\u00f3 t\u00e1rsas\u00e1got, vid\u00e1m hangulatot! Aj\u00e1nljuk szeretettel figyelmetekbe fot\u00f3gal\u00e9ri\u00e1nkat, ahol visszaid\u00e9zhetitek a programsorozat legizgalmasabb, legeml\u00e9kezetesebb pillanatait. https:\/\/www.facebook.com\/pg\/lengyel.intezet\/photos\/?tab=album&amp;album_id=2325105234219145 https:\/\/www.facebook.com\/pg\/lengyel.intezet\/photos\/?tab=album&amp;album_id=2328457597217242 Maradjatok vel\u00fcnk a k\u00f6vetkez\u0151 nyolcvan \u00e9vben is!"}

80 évesek lettünk! - Instytut Polski w Budapeszcie

<blockquote class="wp-embedded-content" data-secret="Cfc43qcuur"><a href="https://instytutpolski.pl/budapest/2019/06/06/80-evesek-lettunk/">80 évesek lettünk!</a></blockquote><iframe sandbox="allow-scripts" security="restricted" src="https://instytutpolski.pl/budapest/2019/06/06/80-evesek-lettunk/embed/#?secret=Cfc43qcuur" width="600" height="338" title="&#8222;80 évesek lettünk!&#8221; &#8212; Instytut Polski w Budapeszcie" data-secret="Cfc43qcuur" frameborder="0" marginwidth="0" marginheight="0" scrolling="no" class="wp-embedded-content"></iframe><script type="text/javascript">
/* <![CDATA[ */
/*! This file is auto-generated */
!function(d,l){"use strict";l.querySelector&&d.addEventListener&&"undefined"!=typeof URL&&(d.wp=d.wp||{},d.wp.receiveEmbedMessage||(d.wp.receiveEmbedMessage=function(e){var t=e.data;if((t||t.secret||t.message||t.value)&&!/[^a-zA-Z0-9]/.test(t.secret)){for(var s,r,n,a=l.querySelectorAll('iframe[data-secret="'+t.secret+'"]'),o=l.querySelectorAll('blockquote[data-secret="'+t.secret+'"]'),c=new RegExp("^https?:$","i"),i=0;i<o.length;i++)o[i].style.display="none";for(i=0;i<a.length;i++)s=a[i],e.source===s.contentWindow&&(s.removeAttribute("style"),"height"===t.message?(1e3<(r=parseInt(t.value,10))?r=1e3:~~r<200&&(r=200),s.height=r):"link"===t.message&&(r=new URL(s.getAttribute("src")),n=new URL(t.value),c.test(n.protocol))&&n.host===r.host&&l.activeElement===s&&(d.top.location.href=t.value))}},d.addEventListener("message",d.wp.receiveEmbedMessage,!1),l.addEventListener("DOMContentLoaded",function(){for(var e,t,s=l.querySelectorAll("iframe.wp-embedded-content"),r=0;r<s.length;r++)(t=(e=s[r]).getAttribute("data-secret"))||(t=Math.random().toString(36).substring(2,12),e.src+="#?secret="+t,e.setAttribute("data-secret",t)),e.contentWindow.postMessage({message:"ready",secret:t},"*")},!1)))}(window,document);
/* ]]> */
</script>

Köszönjük a jó társaságot, vidám hangulatot! Ajánljuk szeretettel figyelmetekbe fotógalériánkat, ahol visszaidézhetitek a programsorozat legizgalmasabb, legemlékezetesebb pillanatait. https://www.facebook.com/pg/lengyel.intezet/photos/?tab=album&amp;album_id=2325105234219145 https://www.facebook.com/pg/lengyel.intezet/photos/?tab=album&amp;album_id=2328457597217242 Maradjatok velünk a következő nyolcvan évben is!
