{"version":"1.0","provider_name":"Instytut Polski w Budapeszcie","provider_url":"https:\/\/instytutpolski.pl\/budapest","author_name":"felvidekie","author_url":"https:\/\/instytutpolski.pl\/budapest\/author\/felvidekie\/","title":"A K\u00c9T NEMZET K\u00d6ZT\u00c1RSAS\u00c1GA - Instytut Polski w Budapeszcie","type":"rich","width":600,"height":338,"html":"<blockquote class=\"wp-embedded-content\" data-secret=\"3jkZPlOGYv\"><a href=\"https:\/\/instytutpolski.pl\/budapest\/2019\/09\/27\/a-ket-nemzet-koztarsasaga\/\">A K\u00c9T NEMZET K\u00d6ZT\u00c1RSAS\u00c1GA<\/a><\/blockquote><iframe sandbox=\"allow-scripts\" security=\"restricted\" src=\"https:\/\/instytutpolski.pl\/budapest\/2019\/09\/27\/a-ket-nemzet-koztarsasaga\/embed\/#?secret=3jkZPlOGYv\" width=\"600\" height=\"338\" title=\"&#8222;A K\u00c9T NEMZET K\u00d6ZT\u00c1RSAS\u00c1GA&#8221; &#8212; Instytut Polski w Budapeszcie\" data-secret=\"3jkZPlOGYv\" frameborder=\"0\" marginwidth=\"0\" marginheight=\"0\" scrolling=\"no\" class=\"wp-embedded-content\"><\/iframe><script type=\"text\/javascript\">\n\/* <![CDATA[ *\/\n\/*! This file is auto-generated *\/\n!function(d,l){\"use strict\";l.querySelector&&d.addEventListener&&\"undefined\"!=typeof URL&&(d.wp=d.wp||{},d.wp.receiveEmbedMessage||(d.wp.receiveEmbedMessage=function(e){var t=e.data;if((t||t.secret||t.message||t.value)&&!\/[^a-zA-Z0-9]\/.test(t.secret)){for(var s,r,n,a=l.querySelectorAll('iframe[data-secret=\"'+t.secret+'\"]'),o=l.querySelectorAll('blockquote[data-secret=\"'+t.secret+'\"]'),c=new RegExp(\"^https?:$\",\"i\"),i=0;i<o.length;i++)o[i].style.display=\"none\";for(i=0;i<a.length;i++)s=a[i],e.source===s.contentWindow&&(s.removeAttribute(\"style\"),\"height\"===t.message?(1e3<(r=parseInt(t.value,10))?r=1e3:~~r<200&&(r=200),s.height=r):\"link\"===t.message&&(r=new URL(s.getAttribute(\"src\")),n=new URL(t.value),c.test(n.protocol))&&n.host===r.host&&l.activeElement===s&&(d.top.location.href=t.value))}},d.addEventListener(\"message\",d.wp.receiveEmbedMessage,!1),l.addEventListener(\"DOMContentLoaded\",function(){for(var e,t,s=l.querySelectorAll(\"iframe.wp-embedded-content\"),r=0;r<s.length;r++)(t=(e=s[r]).getAttribute(\"data-secret\"))||(t=Math.random().toString(36).substring(2,12),e.src+=\"#?secret=\"+t,e.setAttribute(\"data-secret\",t)),e.contentWindow.postMessage({message:\"ready\",secret:t},\"*\")},!1)))}(window,document);\n\/* ]]> *\/\n<\/script>\n","thumbnail_url":"https:\/\/instytutpolski.pl\/budapest\/wp-content\/uploads\/sites\/21\/2020\/01\/Matejko.png","thumbnail_width":733,"thumbnail_height":473,"description":"A budapesti Lengyel Int\u00e9zet \u00e9s a Magyarorsz\u00e1gi Lengyel Katolikusok Szent Adalbert Egyes\u00fclete tisztelettel megh\u00edvja \u00d6nt A K\u00c9T NEMZET K\u00d6ZT\u00c1RSAS\u00c1GA c\u00edm\u0171 ki\u00e1ll\u00edt\u00e1s megnyit\u00f3j\u00e1ra, mely a\u00a0Lublini Uni\u00f3 450. \u00e9vfordul\u00f3j\u00e1nak alkalm\u00e1b\u00f3l\u00a0ker\u00fcl megrendez\u00e9sre. K\u00f6sz\u00f6nt\u0151t mond:\u00a0Joanna Urba\u0144ska, a Lengyel Int\u00e9zet igazgat\u00f3ja A ki\u00e1ll\u00edt\u00e1smegnyit\u00f3n\u00a0Dariusz \u015aladecki, a lublini Dom Polonii (Lengyels\u00e9g H\u00e1za) igazgat\u00f3ja el\u0151ad\u00e1sa hangzik el. A ki\u00e1ll\u00edt\u00e1s a\u00a025. Lengyel Kereszt\u00e9ny Kultur\u00e1lis [&hellip;]"}

A KÉT NEMZET KÖZTÁRSASÁGA - Instytut Polski w Budapeszcie

<blockquote class="wp-embedded-content" data-secret="3jkZPlOGYv"><a href="https://instytutpolski.pl/budapest/2019/09/27/a-ket-nemzet-koztarsasaga/">A KÉT NEMZET KÖZTÁRSASÁGA</a></blockquote><iframe sandbox="allow-scripts" security="restricted" src="https://instytutpolski.pl/budapest/2019/09/27/a-ket-nemzet-koztarsasaga/embed/#?secret=3jkZPlOGYv" width="600" height="338" title="&#8222;A KÉT NEMZET KÖZTÁRSASÁGA&#8221; &#8212; Instytut Polski w Budapeszcie" data-secret="3jkZPlOGYv" frameborder="0" marginwidth="0" marginheight="0" scrolling="no" class="wp-embedded-content"></iframe><script type="text/javascript">
/* <![CDATA[ */
/*! This file is auto-generated */
!function(d,l){"use strict";l.querySelector&&d.addEventListener&&"undefined"!=typeof URL&&(d.wp=d.wp||{},d.wp.receiveEmbedMessage||(d.wp.receiveEmbedMessage=function(e){var t=e.data;if((t||t.secret||t.message||t.value)&&!/[^a-zA-Z0-9]/.test(t.secret)){for(var s,r,n,a=l.querySelectorAll('iframe[data-secret="'+t.secret+'"]'),o=l.querySelectorAll('blockquote[data-secret="'+t.secret+'"]'),c=new RegExp("^https?:$","i"),i=0;i<o.length;i++)o[i].style.display="none";for(i=0;i<a.length;i++)s=a[i],e.source===s.contentWindow&&(s.removeAttribute("style"),"height"===t.message?(1e3<(r=parseInt(t.value,10))?r=1e3:~~r<200&&(r=200),s.height=r):"link"===t.message&&(r=new URL(s.getAttribute("src")),n=new URL(t.value),c.test(n.protocol))&&n.host===r.host&&l.activeElement===s&&(d.top.location.href=t.value))}},d.addEventListener("message",d.wp.receiveEmbedMessage,!1),l.addEventListener("DOMContentLoaded",function(){for(var e,t,s=l.querySelectorAll("iframe.wp-embedded-content"),r=0;r<s.length;r++)(t=(e=s[r]).getAttribute("data-secret"))||(t=Math.random().toString(36).substring(2,12),e.src+="#?secret="+t,e.setAttribute("data-secret",t)),e.contentWindow.postMessage({message:"ready",secret:t},"*")},!1)))}(window,document);
/* ]]> */
</script>

A budapesti Lengyel Intézet és a Magyarországi Lengyel Katolikusok Szent Adalbert Egyesülete tisztelettel meghívja Önt A KÉT NEMZET KÖZTÁRSASÁGA című kiállítás megnyitójára, mely a Lublini Unió 450. évfordulójának alkalmából kerül megrendezésre. Köszöntőt mond: Joanna Urbańska, a Lengyel Intézet igazgatója A kiállításmegnyitón Dariusz Śladecki, a lublini Dom Polonii (Lengyelség Háza) igazgatója előadása hangzik el. A kiállítás a 25. Lengyel Keresztény Kulturális [&hellip;]
