{"version":"1.0","provider_name":"Instytut Polski w Budapeszcie","provider_url":"https:\/\/instytutpolski.pl\/budapest","author_name":"jergert","author_url":"https:\/\/instytutpolski.pl\/budapest\/author\/jergert\/","title":"29. Lengyel Filmtavasz - M\u00e1sk\u00e9pp - Instytut Polski w Budapeszcie","type":"rich","width":600,"height":338,"html":"<blockquote class=\"wp-embedded-content\" data-secret=\"4IJ2lsaXK7\"><a href=\"https:\/\/instytutpolski.pl\/budapest\/2023\/04\/24\/29-lengyel-filmtavasz-maskepp\/\"><strong>29. Lengyel Filmtavasz &#8211; M\u00e1sk\u00e9pp<\/strong><\/a><\/blockquote><iframe sandbox=\"allow-scripts\" security=\"restricted\" src=\"https:\/\/instytutpolski.pl\/budapest\/2023\/04\/24\/29-lengyel-filmtavasz-maskepp\/embed\/#?secret=4IJ2lsaXK7\" width=\"600\" height=\"338\" title=\"&#8222;&lt;strong&gt;29. Lengyel Filmtavasz &#8211; M\u00e1sk\u00e9pp&lt;\/strong&gt;&#8221; &#8212; Instytut Polski w Budapeszcie\" data-secret=\"4IJ2lsaXK7\" frameborder=\"0\" marginwidth=\"0\" marginheight=\"0\" scrolling=\"no\" class=\"wp-embedded-content\"><\/iframe><script type=\"text\/javascript\">\n\/* <![CDATA[ *\/\n\/*! This file is auto-generated *\/\n!function(d,l){\"use strict\";l.querySelector&&d.addEventListener&&\"undefined\"!=typeof URL&&(d.wp=d.wp||{},d.wp.receiveEmbedMessage||(d.wp.receiveEmbedMessage=function(e){var t=e.data;if((t||t.secret||t.message||t.value)&&!\/[^a-zA-Z0-9]\/.test(t.secret)){for(var s,r,n,a=l.querySelectorAll('iframe[data-secret=\"'+t.secret+'\"]'),o=l.querySelectorAll('blockquote[data-secret=\"'+t.secret+'\"]'),c=new RegExp(\"^https?:$\",\"i\"),i=0;i<o.length;i++)o[i].style.display=\"none\";for(i=0;i<a.length;i++)s=a[i],e.source===s.contentWindow&&(s.removeAttribute(\"style\"),\"height\"===t.message?(1e3<(r=parseInt(t.value,10))?r=1e3:~~r<200&&(r=200),s.height=r):\"link\"===t.message&&(r=new URL(s.getAttribute(\"src\")),n=new URL(t.value),c.test(n.protocol))&&n.host===r.host&&l.activeElement===s&&(d.top.location.href=t.value))}},d.addEventListener(\"message\",d.wp.receiveEmbedMessage,!1),l.addEventListener(\"DOMContentLoaded\",function(){for(var e,t,s=l.querySelectorAll(\"iframe.wp-embedded-content\"),r=0;r<s.length;r++)(t=(e=s[r]).getAttribute(\"data-secret\"))||(t=Math.random().toString(36).substring(2,12),e.src+=\"#?secret=\"+t,e.setAttribute(\"data-secret\",t)),e.contentWindow.postMessage({message:\"ready\",secret:t},\"*\")},!1)))}(window,document);\n\/* ]]> *\/\n<\/script>\n","thumbnail_url":"https:\/\/instytutpolski.pl\/budapest\/wp-content\/uploads\/sites\/21\/2023\/04\/FB-WIOSNA-29-FB-1.png","thumbnail_width":1200,"thumbnail_height":628,"description":"M\u00e1jus 2-5. k\u00f6z\u00f6tt M\u00e1sk\u00e9pp c\u00edmsz\u00f3 alatt ker\u00fcl megrendez\u00e9sre az imm\u00e1r 29. Lengyel Filmtavasz, amelyre szeretettel invit\u00e1ljuk r\u00e9gi \u00e9s \u00faj n\u00e9z\u0151inket egyar\u00e1nt. Az idei fesztiv\u00e1l mott\u00f3ja arra utal, hogy az ez\u00e9vi filmmustr\u00e1nk kicsit m\u00e1s lesz, mint az eddigiek. A sz\u00e1nd\u00e9kunk azonban tov\u00e1bbra is v\u00e1ltozatlan marad: a lengyel filmm\u0171v\u00e9szet leg\u00fajabb \u00e9s legizgalmasabb alkot\u00e1sainak bemutat\u00e1sa, valamint sz\u00e1mos felejthetetlen [&hellip;]"}

29. Lengyel Filmtavasz - Másképp - Instytut Polski w Budapeszcie

<blockquote class="wp-embedded-content" data-secret="4IJ2lsaXK7"><a href="https://instytutpolski.pl/budapest/2023/04/24/29-lengyel-filmtavasz-maskepp/"><strong>29. Lengyel Filmtavasz &#8211; Másképp</strong></a></blockquote><iframe sandbox="allow-scripts" security="restricted" src="https://instytutpolski.pl/budapest/2023/04/24/29-lengyel-filmtavasz-maskepp/embed/#?secret=4IJ2lsaXK7" width="600" height="338" title="&#8222;&lt;strong&gt;29. Lengyel Filmtavasz &#8211; Másképp&lt;/strong&gt;&#8221; &#8212; Instytut Polski w Budapeszcie" data-secret="4IJ2lsaXK7" frameborder="0" marginwidth="0" marginheight="0" scrolling="no" class="wp-embedded-content"></iframe><script type="text/javascript">
/* <![CDATA[ */
/*! This file is auto-generated */
!function(d,l){"use strict";l.querySelector&&d.addEventListener&&"undefined"!=typeof URL&&(d.wp=d.wp||{},d.wp.receiveEmbedMessage||(d.wp.receiveEmbedMessage=function(e){var t=e.data;if((t||t.secret||t.message||t.value)&&!/[^a-zA-Z0-9]/.test(t.secret)){for(var s,r,n,a=l.querySelectorAll('iframe[data-secret="'+t.secret+'"]'),o=l.querySelectorAll('blockquote[data-secret="'+t.secret+'"]'),c=new RegExp("^https?:$","i"),i=0;i<o.length;i++)o[i].style.display="none";for(i=0;i<a.length;i++)s=a[i],e.source===s.contentWindow&&(s.removeAttribute("style"),"height"===t.message?(1e3<(r=parseInt(t.value,10))?r=1e3:~~r<200&&(r=200),s.height=r):"link"===t.message&&(r=new URL(s.getAttribute("src")),n=new URL(t.value),c.test(n.protocol))&&n.host===r.host&&l.activeElement===s&&(d.top.location.href=t.value))}},d.addEventListener("message",d.wp.receiveEmbedMessage,!1),l.addEventListener("DOMContentLoaded",function(){for(var e,t,s=l.querySelectorAll("iframe.wp-embedded-content"),r=0;r<s.length;r++)(t=(e=s[r]).getAttribute("data-secret"))||(t=Math.random().toString(36).substring(2,12),e.src+="#?secret="+t,e.setAttribute("data-secret",t)),e.contentWindow.postMessage({message:"ready",secret:t},"*")},!1)))}(window,document);
/* ]]> */
</script>

Május 2-5. között Másképp címszó alatt kerül megrendezésre az immár 29. Lengyel Filmtavasz, amelyre szeretettel invitáljuk régi és új nézőinket egyaránt. Az idei fesztivál mottója arra utal, hogy az ezévi filmmustránk kicsit más lesz, mint az eddigiek. A szándékunk azonban továbbra is változatlan marad: a lengyel filmművészet legújabb és legizgalmasabb alkotásainak bemutatása, valamint számos felejthetetlen [&hellip;]
