{"version":"1.0","provider_name":"Instytut Polski w Budapeszcie","provider_url":"https:\/\/instytutpolski.pl\/budapest","author_name":"jergert","author_url":"https:\/\/instytutpolski.pl\/budapest\/author\/jergert\/","title":"Szent Kinga '800 \/ Szent Hedvig '650 - Instytut Polski w Budapeszcie","type":"rich","width":600,"height":338,"html":"<blockquote class=\"wp-embedded-content\" data-secret=\"LJIepodJPp\"><a href=\"https:\/\/instytutpolski.pl\/budapest\/2024\/03\/11\/szent-kinga-800-szent-hedvig-650\/\">Szent Kinga '800 \/ Szent Hedvig '650<\/a><\/blockquote><iframe sandbox=\"allow-scripts\" security=\"restricted\" src=\"https:\/\/instytutpolski.pl\/budapest\/2024\/03\/11\/szent-kinga-800-szent-hedvig-650\/embed\/#?secret=LJIepodJPp\" width=\"600\" height=\"338\" title=\"&#8222;Szent Kinga &#039;800 \/ Szent Hedvig &#039;650&#8221; &#8212; Instytut Polski w Budapeszcie\" data-secret=\"LJIepodJPp\" frameborder=\"0\" marginwidth=\"0\" marginheight=\"0\" scrolling=\"no\" class=\"wp-embedded-content\"><\/iframe><script type=\"text\/javascript\">\n\/* <![CDATA[ *\/\n\/*! This file is auto-generated *\/\n!function(d,l){\"use strict\";l.querySelector&&d.addEventListener&&\"undefined\"!=typeof URL&&(d.wp=d.wp||{},d.wp.receiveEmbedMessage||(d.wp.receiveEmbedMessage=function(e){var t=e.data;if((t||t.secret||t.message||t.value)&&!\/[^a-zA-Z0-9]\/.test(t.secret)){for(var s,r,n,a=l.querySelectorAll('iframe[data-secret=\"'+t.secret+'\"]'),o=l.querySelectorAll('blockquote[data-secret=\"'+t.secret+'\"]'),c=new RegExp(\"^https?:$\",\"i\"),i=0;i<o.length;i++)o[i].style.display=\"none\";for(i=0;i<a.length;i++)s=a[i],e.source===s.contentWindow&&(s.removeAttribute(\"style\"),\"height\"===t.message?(1e3<(r=parseInt(t.value,10))?r=1e3:~~r<200&&(r=200),s.height=r):\"link\"===t.message&&(r=new URL(s.getAttribute(\"src\")),n=new URL(t.value),c.test(n.protocol))&&n.host===r.host&&l.activeElement===s&&(d.top.location.href=t.value))}},d.addEventListener(\"message\",d.wp.receiveEmbedMessage,!1),l.addEventListener(\"DOMContentLoaded\",function(){for(var e,t,s=l.querySelectorAll(\"iframe.wp-embedded-content\"),r=0;r<s.length;r++)(t=(e=s[r]).getAttribute(\"data-secret\"))||(t=Math.random().toString(36).substring(2,12),e.src+=\"#?secret=\"+t,e.setAttribute(\"data-secret\",t)),e.contentWindow.postMessage({message:\"ready\",secret:t},\"*\")},!1)))}(window,document);\n\/* ]]> *\/\n<\/script>\n","thumbnail_url":"https:\/\/instytutpolski.pl\/budapest\/wp-content\/uploads\/sites\/21\/2024\/03\/kinga_hedvig_cover.png","thumbnail_width":507,"thumbnail_height":463,"description":"Ebben az \u00e9vben \u00fcnnepelj\u00fck Szent Kinga sz\u00fclet\u00e9s\u00e9nek 800. \u00e9vfordul\u00f3j\u00e1t, valamint Szent Hedvig sz\u00fclet\u00e9s\u00e9nek 650. \u00e9vfordul\u00f3j\u00e1t. A jeles \u00e9vfordul\u00f3kat a magyar \u00e9s lengyel egyh\u00e1zi \u00e9s civil szervezetek k\u00f6z\u00f6sen \u00fcnneplik meg m\u00e1rcius 21-22. k\u00f6z\u00f6tt. Ebb\u0151l az alkalomb\u00f3l jeles k\u00fclhoni egyh\u00e1zi szem\u00e9lyek \u00e9rkeznek Budapestre a lengyelorsz\u00e1gi Krakk\u00f3b\u00f3l, Tarn\u00f3wb\u00f3l, a szlov\u00e1kiai Szepeshelyr\u0151l \u00e9s a litv\u00e1niai Vilniuszb\u00f3l, hogy Dr. Erd\u0151 [&hellip;]"}

Ebben az évben ünnepeljük Szent Kinga születésének 800. évfordulóját, valamint Szent Hedvig születésének 650. évfordulóját. A jeles évfordulókat a magyar és lengyel egyházi és civil szervezetek közösen ünneplik meg március 21-22. között. Ebből az alkalomból jeles külhoni egyházi személyek érkeznek Budapestre a lengyelországi Krakkóból, Tarnówból, a szlovákiai Szepeshelyről és a litvániai Vilniuszból, hogy Dr. Erdő [&hellip;]
