{"version":"1.0","provider_name":"Instytut Polski w Budapeszcie","provider_url":"https:\/\/instytutpolski.pl\/budapest","author_name":"jergert","author_url":"https:\/\/instytutpolski.pl\/budapest\/author\/jergert\/","title":"Kerekasztal-besz\u00e9lget\u00e9s - Instytut Polski w Budapeszcie","type":"rich","width":600,"height":338,"html":"<blockquote class=\"wp-embedded-content\" data-secret=\"Y5XyedgEDd\"><a href=\"https:\/\/instytutpolski.pl\/budapest\/2025\/02\/12\/kerekasztal-beszelgetes\/\">Kerekasztal-besz\u00e9lget\u00e9s<\/a><\/blockquote><iframe sandbox=\"allow-scripts\" security=\"restricted\" src=\"https:\/\/instytutpolski.pl\/budapest\/2025\/02\/12\/kerekasztal-beszelgetes\/embed\/#?secret=Y5XyedgEDd\" width=\"600\" height=\"338\" title=\"&#8222;Kerekasztal-besz\u00e9lget\u00e9s&#8221; &#8212; Instytut Polski w Budapeszcie\" data-secret=\"Y5XyedgEDd\" frameborder=\"0\" marginwidth=\"0\" marginheight=\"0\" scrolling=\"no\" class=\"wp-embedded-content\"><\/iframe><script type=\"text\/javascript\">\n\/* <![CDATA[ *\/\n\/*! This file is auto-generated *\/\n!function(d,l){\"use strict\";l.querySelector&&d.addEventListener&&\"undefined\"!=typeof URL&&(d.wp=d.wp||{},d.wp.receiveEmbedMessage||(d.wp.receiveEmbedMessage=function(e){var t=e.data;if((t||t.secret||t.message||t.value)&&!\/[^a-zA-Z0-9]\/.test(t.secret)){for(var s,r,n,a=l.querySelectorAll('iframe[data-secret=\"'+t.secret+'\"]'),o=l.querySelectorAll('blockquote[data-secret=\"'+t.secret+'\"]'),c=new RegExp(\"^https?:$\",\"i\"),i=0;i<o.length;i++)o[i].style.display=\"none\";for(i=0;i<a.length;i++)s=a[i],e.source===s.contentWindow&&(s.removeAttribute(\"style\"),\"height\"===t.message?(1e3<(r=parseInt(t.value,10))?r=1e3:~~r<200&&(r=200),s.height=r):\"link\"===t.message&&(r=new URL(s.getAttribute(\"src\")),n=new URL(t.value),c.test(n.protocol))&&n.host===r.host&&l.activeElement===s&&(d.top.location.href=t.value))}},d.addEventListener(\"message\",d.wp.receiveEmbedMessage,!1),l.addEventListener(\"DOMContentLoaded\",function(){for(var e,t,s=l.querySelectorAll(\"iframe.wp-embedded-content\"),r=0;r<s.length;r++)(t=(e=s[r]).getAttribute(\"data-secret\"))||(t=Math.random().toString(36).substring(2,12),e.src+=\"#?secret=\"+t,e.setAttribute(\"data-secret\",t)),e.contentWindow.postMessage({message:\"ready\",secret:t},\"*\")},!1)))}(window,document);\n\/* ]]> *\/\n<\/script>\n","thumbnail_url":"https:\/\/instytutpolski.pl\/budapest\/wp-content\/uploads\/sites\/21\/2025\/02\/Event-10-1.png","thumbnail_width":1200,"thumbnail_height":628,"description":"Igazs\u00e1gos b\u00e9ke vagy megb\u00e9k\u00e9l\u00e9s: hogyan befoly\u00e1solja az orosz dezinform\u00e1ci\u00f3 Ukrajna t\u00e1mogat\u00e1s\u00e1t \u00e9s a h\u00e1bor\u00fa kimenetel\u00e9t \u00a0 2025. m\u00e1rcius 4, 18:00Blinken OSA Arch\u0456vum, Centr\u00e1lis Gal\u00e9ria (1051 Budapest, Arany J\u00e1nos u. 32.) \u00a0 Az orosz teljes k\u00f6r\u0171 inv\u00e1zi\u00f3 harmadik \u00e9vfordul\u00f3ja alkalm\u00e1b\u00f3l megrendezett kerekasztal-besz\u00e9lget\u00e9s ukr\u00e1n, magyar \u00e9s nemzetk\u00f6zi szak\u00e9rt\u0151ket h\u00edv \u00f6ssze, hogy megvizsg\u00e1lj\u00e1k az orosz dezinform\u00e1ci\u00f3 m\u00e9lyrehat\u00f3 hat\u00e1s\u00e1t [&hellip;]"}

Kerekasztal-beszélgetés - Instytut Polski w Budapeszcie

<blockquote class="wp-embedded-content" data-secret="Y5XyedgEDd"><a href="https://instytutpolski.pl/budapest/2025/02/12/kerekasztal-beszelgetes/">Kerekasztal-beszélgetés</a></blockquote><iframe sandbox="allow-scripts" security="restricted" src="https://instytutpolski.pl/budapest/2025/02/12/kerekasztal-beszelgetes/embed/#?secret=Y5XyedgEDd" width="600" height="338" title="&#8222;Kerekasztal-beszélgetés&#8221; &#8212; Instytut Polski w Budapeszcie" data-secret="Y5XyedgEDd" frameborder="0" marginwidth="0" marginheight="0" scrolling="no" class="wp-embedded-content"></iframe><script type="text/javascript">
/* <![CDATA[ */
/*! This file is auto-generated */
!function(d,l){"use strict";l.querySelector&&d.addEventListener&&"undefined"!=typeof URL&&(d.wp=d.wp||{},d.wp.receiveEmbedMessage||(d.wp.receiveEmbedMessage=function(e){var t=e.data;if((t||t.secret||t.message||t.value)&&!/[^a-zA-Z0-9]/.test(t.secret)){for(var s,r,n,a=l.querySelectorAll('iframe[data-secret="'+t.secret+'"]'),o=l.querySelectorAll('blockquote[data-secret="'+t.secret+'"]'),c=new RegExp("^https?:$","i"),i=0;i<o.length;i++)o[i].style.display="none";for(i=0;i<a.length;i++)s=a[i],e.source===s.contentWindow&&(s.removeAttribute("style"),"height"===t.message?(1e3<(r=parseInt(t.value,10))?r=1e3:~~r<200&&(r=200),s.height=r):"link"===t.message&&(r=new URL(s.getAttribute("src")),n=new URL(t.value),c.test(n.protocol))&&n.host===r.host&&l.activeElement===s&&(d.top.location.href=t.value))}},d.addEventListener("message",d.wp.receiveEmbedMessage,!1),l.addEventListener("DOMContentLoaded",function(){for(var e,t,s=l.querySelectorAll("iframe.wp-embedded-content"),r=0;r<s.length;r++)(t=(e=s[r]).getAttribute("data-secret"))||(t=Math.random().toString(36).substring(2,12),e.src+="#?secret="+t,e.setAttribute("data-secret",t)),e.contentWindow.postMessage({message:"ready",secret:t},"*")},!1)))}(window,document);
/* ]]> */
</script>

Igazságos béke vagy megbékélés: hogyan befolyásolja az orosz dezinformáció Ukrajna támogatását és a háború kimenetelét   2025. március 4, 18:00Blinken OSA Archіvum, Centrális Galéria (1051 Budapest, Arany János u. 32.)   Az orosz teljes körű invázió harmadik évfordulója alkalmából megrendezett kerekasztal-beszélgetés ukrán, magyar és nemzetközi szakértőket hív össze, hogy megvizsgálják az orosz dezinformáció mélyreható hatását [&hellip;]
