{"version":"1.0","provider_name":"Instytut Polski w Budapeszcie","provider_url":"https:\/\/instytutpolski.pl\/budapest","author_name":"felvidekie","author_url":"https:\/\/instytutpolski.pl\/budapest\/author\/felvidekie\/","title":"Stefan \u017beromski \u2013 A szellem forradalma - Instytut Polski w Budapeszcie","type":"rich","width":600,"height":338,"html":"<blockquote class=\"wp-embedded-content\" data-secret=\"ayyFln03ai\"><a href=\"https:\/\/instytutpolski.pl\/budapest\/2026\/01\/06\/stefan-zeromski-a-szellem-forradalma-2\/\">Stefan \u017beromski \u2013 A szellem forradalma<\/a><\/blockquote><iframe sandbox=\"allow-scripts\" security=\"restricted\" src=\"https:\/\/instytutpolski.pl\/budapest\/2026\/01\/06\/stefan-zeromski-a-szellem-forradalma-2\/embed\/#?secret=ayyFln03ai\" width=\"600\" height=\"338\" title=\"&#8222;Stefan \u017beromski \u2013 A szellem forradalma&#8221; &#8212; Instytut Polski w Budapeszcie\" data-secret=\"ayyFln03ai\" frameborder=\"0\" marginwidth=\"0\" marginheight=\"0\" scrolling=\"no\" class=\"wp-embedded-content\"><\/iframe><script type=\"text\/javascript\">\n\/* <![CDATA[ *\/\n\/*! This file is auto-generated *\/\n!function(d,l){\"use strict\";l.querySelector&&d.addEventListener&&\"undefined\"!=typeof URL&&(d.wp=d.wp||{},d.wp.receiveEmbedMessage||(d.wp.receiveEmbedMessage=function(e){var t=e.data;if((t||t.secret||t.message||t.value)&&!\/[^a-zA-Z0-9]\/.test(t.secret)){for(var s,r,n,a=l.querySelectorAll('iframe[data-secret=\"'+t.secret+'\"]'),o=l.querySelectorAll('blockquote[data-secret=\"'+t.secret+'\"]'),c=new RegExp(\"^https?:$\",\"i\"),i=0;i<o.length;i++)o[i].style.display=\"none\";for(i=0;i<a.length;i++)s=a[i],e.source===s.contentWindow&&(s.removeAttribute(\"style\"),\"height\"===t.message?(1e3<(r=parseInt(t.value,10))?r=1e3:~~r<200&&(r=200),s.height=r):\"link\"===t.message&&(r=new URL(s.getAttribute(\"src\")),n=new URL(t.value),c.test(n.protocol))&&n.host===r.host&&l.activeElement===s&&(d.top.location.href=t.value))}},d.addEventListener(\"message\",d.wp.receiveEmbedMessage,!1),l.addEventListener(\"DOMContentLoaded\",function(){for(var e,t,s=l.querySelectorAll(\"iframe.wp-embedded-content\"),r=0;r<s.length;r++)(t=(e=s[r]).getAttribute(\"data-secret\"))||(t=Math.random().toString(36).substring(2,12),e.src+=\"#?secret=\"+t,e.setAttribute(\"data-secret\",t)),e.contentWindow.postMessage({message:\"ready\",secret:t},\"*\")},!1)))}(window,document);\n\/* ]]> *\/\n<\/script>\n","thumbnail_url":"https:\/\/instytutpolski.pl\/budapest\/wp-content\/uploads\/sites\/21\/2026\/01\/Plakat-2.png","thumbnail_width":820,"thumbnail_height":312,"description":"Id\u0151pont:\u00a02026. febru\u00e1r 12. cs\u00fct\u00f6rt\u00f6k, 18.00 \u00f3ra Helysz\u00edn:\u00a0Lengyel Int\u00e9zet (Bp. 1065 Nagymez\u0151 u. 15.) Lengyelorsz\u00e1gban 2025-ben \u00fcnnepelt\u00e9k Stefan \u017beromski pr\u00f3za\u00edr\u00f3, publicista \u00e9s dr\u00e1ma\u00edr\u00f3 hal\u00e1l\u00e1nak 100. \u00e9vfordul\u00f3j\u00e1t, akit m\u00e1ig a XX. sz\u00e1zadi lengyel pr\u00f3za egyik legkiemelked\u0151bb alkot\u00f3jak\u00e9nt \u00e9s a lengyel modernizmus egyik meghat\u00e1roz\u00f3 alakjak\u00e9nt tartanak sz\u00e1mon. A kort\u00e1rsai \u00e1ltal a lengyel irodalom lelkiismeretek\u00e9nt is emlegetett \u017beromski m\u0171veinek [&hellip;]"}

Stefan Żeromski – A szellem forradalma - Instytut Polski w Budapeszcie

<blockquote class="wp-embedded-content" data-secret="ayyFln03ai"><a href="https://instytutpolski.pl/budapest/2026/01/06/stefan-zeromski-a-szellem-forradalma-2/">Stefan Żeromski – A szellem forradalma</a></blockquote><iframe sandbox="allow-scripts" security="restricted" src="https://instytutpolski.pl/budapest/2026/01/06/stefan-zeromski-a-szellem-forradalma-2/embed/#?secret=ayyFln03ai" width="600" height="338" title="&#8222;Stefan Żeromski – A szellem forradalma&#8221; &#8212; Instytut Polski w Budapeszcie" data-secret="ayyFln03ai" frameborder="0" marginwidth="0" marginheight="0" scrolling="no" class="wp-embedded-content"></iframe><script type="text/javascript">
/* <![CDATA[ */
/*! This file is auto-generated */
!function(d,l){"use strict";l.querySelector&&d.addEventListener&&"undefined"!=typeof URL&&(d.wp=d.wp||{},d.wp.receiveEmbedMessage||(d.wp.receiveEmbedMessage=function(e){var t=e.data;if((t||t.secret||t.message||t.value)&&!/[^a-zA-Z0-9]/.test(t.secret)){for(var s,r,n,a=l.querySelectorAll('iframe[data-secret="'+t.secret+'"]'),o=l.querySelectorAll('blockquote[data-secret="'+t.secret+'"]'),c=new RegExp("^https?:$","i"),i=0;i<o.length;i++)o[i].style.display="none";for(i=0;i<a.length;i++)s=a[i],e.source===s.contentWindow&&(s.removeAttribute("style"),"height"===t.message?(1e3<(r=parseInt(t.value,10))?r=1e3:~~r<200&&(r=200),s.height=r):"link"===t.message&&(r=new URL(s.getAttribute("src")),n=new URL(t.value),c.test(n.protocol))&&n.host===r.host&&l.activeElement===s&&(d.top.location.href=t.value))}},d.addEventListener("message",d.wp.receiveEmbedMessage,!1),l.addEventListener("DOMContentLoaded",function(){for(var e,t,s=l.querySelectorAll("iframe.wp-embedded-content"),r=0;r<s.length;r++)(t=(e=s[r]).getAttribute("data-secret"))||(t=Math.random().toString(36).substring(2,12),e.src+="#?secret="+t,e.setAttribute("data-secret",t)),e.contentWindow.postMessage({message:"ready",secret:t},"*")},!1)))}(window,document);
/* ]]> */
</script>

Időpont: 2026. február 12. csütörtök, 18.00 óra Helyszín: Lengyel Intézet (Bp. 1065 Nagymező u. 15.) Lengyelországban 2025-ben ünnepelték Stefan Żeromski prózaíró, publicista és drámaíró halálának 100. évfordulóját, akit máig a XX. századi lengyel próza egyik legkiemelkedőbb alkotójaként és a lengyel modernizmus egyik meghatározó alakjaként tartanak számon. A kortársai által a lengyel irodalom lelkiismereteként is emlegetett Żeromski műveinek [&hellip;]
