{"version":"1.0","provider_name":"Instytut Polski w Budapeszcie","provider_url":"https:\/\/instytutpolski.pl\/budapest","author_name":"takacsm","author_url":"https:\/\/instytutpolski.pl\/budapest\/author\/takacsm\/","title":"Pasimito (PL) - Instytut Polski w Budapeszcie","type":"rich","width":600,"height":338,"html":"<blockquote class=\"wp-embedded-content\" data-secret=\"4D27NZRlDi\"><a href=\"https:\/\/instytutpolski.pl\/budapest\/pl\/2017\/09\/11\/pasimito-pl-2\/\">Pasimito (PL)<\/a><\/blockquote><iframe sandbox=\"allow-scripts\" security=\"restricted\" src=\"https:\/\/instytutpolski.pl\/budapest\/pl\/2017\/09\/11\/pasimito-pl-2\/embed\/#?secret=4D27NZRlDi\" width=\"600\" height=\"338\" title=\"&#8222;Pasimito (PL)&#8221; &#8212; Instytut Polski w Budapeszcie\" data-secret=\"4D27NZRlDi\" frameborder=\"0\" marginwidth=\"0\" marginheight=\"0\" scrolling=\"no\" class=\"wp-embedded-content\"><\/iframe><script type=\"text\/javascript\">\n\/* <![CDATA[ *\/\n\/*! This file is auto-generated *\/\n!function(d,l){\"use strict\";l.querySelector&&d.addEventListener&&\"undefined\"!=typeof URL&&(d.wp=d.wp||{},d.wp.receiveEmbedMessage||(d.wp.receiveEmbedMessage=function(e){var t=e.data;if((t||t.secret||t.message||t.value)&&!\/[^a-zA-Z0-9]\/.test(t.secret)){for(var s,r,n,a=l.querySelectorAll('iframe[data-secret=\"'+t.secret+'\"]'),o=l.querySelectorAll('blockquote[data-secret=\"'+t.secret+'\"]'),c=new RegExp(\"^https?:$\",\"i\"),i=0;i<o.length;i++)o[i].style.display=\"none\";for(i=0;i<a.length;i++)s=a[i],e.source===s.contentWindow&&(s.removeAttribute(\"style\"),\"height\"===t.message?(1e3<(r=parseInt(t.value,10))?r=1e3:~~r<200&&(r=200),s.height=r):\"link\"===t.message&&(r=new URL(s.getAttribute(\"src\")),n=new URL(t.value),c.test(n.protocol))&&n.host===r.host&&l.activeElement===s&&(d.top.location.href=t.value))}},d.addEventListener(\"message\",d.wp.receiveEmbedMessage,!1),l.addEventListener(\"DOMContentLoaded\",function(){for(var e,t,s=l.querySelectorAll(\"iframe.wp-embedded-content\"),r=0;r<s.length;r++)(t=(e=s[r]).getAttribute(\"data-secret\"))||(t=Math.random().toString(36).substring(2,12),e.src+=\"#?secret=\"+t,e.setAttribute(\"data-secret\",t)),e.contentWindow.postMessage({message:\"ready\",secret:t},\"*\")},!1)))}(window,document);\n\/* ]]> *\/\n<\/script>\n","thumbnail_url":"https:\/\/instytutpolski.pl\/budapest\/wp-content\/uploads\/sites\/21\/2020\/04\/pasimito_2.jpg","thumbnail_width":350,"thumbnail_height":480,"description":"11 wrze\u015bnia 2017 r. (poniedzia\u0142ek), godz. 20.00Budapest Jazz Club,\u00a01136 Budapest, Holl\u00e1n Ern\u0151 u. 7. Pasimito to zesp\u00f3\u0142 kt\u00f3rego przedstawia\u0107 nie trzeba.\u00a0 Jest to niew\u0105tpliwie propozycja skierowana do s\u0142uchacza nieco bardziej wymagaj\u0105cego, poszukuj\u0105cego czego\u015b wi\u0119cej ni\u017c oczywistego brzmienia.\u00a0 Ci jednak, kt\u00f3rzy poszukuj\u0105\u00a0 czego\u015b nieoczywistego i wyrafinowanego, na pewno o Pasimito ju\u017c s\u0142yszeli. Zesp\u00f3\u0142 zadebiutowa\u0142 w 2005 [&hellip;]"}

11 września 2017 r. (poniedziałek), godz. 20.00Budapest Jazz Club, 1136 Budapest, Hollán Ernő u. 7. Pasimito to zespół którego przedstawiać nie trzeba.  Jest to niewątpliwie propozycja skierowana do słuchacza nieco bardziej wymagającego, poszukującego czegoś więcej niż oczywistego brzmienia.  Ci jednak, którzy poszukują  czegoś nieoczywistego i wyrafinowanego, na pewno o Pasimito już słyszeli. Zespół zadebiutował w 2005 [&hellip;]
