{"version":"1.0","provider_name":"Instytut Polski w Budapeszcie","provider_url":"https:\/\/instytutpolski.pl\/budapest","author_name":"takacsm","author_url":"https:\/\/instytutpolski.pl\/budapest\/author\/takacsm\/","title":"Vo\u0142osi \/ Lajk\u00f3 F\u00e9lix \/ Alexander Balanescu - Instytut Polski w Budapeszcie","type":"rich","width":600,"height":338,"html":"<blockquote class=\"wp-embedded-content\" data-secret=\"BxG6Ori3il\"><a href=\"https:\/\/instytutpolski.pl\/budapest\/pl\/2018\/08\/04\/volosi-lajko-felix-alexander-balanescu-2\/\">Vo\u0142osi \/ Lajk\u00f3 F\u00e9lix \/ Alexander Balanescu<\/a><\/blockquote><iframe sandbox=\"allow-scripts\" security=\"restricted\" src=\"https:\/\/instytutpolski.pl\/budapest\/pl\/2018\/08\/04\/volosi-lajko-felix-alexander-balanescu-2\/embed\/#?secret=BxG6Ori3il\" width=\"600\" height=\"338\" title=\"&#8222;Vo\u0142osi \/ Lajk\u00f3 F\u00e9lix \/ Alexander Balanescu&#8221; &#8212; Instytut Polski w Budapeszcie\" data-secret=\"BxG6Ori3il\" frameborder=\"0\" marginwidth=\"0\" marginheight=\"0\" scrolling=\"no\" class=\"wp-embedded-content\"><\/iframe><script type=\"text\/javascript\">\n\/* <![CDATA[ *\/\n\/*! This file is auto-generated *\/\n!function(d,l){\"use strict\";l.querySelector&&d.addEventListener&&\"undefined\"!=typeof URL&&(d.wp=d.wp||{},d.wp.receiveEmbedMessage||(d.wp.receiveEmbedMessage=function(e){var t=e.data;if((t||t.secret||t.message||t.value)&&!\/[^a-zA-Z0-9]\/.test(t.secret)){for(var s,r,n,a=l.querySelectorAll('iframe[data-secret=\"'+t.secret+'\"]'),o=l.querySelectorAll('blockquote[data-secret=\"'+t.secret+'\"]'),c=new RegExp(\"^https?:$\",\"i\"),i=0;i<o.length;i++)o[i].style.display=\"none\";for(i=0;i<a.length;i++)s=a[i],e.source===s.contentWindow&&(s.removeAttribute(\"style\"),\"height\"===t.message?(1e3<(r=parseInt(t.value,10))?r=1e3:~~r<200&&(r=200),s.height=r):\"link\"===t.message&&(r=new URL(s.getAttribute(\"src\")),n=new URL(t.value),c.test(n.protocol))&&n.host===r.host&&l.activeElement===s&&(d.top.location.href=t.value))}},d.addEventListener(\"message\",d.wp.receiveEmbedMessage,!1),l.addEventListener(\"DOMContentLoaded\",function(){for(var e,t,s=l.querySelectorAll(\"iframe.wp-embedded-content\"),r=0;r<s.length;r++)(t=(e=s[r]).getAttribute(\"data-secret\"))||(t=Math.random().toString(36).substring(2,12),e.src+=\"#?secret=\"+t,e.setAttribute(\"data-secret\",t)),e.contentWindow.postMessage({message:\"ready\",secret:t},\"*\")},!1)))}(window,document);\n\/* ]]> *\/\n<\/script>\n","thumbnail_url":"https:\/\/instytutpolski.pl\/budapest\/wp-content\/uploads\/sites\/21\/2020\/04\/volosi_fot.dominika_szczech.jpg","thumbnail_width":350,"thumbnail_height":233,"description":"4 sierpnia 2018 r. (sobota), godz. 19.00Teleki-liget,\u00a07772 Vill\u00e1nyk\u00f6vesd Zesp\u00f3\u0142 VO\u0141OSI wyznacza zupe\u0142nie now\u0105 jako\u015b\u0107 na europejskiej scenie muzycznej. Pojawi\u0142 si\u0119 na Festiwalu Nowa Tradycja 2010 i zdoby\u0142 tam wszystkie nagrody regulaminowe i pozaregulaminowe. W roku 2011 potwierdzi\u0142 sw\u00f3j sukces, otrzymuj\u0105c Grand Prix dla najlepszego utworu world music w Europie na konkursie organizowanym przez Europejsk\u0105 Uni\u0119 [&hellip;]"}

Vołosi / Lajkó Félix / Alexander Balanescu - Instytut Polski w Budapeszcie

<blockquote class="wp-embedded-content" data-secret="BxG6Ori3il"><a href="https://instytutpolski.pl/budapest/pl/2018/08/04/volosi-lajko-felix-alexander-balanescu-2/">Vołosi / Lajkó Félix / Alexander Balanescu</a></blockquote><iframe sandbox="allow-scripts" security="restricted" src="https://instytutpolski.pl/budapest/pl/2018/08/04/volosi-lajko-felix-alexander-balanescu-2/embed/#?secret=BxG6Ori3il" width="600" height="338" title="&#8222;Vołosi / Lajkó Félix / Alexander Balanescu&#8221; &#8212; Instytut Polski w Budapeszcie" data-secret="BxG6Ori3il" frameborder="0" marginwidth="0" marginheight="0" scrolling="no" class="wp-embedded-content"></iframe><script type="text/javascript">
/* <![CDATA[ */
/*! This file is auto-generated */
!function(d,l){"use strict";l.querySelector&&d.addEventListener&&"undefined"!=typeof URL&&(d.wp=d.wp||{},d.wp.receiveEmbedMessage||(d.wp.receiveEmbedMessage=function(e){var t=e.data;if((t||t.secret||t.message||t.value)&&!/[^a-zA-Z0-9]/.test(t.secret)){for(var s,r,n,a=l.querySelectorAll('iframe[data-secret="'+t.secret+'"]'),o=l.querySelectorAll('blockquote[data-secret="'+t.secret+'"]'),c=new RegExp("^https?:$","i"),i=0;i<o.length;i++)o[i].style.display="none";for(i=0;i<a.length;i++)s=a[i],e.source===s.contentWindow&&(s.removeAttribute("style"),"height"===t.message?(1e3<(r=parseInt(t.value,10))?r=1e3:~~r<200&&(r=200),s.height=r):"link"===t.message&&(r=new URL(s.getAttribute("src")),n=new URL(t.value),c.test(n.protocol))&&n.host===r.host&&l.activeElement===s&&(d.top.location.href=t.value))}},d.addEventListener("message",d.wp.receiveEmbedMessage,!1),l.addEventListener("DOMContentLoaded",function(){for(var e,t,s=l.querySelectorAll("iframe.wp-embedded-content"),r=0;r<s.length;r++)(t=(e=s[r]).getAttribute("data-secret"))||(t=Math.random().toString(36).substring(2,12),e.src+="#?secret="+t,e.setAttribute("data-secret",t)),e.contentWindow.postMessage({message:"ready",secret:t},"*")},!1)))}(window,document);
/* ]]> */
</script>

4 sierpnia 2018 r. (sobota), godz. 19.00Teleki-liget, 7772 Villánykövesd Zespół VOŁOSI wyznacza zupełnie nową jakość na europejskiej scenie muzycznej. Pojawił się na Festiwalu Nowa Tradycja 2010 i zdobył tam wszystkie nagrody regulaminowe i pozaregulaminowe. W roku 2011 potwierdził swój sukces, otrzymując Grand Prix dla najlepszego utworu world music w Europie na konkursie organizowanym przez Europejską Unię [&hellip;]
