{"version":"1.0","provider_name":"Instytut Polski w Budapeszcie","provider_url":"https:\/\/instytutpolski.pl\/budapest","author_name":"takacsm","author_url":"https:\/\/instytutpolski.pl\/budapest\/author\/takacsm\/","title":"NEW VISEGRAD PHOTOGRAPHY - Instytut Polski w Budapeszcie","type":"rich","width":600,"height":338,"html":"<blockquote class=\"wp-embedded-content\" data-secret=\"6acLjHsfCV\"><a href=\"https:\/\/instytutpolski.pl\/budapest\/pl\/2018\/10\/13\/new-visegrad-photography-2\/\">NEW VISEGRAD PHOTOGRAPHY<\/a><\/blockquote><iframe sandbox=\"allow-scripts\" security=\"restricted\" src=\"https:\/\/instytutpolski.pl\/budapest\/pl\/2018\/10\/13\/new-visegrad-photography-2\/embed\/#?secret=6acLjHsfCV\" width=\"600\" height=\"338\" title=\"&#8222;NEW VISEGRAD PHOTOGRAPHY&#8221; &#8212; Instytut Polski w Budapeszcie\" data-secret=\"6acLjHsfCV\" frameborder=\"0\" marginwidth=\"0\" marginheight=\"0\" scrolling=\"no\" class=\"wp-embedded-content\"><\/iframe><script type=\"text\/javascript\">\n\/* <![CDATA[ *\/\n\/*! This file is auto-generated *\/\n!function(d,l){\"use strict\";l.querySelector&&d.addEventListener&&\"undefined\"!=typeof URL&&(d.wp=d.wp||{},d.wp.receiveEmbedMessage||(d.wp.receiveEmbedMessage=function(e){var t=e.data;if((t||t.secret||t.message||t.value)&&!\/[^a-zA-Z0-9]\/.test(t.secret)){for(var s,r,n,a=l.querySelectorAll('iframe[data-secret=\"'+t.secret+'\"]'),o=l.querySelectorAll('blockquote[data-secret=\"'+t.secret+'\"]'),c=new RegExp(\"^https?:$\",\"i\"),i=0;i<o.length;i++)o[i].style.display=\"none\";for(i=0;i<a.length;i++)s=a[i],e.source===s.contentWindow&&(s.removeAttribute(\"style\"),\"height\"===t.message?(1e3<(r=parseInt(t.value,10))?r=1e3:~~r<200&&(r=200),s.height=r):\"link\"===t.message&&(r=new URL(s.getAttribute(\"src\")),n=new URL(t.value),c.test(n.protocol))&&n.host===r.host&&l.activeElement===s&&(d.top.location.href=t.value))}},d.addEventListener(\"message\",d.wp.receiveEmbedMessage,!1),l.addEventListener(\"DOMContentLoaded\",function(){for(var e,t,s=l.querySelectorAll(\"iframe.wp-embedded-content\"),r=0;r<s.length;r++)(t=(e=s[r]).getAttribute(\"data-secret\"))||(t=Math.random().toString(36).substring(2,12),e.src+=\"#?secret=\"+t,e.setAttribute(\"data-secret\",t)),e.contentWindow.postMessage({message:\"ready\",secret:t},\"*\")},!1)))}(window,document);\n\/* ]]> *\/\n<\/script>\n","thumbnail_url":"https:\/\/instytutpolski.pl\/budapest\/wp-content\/uploads\/sites\/21\/2020\/03\/juraj_staroveckz_opona2_1.jpg","thumbnail_width":350,"thumbnail_height":350,"description":"13 pa\u017adziernika (sobota) \u2014 16 listopada 2018 r. (pi\u0105tek)Latarka (Galeria Platan) NEW VISEGRAD PHOTOGRAPHY &#8211; WYSTAWA FOTOGRAFII Art Market Budapest wraz z festiwalem Art Photo Budapest organizuje wystaw\u0119 pt. \u00a0New Visegrad Photograpy, na kt\u00f3rej prezentuje najciekawsze prace najm\u0142odszej generacji fotograf\u00f3w, absolwent\u00f3w wy\u017cszych szk\u00f3\u0142 artystycznych kraj\u00f3w wyszehradzkich. Tematem wystawy, \u00a0w kt\u00f3rej bierze udzia\u0142 15 tw\u00f3rc\u00f3w z [&hellip;]"}

13 października (sobota) — 16 listopada 2018 r. (piątek)Latarka (Galeria Platan) NEW VISEGRAD PHOTOGRAPHY &#8211; WYSTAWA FOTOGRAFII Art Market Budapest wraz z festiwalem Art Photo Budapest organizuje wystawę pt.  New Visegrad Photograpy, na której prezentuje najciekawsze prace najmłodszej generacji fotografów, absolwentów wyższych szkół artystycznych krajów wyszehradzkich. Tematem wystawy,  w której bierze udział 15 twórców z [&hellip;]
