{"version":"1.0","provider_name":"Instytut Polski w Budapeszcie","provider_url":"https:\/\/instytutpolski.pl\/budapest","author_name":"takacsm","author_url":"https:\/\/instytutpolski.pl\/budapest\/author\/takacsm\/","title":"Kamerdyner - Instytut Polski w Budapeszcie","type":"rich","width":600,"height":338,"html":"<blockquote class=\"wp-embedded-content\" data-secret=\"g9r6e74JTe\"><a href=\"https:\/\/instytutpolski.pl\/budapest\/pl\/2019\/10\/19\/kamerdyner\/\">Kamerdyner<\/a><\/blockquote><iframe sandbox=\"allow-scripts\" security=\"restricted\" src=\"https:\/\/instytutpolski.pl\/budapest\/pl\/2019\/10\/19\/kamerdyner\/embed\/#?secret=g9r6e74JTe\" width=\"600\" height=\"338\" title=\"&#8222;Kamerdyner&#8221; &#8212; Instytut Polski w Budapeszcie\" data-secret=\"g9r6e74JTe\" frameborder=\"0\" marginwidth=\"0\" marginheight=\"0\" scrolling=\"no\" class=\"wp-embedded-content\"><\/iframe><script type=\"text\/javascript\">\n\/* <![CDATA[ *\/\n\/*! This file is auto-generated *\/\n!function(d,l){\"use strict\";l.querySelector&&d.addEventListener&&\"undefined\"!=typeof URL&&(d.wp=d.wp||{},d.wp.receiveEmbedMessage||(d.wp.receiveEmbedMessage=function(e){var t=e.data;if((t||t.secret||t.message||t.value)&&!\/[^a-zA-Z0-9]\/.test(t.secret)){for(var s,r,n,a=l.querySelectorAll('iframe[data-secret=\"'+t.secret+'\"]'),o=l.querySelectorAll('blockquote[data-secret=\"'+t.secret+'\"]'),c=new RegExp(\"^https?:$\",\"i\"),i=0;i<o.length;i++)o[i].style.display=\"none\";for(i=0;i<a.length;i++)s=a[i],e.source===s.contentWindow&&(s.removeAttribute(\"style\"),\"height\"===t.message?(1e3<(r=parseInt(t.value,10))?r=1e3:~~r<200&&(r=200),s.height=r):\"link\"===t.message&&(r=new URL(s.getAttribute(\"src\")),n=new URL(t.value),c.test(n.protocol))&&n.host===r.host&&l.activeElement===s&&(d.top.location.href=t.value))}},d.addEventListener(\"message\",d.wp.receiveEmbedMessage,!1),l.addEventListener(\"DOMContentLoaded\",function(){for(var e,t,s=l.querySelectorAll(\"iframe.wp-embedded-content\"),r=0;r<s.length;r++)(t=(e=s[r]).getAttribute(\"data-secret\"))||(t=Math.random().toString(36).substring(2,12),e.src+=\"#?secret=\"+t,e.setAttribute(\"data-secret\",t)),e.contentWindow.postMessage({message:\"ready\",secret:t},\"*\")},!1)))}(window,document);\n\/* ]]> *\/\n<\/script>\n","thumbnail_url":"https:\/\/instytutpolski.pl\/budapest\/wp-content\/uploads\/sites\/21\/2020\/05\/Szolnok_2019.jpg","thumbnail_width":350,"thumbnail_height":490,"description":"2019. okt\u00f3ber 19. (szombat), 14.30Tisza Mozi,\u00a0Szolnok, Templom \u00fat 4. KAMERDYNER,\u00a02018, 141 min.Re\u017cyseria: Filip BajonScenariusz: Miros\u0142aw Piepka, Micha\u0142 S. Pruski, Marek KlatZdj\u0119cia: \u0141ukasz GuttProdukcja: Filmicon Dom FilmowyObsada: Janusz Gajos, Anna Radwan, Sebastian Fabija\u0144ski, Adam Woronowicz Akcja filmu opowiada histori\u0119 pruskiego rodu von Krauss zamieszkuj\u0105cego w okolicy Pucka, jak r\u00f3wnie\u017c mi\u0142o\u015bci pomi\u0119dzy kaszubskim ch\u0142opcem Mateuszem a niemieck\u0105 [&hellip;]"}

2019. október 19. (szombat), 14.30Tisza Mozi, Szolnok, Templom út 4. KAMERDYNER, 2018, 141 min.Reżyseria: Filip BajonScenariusz: Mirosław Piepka, Michał S. Pruski, Marek KlatZdjęcia: Łukasz GuttProdukcja: Filmicon Dom FilmowyObsada: Janusz Gajos, Anna Radwan, Sebastian Fabijański, Adam Woronowicz Akcja filmu opowiada historię pruskiego rodu von Krauss zamieszkującego w okolicy Pucka, jak również miłości pomiędzy kaszubskim chłopcem Mateuszem a niemiecką [&hellip;]
