{"version":"1.0","provider_name":"Instytut Polski w Budapeszcie","provider_url":"https:\/\/instytutpolski.pl\/budapest","author_name":"jergert","author_url":"https:\/\/instytutpolski.pl\/budapest\/author\/jergert\/","title":"Hajda Banda (PL) \/\/ Festiwal Dolina Sztuki - Instytut Polski w Budapeszcie","type":"rich","width":600,"height":338,"html":"<blockquote class=\"wp-embedded-content\" data-secret=\"xCUchJhMoi\"><a href=\"https:\/\/instytutpolski.pl\/budapest\/pl\/2025\/07\/22\/hajda-banda-pl-festiwal-dolina-sztuki\/\">Hajda Banda (PL) \/\/ Festiwal Dolina Sztuki<\/a><\/blockquote><iframe sandbox=\"allow-scripts\" security=\"restricted\" src=\"https:\/\/instytutpolski.pl\/budapest\/pl\/2025\/07\/22\/hajda-banda-pl-festiwal-dolina-sztuki\/embed\/#?secret=xCUchJhMoi\" width=\"600\" height=\"338\" title=\"&#8222;Hajda Banda (PL) \/\/ Festiwal Dolina Sztuki&#8221; &#8212; Instytut Polski w Budapeszcie\" data-secret=\"xCUchJhMoi\" frameborder=\"0\" marginwidth=\"0\" marginheight=\"0\" scrolling=\"no\" class=\"wp-embedded-content\"><\/iframe><script type=\"text\/javascript\">\n\/* <![CDATA[ *\/\n\/*! This file is auto-generated *\/\n!function(d,l){\"use strict\";l.querySelector&&d.addEventListener&&\"undefined\"!=typeof URL&&(d.wp=d.wp||{},d.wp.receiveEmbedMessage||(d.wp.receiveEmbedMessage=function(e){var t=e.data;if((t||t.secret||t.message||t.value)&&!\/[^a-zA-Z0-9]\/.test(t.secret)){for(var s,r,n,a=l.querySelectorAll('iframe[data-secret=\"'+t.secret+'\"]'),o=l.querySelectorAll('blockquote[data-secret=\"'+t.secret+'\"]'),c=new RegExp(\"^https?:$\",\"i\"),i=0;i<o.length;i++)o[i].style.display=\"none\";for(i=0;i<a.length;i++)s=a[i],e.source===s.contentWindow&&(s.removeAttribute(\"style\"),\"height\"===t.message?(1e3<(r=parseInt(t.value,10))?r=1e3:~~r<200&&(r=200),s.height=r):\"link\"===t.message&&(r=new URL(s.getAttribute(\"src\")),n=new URL(t.value),c.test(n.protocol))&&n.host===r.host&&l.activeElement===s&&(d.top.location.href=t.value))}},d.addEventListener(\"message\",d.wp.receiveEmbedMessage,!1),l.addEventListener(\"DOMContentLoaded\",function(){for(var e,t,s=l.querySelectorAll(\"iframe.wp-embedded-content\"),r=0;r<s.length;r++)(t=(e=s[r]).getAttribute(\"data-secret\"))||(t=Math.random().toString(36).substring(2,12),e.src+=\"#?secret=\"+t,e.setAttribute(\"data-secret\",t)),e.contentWindow.postMessage({message:\"ready\",secret:t},\"*\")},!1)))}(window,document);\n\/* ]]> *\/\n<\/script>\n","thumbnail_url":"https:\/\/instytutpolski.pl\/budapest\/wp-content\/uploads\/sites\/21\/2025\/07\/Hajda-Banda.jpg","thumbnail_width":840,"thumbnail_height":560,"description":"Termin: 25 lipca 2025 r. (pi\u0105tek), godz. 16:30Miejsce: Kapolcs, Dziedziniec Muzyki \u015awiata \u2013 Dom Kocsor Hajda Banda \/ \u0413\u0430\u0439\u0434\u0430 \u0411\u0430\u043d\u0434\u0430 to zesp\u00f3\u0142 bia\u0142orusko-polski, maj\u0105cy siedzib\u0119 w Polsce, specjalizuj\u0105cy si\u0119 w tradycyjnych ta\u0144cach i pie\u015bniach Podlasia na wschodzie Polski, zachodnich obwod\u00f3w Bia\u0142orusi oraz mokrad\u0142ach Polesia, le\u017c\u0105cych na pograniczu polsko-ukrai\u0144sko-bia\u0142oruskim. Grupa u\u017cywa wy\u0142\u0105cznie akustycznych, wiejskich instrument\u00f3w, takich [&hellip;]"}

Termin: 25 lipca 2025 r. (piątek), godz. 16:30Miejsce: Kapolcs, Dziedziniec Muzyki Świata – Dom Kocsor Hajda Banda / Гайда Банда to zespół białorusko-polski, mający siedzibę w Polsce, specjalizujący się w tradycyjnych tańcach i pieśniach Podlasia na wschodzie Polski, zachodnich obwodów Białorusi oraz mokradłach Polesia, leżących na pograniczu polsko-ukraińsko-białoruskim. Grupa używa wyłącznie akustycznych, wiejskich instrumentów, takich [&hellip;]
