{"version":"1.0","provider_name":"Instytut Polski w Budapeszcie","provider_url":"https:\/\/instytutpolski.pl\/budapest","author_name":"jergert","author_url":"https:\/\/instytutpolski.pl\/budapest\/author\/jergert\/","title":"Polska kamperem - Instytut Polski w Budapeszcie","type":"rich","width":600,"height":338,"html":"<blockquote class=\"wp-embedded-content\" data-secret=\"Af1S5Feh6M\"><a href=\"https:\/\/instytutpolski.pl\/budapest\/pl\/2025\/11\/17\/polska-kamperem\/\">Polska kamperem<\/a><\/blockquote><iframe sandbox=\"allow-scripts\" security=\"restricted\" src=\"https:\/\/instytutpolski.pl\/budapest\/pl\/2025\/11\/17\/polska-kamperem\/embed\/#?secret=Af1S5Feh6M\" width=\"600\" height=\"338\" title=\"&#8222;Polska kamperem&#8221; &#8212; Instytut Polski w Budapeszcie\" data-secret=\"Af1S5Feh6M\" frameborder=\"0\" marginwidth=\"0\" marginheight=\"0\" scrolling=\"no\" class=\"wp-embedded-content\"><\/iframe><script type=\"text\/javascript\">\n\/* <![CDATA[ *\/\n\/*! This file is auto-generated *\/\n!function(d,l){\"use strict\";l.querySelector&&d.addEventListener&&\"undefined\"!=typeof URL&&(d.wp=d.wp||{},d.wp.receiveEmbedMessage||(d.wp.receiveEmbedMessage=function(e){var t=e.data;if((t||t.secret||t.message||t.value)&&!\/[^a-zA-Z0-9]\/.test(t.secret)){for(var s,r,n,a=l.querySelectorAll('iframe[data-secret=\"'+t.secret+'\"]'),o=l.querySelectorAll('blockquote[data-secret=\"'+t.secret+'\"]'),c=new RegExp(\"^https?:$\",\"i\"),i=0;i<o.length;i++)o[i].style.display=\"none\";for(i=0;i<a.length;i++)s=a[i],e.source===s.contentWindow&&(s.removeAttribute(\"style\"),\"height\"===t.message?(1e3<(r=parseInt(t.value,10))?r=1e3:~~r<200&&(r=200),s.height=r):\"link\"===t.message&&(r=new URL(s.getAttribute(\"src\")),n=new URL(t.value),c.test(n.protocol))&&n.host===r.host&&l.activeElement===s&&(d.top.location.href=t.value))}},d.addEventListener(\"message\",d.wp.receiveEmbedMessage,!1),l.addEventListener(\"DOMContentLoaded\",function(){for(var e,t,s=l.querySelectorAll(\"iframe.wp-embedded-content\"),r=0;r<s.length;r++)(t=(e=s[r]).getAttribute(\"data-secret\"))||(t=Math.random().toString(36).substring(2,12),e.src+=\"#?secret=\"+t,e.setAttribute(\"data-secret\",t)),e.contentWindow.postMessage({message:\"ready\",secret:t},\"*\")},!1)))}(window,document);\n\/* ]]> *\/\n<\/script>\n","thumbnail_url":"https:\/\/instytutpolski.pl\/budapest\/wp-content\/uploads\/sites\/21\/2025\/11\/572773539_1235072885317439_4877039435609646555_n.jpg","thumbnail_width":2048,"thumbnail_height":1074,"description":"Polska kamperem \u2013 na p\u00f3\u0142nocy morze, na po\u0142udniu g\u00f3ry, a pomi\u0119dzy nimi pola i jeziora mazurskie Miejsce: Instytut Polski \u2013 1065 Budapeszt, ul. Nagymez\u0151 15.Termin: 3 grudnia 2025 r., godz. 17:30 W tym roku pomys\u0142 zorganizowania \u201edwutygodni\u00f3wki\u201d w Polsce nie narodzi\u0142 si\u0119 wy\u0142\u0105cznie z naszej inicjatywy \u2013 impulsem by\u0142a propozycja, zach\u0119ta i wsparcie Polskiej Organizacji [&hellip;]"}

Polska kamperem – na północy morze, na południu góry, a pomiędzy nimi pola i jeziora mazurskie Miejsce: Instytut Polski – 1065 Budapeszt, ul. Nagymező 15.Termin: 3 grudnia 2025 r., godz. 17:30 W tym roku pomysł zorganizowania „dwutygodniówki” w Polsce nie narodził się wyłącznie z naszej inicjatywy – impulsem była propozycja, zachęta i wsparcie Polskiej Organizacji [&hellip;]
