{"id":1000,"date":"2019-06-11T19:08:00","date_gmt":"2019-06-11T17:08:00","guid":{"rendered":"https:\/\/instytutpolski.pl\/budapeszt\/?page_id=1000"},"modified":"2019-06-11T20:41:25","modified_gmt":"2019-06-11T18:41:25","slug":"felsooktatas","status":"publish","type":"page","link":"https:\/\/instytutpolski.pl\/budapest\/felsooktatas\/","title":{"rendered":"Fels\u0151oktat\u00e1s"},"content":{"rendered":"\n<h2 class=\"wp-block-heading\" style=\"text-align:center\"><strong>LENGYEL TANULM\u00c1NYOK MAGYARORSZ\u00c1GON<\/strong><\/h2>\n\n\n\n<div class=\"wp-block-columns has-2-columns is-layout-flex wp-container-core-columns-is-layout-1 wp-block-columns-is-layout-flex\">\n<div class=\"wp-block-column is-layout-flow wp-block-column-is-layout-flow\">\n<p><a href=\"http:\/\/szlavintezet.elte.hu\/lengyel\/index.shtml\"><img loading=\"lazy\" decoding=\"async\" class=\"alignnone size-full wp-image-1001\" src=\"https:\/\/instytutpolski.pl\/budapeszt\/wp-content\/uploads\/sites\/21\/2019\/06\/elte-1.jpg\" alt=\"\" width=\"225\" height=\"225\" srcset=\"https:\/\/instytutpolski.pl\/budapest\/wp-content\/uploads\/sites\/21\/2019\/06\/elte-1.jpg 225w, https:\/\/instytutpolski.pl\/budapest\/wp-content\/uploads\/sites\/21\/2019\/06\/elte-1-150x150.jpg 150w\" sizes=\"auto, (max-width: 225px) 100vw, 225px\" \/><\/a><\/p>\n<\/div>\n\n\n\n<div class=\"wp-block-column is-layout-flow wp-block-column-is-layout-flow\">\n<p>\u00a0<strong><a href=\"http:\/\/szlavintezet.elte.hu\/lengyel\/index.shtml\" target=\"_blank\" rel=\"noopener noreferrer\">BUDAPESTI E\u00d6TV\u00d6S L\u00d3R\u00c1ND TUDOM\u00c1NYEGYETEM<\/a><\/strong><\/p>\n<p>B\u00f6lcs\u00e9szettudom\u00e1nyi Kar<\/p>\n<p>Szl\u00e1v \u00e9s Balti Filol\u00f3giai Int\u00e9zet<\/p>\n<p>Lengyel Filol\u00f3giai Tansz\u00e9k<\/p>\n<p>Tansz\u00e9kvezet\u0151: Dr. R\u00e1duly Zsuzsanna<\/p>\n<p>Magyarorsz\u00e1g legr\u00e9gebbi Lengyel Filol\u00f3gia Tansz\u00e9ke, mely \u00e1tlag 90 hallgat\u00f3t sz\u00e1ml\u00e1l. A tansz\u00e9k lengyel nyelvi alapk\u00e9pz\u00e9st \u00e9s mesterk\u00e9pz\u00e9st, valamint lengyel nyelvi lektor\u00e1tust, fakultat\u00edv foglalkoz\u00e1sokat \u00e9s doktori tanulm\u00e1nyokat biztos\u00edt. A lengyel filol\u00f3giai k\u00e9pz\u00e9sben szerepl\u0151 tanegys\u00e9gek: nyelv\u00e9szet, szl\u00e1v kult\u00fara \u00e9s irodalom.<\/p>\n<p><strong>El\u00e9rhet\u0151s\u00e9gek<\/strong><\/p>\n<p><strong>C\u00edm:\u00a0<\/strong>1088 Budapest, M\u00fazeum krt. 4\/D I. em. 101.\u00a0<strong>\u00a0<\/strong><\/p>\n<p><strong>Telefon:\u00a0<\/strong>411 6700 \/ 5144<\/p>\n<p><strong>Honlap:\u00a0<\/strong><a href=\"http:\/\/szlavintezet.elte.hu\/lengyel\/index.shtml\" target=\"_blank\" rel=\"noopener noreferrer\">http:\/\/szlavintezet.elte.hu\/lengyel\/index.shtml<\/a><\/p>\n<p><strong>E-mail:\u00a0<\/strong><a href=\"mailto:lengyeltanszek@btk.elte.hu\">lengyeltanszek@btk.elte.hu<\/a><\/p>\n\n\n\n<p><\/p>\n<\/div>\n<\/div>\n\n\n\n<hr class=\"wp-block-separator\" \/>\n\n\n\n<div class=\"wp-block-columns has-2-columns is-layout-flex wp-container-core-columns-is-layout-2 wp-block-columns-is-layout-flex\">\n<div class=\"wp-block-column is-layout-flow wp-block-column-is-layout-flow\">\n<p><a href=\"http:\/\/www.btk.ppke.hu\/karunkrol\/intezetek-tanszekek\/szlavisztika-kozep-europa-intezet\/lengyel-tanszek\"><img loading=\"lazy\" decoding=\"async\" class=\"alignnone size-full wp-image-1003\" src=\"https:\/\/instytutpolski.pl\/budapeszt\/wp-content\/uploads\/sites\/21\/2019\/06\/ppke_logo_1544_0-1.gif\" alt=\"\" width=\"313\" height=\"500\" \/><\/a><\/p>\n<\/div>\n\n\n\n<div class=\"wp-block-column is-layout-flow wp-block-column-is-layout-flow\">\n<p><strong><a href=\"http:\/\/www.btk.ppke.hu\/karunkrol\/intezetek-tanszekek\/szlavisztika-kozep-europa-intezet\/lengyel-tanszek\">P\u00c1ZM\u00c1NY P\u00c9TER KATOLIKUS EGYETEM, PILISCSABA<\/a><\/strong><\/p>\n<p><br \/>B\u00f6lcs\u00e9szettudom\u00e1nyi Kar<\/p>\n<p>Szlavisztika-K\u00f6z\u00e9p-Eur\u00f3pa Int\u00e9zet<\/p>\n<p>Lengyel Tansz\u00e9k<\/p>\n<p>Tansz\u00e9kvezet\u0151: Dr. P\u00e1lfalvi Lajos<\/p>\n<p>A Lengyel Tansz\u00e9k alapk\u00e9pz\u00e9st k\u00edn\u00e1l. A k\u00e9pz\u00e9s keret\u00e9ben meghirdetett tanegys\u00e9gek: irodalom, nyelv\u00e9szet, t\u00f6rt\u00e9nelem, kult\u00fara. Hallgat\u00f3k sz\u00e1ma: 70 f\u0151.<\/p>\n<p>El\u00e9rhet\u0151s\u00e9gek:<\/p>\n<p>Ambrosianum fsz. 136.<br \/>E-mail:\u00a0lengyel@btk.ppke.hu<br \/>Tel.: (26) 577-000\/2970<br \/>Fax: (26) 577-071, (26) 577-000\/2876<\/p>\n\n\n\n<p><\/p>\n<\/div>\n<\/div>\n\n\n\n<h2><strong>TANULM\u00c1NYOK LENGYELORSZ\u00c1GBAN<\/strong><\/h2>\n<p>Lengyelorsz\u00e1gban mintegy k\u00e9tmilli\u00f3an vesznek r\u00e9szt fels\u0151oktat\u00e1si k\u00e9pz\u00e9sben, ami a (19-24 \u00e9v k\u00f6z\u00f6tti) tanul\u00f3koroszt\u00e1ly \u00f6sszn\u00e9pess\u00e9g\u00e9nek mintegy a fel\u00e9t jelenti. A hallgat\u00f3k tanint\u00e9zm\u00e9nyek \u00e9s tanulm\u00e1nyok sz\u00e9les sk\u00e1l\u00e1j\u00e1b\u00f3l v\u00e1laszthatnak. Lengyelorsz\u00e1gban mintegy f\u00e9lezer f\u0151iskola, fels\u0151oktat\u00e1si int\u00e9zm\u00e9ny l\u00e9tezik. L\u00e9teznek fels\u0151oktat\u00e1si k\u00f6zint\u00e9zm\u00e9nyek: akad\u00e9miai k\u00f6zint\u00e9zm\u00e9nyek \u00e9s \u00e1llami szakf\u0151iskol\u00e1k, valamint k\u00f6zint\u00e9zm\u00e9nynek nem min\u0151s\u00fcl\u0151 egyh\u00e1zi iskol\u00e1k. Az fels\u0151oktat\u00e1si int\u00e9zm\u00e9nyek falai k\u00f6z\u00fcl \u00e9vente mintegy 400 ezer v\u00e9gz\u0151s hallgat\u00f3 ker\u00fcl ki minden \u00e9vben.<\/p>\n\n\n\n<div class=\"wp-block-columns has-2-columns is-layout-flex wp-container-core-columns-is-layout-3 wp-block-columns-is-layout-flex\">\n<div class=\"wp-block-column is-layout-flow wp-block-column-is-layout-flow\">\n<h4><strong><a href=\"http:\/\/studyinpoland.pl\/\" target=\"_blank\" rel=\"noopener noreferrer\">TA<\/a><\/strong><strong><a href=\"http:\/\/studyinpoland.pl\/\" target=\"_blank\" rel=\"noopener noreferrer\">NULJ LENGYELORSZ\u00c1GBAN!<\/a><\/strong><\/h4>\n\n\n\n<p><a href=\"http:\/\/studyinpoland.pl\/\"><img loading=\"lazy\" decoding=\"async\" class=\"alignnone size-full wp-image-1008\" src=\"https:\/\/instytutpolski.pl\/budapeszt\/wp-content\/uploads\/sites\/21\/2019\/06\/logo_study_in_poland-1.gif\" alt=\"\" width=\"216\" height=\"74\" \/><\/a><\/p>\n\n\n\n<h4><strong><a href=\"http:\/\/www.studyinkrakow.edu.pl\/\" target=\"_blank\" rel=\"noopener noreferrer\">TANULJ KRAKK\u00d3BAN!<\/a><\/strong><\/h4>\n<\/div>\n\n\n\n<div class=\"wp-block-column is-layout-flow wp-block-column-is-layout-flow\">\n<p><strong><a href=\"http:\/\/www.nauka.gov.pl\/higher-education\/ready-study-go-poland\/\" target=\"_blank\" rel=\"noopener noreferrer\">READY, STUDY, GO! POLAND<\/a><\/strong><\/p>\n\n\n\n<p><a href=\"http:\/\/www.nauka.gov.pl\/fileadmin\/user_upload\/eng\/he\/20120625_ENG_prev.pdf\"><img loading=\"lazy\" decoding=\"async\" class=\"alignnone size-full wp-image-1009\" src=\"https:\/\/instytutpolski.pl\/budapeszt\/wp-content\/uploads\/sites\/21\/2019\/06\/readystudygopoland-1.jpg\" alt=\"\" width=\"161\" height=\"144\" \/><\/a><\/p>\n\n\n\n<h4><strong><a href=\"http:\/\/www.studyinwarsaw.pl\/\" target=\"_blank\" rel=\"noopener noreferrer\">TANULJ VARS\u00d3BAN!<\/a><\/strong><\/h4>\n<\/div>\n<\/div>\n\n\n\n<hr class=\"wp-block-separator\" \/>\n\n\n\n<div class=\"wp-block-columns has-2-columns is-layout-flex wp-container-core-columns-is-layout-4 wp-block-columns-is-layout-flex\">\n<div class=\"wp-block-column is-layout-flow wp-block-column-is-layout-flow\">\n<p><a href=\"http:\/\/%20www.cp.edu.pl\/\"><img loading=\"lazy\" decoding=\"async\" class=\"alignnone size-full wp-image-1010\" src=\"https:\/\/instytutpolski.pl\/budapeszt\/wp-content\/uploads\/sites\/21\/2019\/06\/collegium_polonicum.jpg\" alt=\"\" width=\"250\" height=\"80\" \/><\/a><\/p>\n<\/div>\n\n\n\n<div class=\"wp-block-column is-layout-flow wp-block-column-is-layout-flow\">\n<p>A &#8222;lengyel mint idegen nyelv&#8221; szak\u00a0m\u00e9g 2007-ben kezdte meg m\u0171k\u00f6d\u00e9s\u00e9t, abb\u00f3l a c\u00e9lb\u00f3l, hogy a k\u00fclf\u00f6ldi hallgat\u00f3k megismerhess\u00e9k\u00a0a lengyel nyelvet \u00e9s kult\u00far\u00e1t. A speci\u00e1lis, k\u00fclf\u00f6ldi di\u00e1koknak sz\u00f3l\u00f3 el\u0151ad\u00e1sok seg\u00edtenek a\u00a0nyelvi alapok elsaj\u00e1t\u00edt\u00e1s\u00e1ban, m\u00e9g azoknak is, akik kor\u00e1bban egy\u00e1ltal\u00e1n nem tanult\u00e1k \u00e9s nem ismerik a nyelvet. A programban, annak l\u00e9trehoz\u00e1sa \u00f3ta mintegy 200 k\u00fclf\u00f6ldi hallgat\u00f3 vett r\u00e9szt, akik a hat szemeszter alatt megismerkedhettek Lengyelorsz\u00e1g t\u00f6rt\u00e9nelm\u00e9vel, kult\u00far\u00e1j\u00e1val, a lengyel nyelvvel \u00e9s irodalommal. A program eredm\u00e9nyei azt igazolj\u00e1k, hogy ezek a nyelvi (el\u0151)tanulm\u00e1nyok a k\u00fclf\u00fcldi tanul\u00f3 sz\u00e1m\u00e1ra nagy seg\u00edts\u00e9g\u00fcl szolg\u00e1lnak a k\u00e9s\u0151bbi \u00f6szt\u00f6nd\u00edjprogramok, tanulm\u00e1nyi csereprogramok folytat\u00e1s\u00e1ban, mind pedig az idegen k\u00f6rnyezetbe t\u00f6rt\u00e9n\u0151 beilleszked\u00e9s\u00fckben.<\/p>\n<\/div>\n<\/div>\n\n\n\n<h2 class=\"wp-block-heading\"><strong>A LENGYEL OKTAT\u00c1SI RENDSZER<\/strong><\/h2>\n\n\n\n<p>A Bolognai Folyamat \u00e9rtelm\u00e9ben a lengyel oktat\u00e1si rendszer h\u00e1rom szintre \u00e9p\u00fcl.<\/p>\n<p><strong>Els\u0151fok\u00fa tanulm\u00e1nyok<\/strong>\u00a0\u2013 alapk\u00e9pz\u00e9s (BA, BSc), melynek c\u00e9lja az alapoz\u00f3 elm\u00e9leti \u00e9s a gyakorlatban is j\u00f3l hasznos\u00edthat\u00f3 szakmai ismeretek megszerz\u00e9se, mely a k\u00e9pz\u00e9s befejezt\u00e9vel az adott szakir\u00e1nyban val\u00f3 munkav\u00e1llal\u00e1st seg\u00edti.<\/p>\n<p><strong>M\u00e1sodfok\u00fa tanulm\u00e1nyok<\/strong>\u00a0\u2013 mesterk\u00e9pz\u00e9s (MA), mely speci\u00e1lis ismeretek elsaj\u00e1t\u00edt\u00e1s\u00e1ra, valamint alkot\u00f3i munkav\u00e9gz\u00e9sre ad alkalmat az adott szakir\u00e1nyban, mesterfokozatot biztos\u00edtva a m\u00e1sodfok\u00fa tanulm\u00e1nyok befejezt\u00e9vel.<\/p>\n<p><strong>Harmadfok\u00fa tanulm\u00e1nyok<\/strong>\u00a0\u2013 doktori k\u00e9pz\u00e9s (PhD), melyre magiszteri, vagy annak megfelel\u0151 fokozatot m\u00e1r elnyert hallgat\u00f3k jelentkezhetnek. A k\u00e9pz\u00e9s az adott ter\u00fcleten illetve tudom\u00e1ny\u00e1gon bel\u00fcl magas szint\u0171 ismeretek elsaj\u00e1t\u00edt\u00e1s\u00e1t teszi lehet\u0151v\u00e9, a doktori c\u00edm megszerz\u00e9s\u00e9vel tov\u00e1bbi tudom\u00e1nyos,\u00a0 kutat\u00f3i, \u00e9s alkot\u00f3i tev\u00e9kenys\u00e9gre adva lehet\u0151s\u00e9get.<\/p>\n<p>Fels\u0151oktat\u00e1si int\u00e9zm\u00e9nyben v\u00e9gzett, diplom\u00e1s hallgat\u00f3k tanulm\u00e1nyaikat m\u00e1soddiplom\u00e1s k\u00e9pz\u00e9s keret\u00e9ben folytathatj\u00e1k.<\/p>\n<h2><strong>TOV\u00c1BBI LINKEK<\/strong><\/h2>\n\n\n\n<p><a href=\"http:\/\/www.ajp.gdansk.pl\/\" target=\"_blank\" rel=\"noopener noreferrer\">Lengyel Nyelv Akad\u00e9mia, Gda\u0144sk<\/a><\/p>\n<p><strong>Tudom\u00e1nyegyetemek<\/strong><\/p>\n<p><a href=\"http:\/\/amu.edu.pl\/\" target=\"_blank\" rel=\"noopener noreferrer\">Adam Mickiewicz Tudom\u00e1nyegyetem, Pozna\u0144<\/a><\/p>\n<p><a href=\"http:\/\/www.univ.gda.pl\/\" target=\"_blank\" rel=\"noopener noreferrer\">Gda\u0144ski Tudom\u00e1nyegyetem<\/a><\/p>\n<p><a href=\"http:\/\/www.uj.edu.pl\/\" target=\"_blank\" rel=\"noopener noreferrer\">Jagell\u00f3 Egyetem, Krakk\u00f3<\/a><\/p>\n<p><a href=\"http:\/\/www.jubileum.uj.edu.pl\/fund\" target=\"_blank\" rel=\"noopener noreferrer\">Jagell\u00f3 Egyetem (Phd \u00f6sz\u00f6nd\u00edjak)<\/a><\/p>\n<p><a href=\"http:\/\/www.uni.torun.pl\/\" target=\"_blank\" rel=\"noopener noreferrer\">Kopernikusz Tudom\u00e1nyegyetem, Toru\u0144<\/a><\/p>\n<p><a href=\"http:\/\/www.kul.lublin.pl\/\" target=\"_blank\" rel=\"noopener noreferrer\">Lublini Katolikus Egyetem<\/a><\/p>\n<p><a href=\"http:\/\/www.uni.lodz.pl\/\" target=\"_blank\" rel=\"noopener noreferrer\">\u0141\u00f3dzi Tudom\u00e1nyegyetem<\/a><\/p>\n<p><a href=\"http:\/\/www.us.edu.pl\/\" target=\"_blank\" rel=\"noopener noreferrer\">Szil\u00e9ziai Tudom\u00e1nyegyetem, Katowice<\/a><\/p>\n<p><a href=\"http:\/\/www.uw.edu.pl\/\" target=\"_blank\" rel=\"noopener noreferrer\">Vars\u00f3i Tudom\u00e1nyegyetem<\/a><\/p>\n<p><a href=\"http:\/\/www.uni.wroc.pl\/\" target=\"_blank\" rel=\"noopener noreferrer\">Wroc\u0142awi Tudom\u00e1nyegyetem<\/a><\/p>\n<p><strong>M\u0171szaki Egyetemek<\/strong><\/p>\n<p><a href=\"http:\/\/www.pk.edu.pl\/\" target=\"_blank\" rel=\"noopener noreferrer\">Krakk\u00f3i M\u0171szaki Egyetem<\/a><\/p>\n<p><a href=\"http:\/\/www.p.lodz.pl\/\" target=\"_blank\" rel=\"noopener noreferrer\">\u0141\u00f3dzi M\u0171szaki Egyetem<\/a><\/p>\n<p><a href=\"http:\/\/www.po.opole.pl\/\" target=\"_blank\" rel=\"noopener noreferrer\">Opolei M\u0171szaki Egyetem<\/a><\/p>\n<p><a href=\"http:\/\/www.polsl.gliwice.pl\/\" target=\"_blank\" rel=\"noopener noreferrer\">Sil\u00e9ziai M\u0171szaki Egyetem<\/a><\/p>\n<p><a href=\"http:\/\/www.pw.edu.pl\/\" target=\"_blank\" rel=\"noopener noreferrer\">Vars\u00f3i M\u0171szaki Egyetem<\/a><\/p>\n<p><a href=\"http:\/\/www.pwr.wroc.pl\/\" target=\"_blank\" rel=\"noopener noreferrer\">Wroc\u0142awi M\u0171szaki Egyetem<\/a><\/p>\n<p><strong>K\u00f6zgazdas\u00e1gi F\u0151iskol\u00e1k<\/strong><\/p>\n<p><a href=\"http:\/\/www.ae.katowice.pl\/\" target=\"_blank\" rel=\"noopener noreferrer\">Karol Adamiecki K\u00f6zgazdas\u00e1gi Akad\u00e9mia, Katowice<\/a><\/p>\n<p><a href=\"http:\/\/www.sgh.waw.pl\/\" target=\"_blank\" rel=\"noopener noreferrer\">Kereskedelmi F\u0151iskola, Vars\u00f3<\/a><\/p>\n<p><a href=\"http:\/\/www.ae.krakow.pl\/\" target=\"_blank\" rel=\"noopener noreferrer\">K\u00f6zgazdas\u00e1gi Akad\u00e9mia, Krakk\u00f3<\/a><\/p>\n<p><a href=\"http:\/\/www.ae.poznan.pl\/\" target=\"_blank\" rel=\"noopener noreferrer\">K\u00f6zgazdas\u00e1gi Akad\u00e9mia, Pozna\u0144<\/a><\/p>\n<p><a href=\"http:\/\/www.ae.wroc.pl\/\" target=\"_blank\" rel=\"noopener noreferrer\">Oskar Lange K\u00f6zgazdas\u00e1gi Akad\u00e9mia, Wroc\u0142aw<\/a><\/p>\n<p><strong>M\u0171v\u00e9szeti fels\u0151oktat\u00e1s<\/strong><\/p>\n<p><a href=\"http:\/\/www.asp.gda.pl\/\" target=\"_blank\" rel=\"noopener noreferrer\">Gdanski K\u00e9pz\u0151m\u0171v\u00e9szeti Akad\u00e9mia<\/a><\/p>\n<p><a href=\"http:\/\/www.asp.katowice.pl\/\" target=\"_blank\" rel=\"noopener noreferrer\">Katowicei K\u00e9pz\u0151m\u0171v\u00e9szeti Akad\u00e9mia<\/a><\/p>\n<p><a href=\"http:\/\/www.asp.krakow.pl\/\" target=\"_blank\" rel=\"noopener noreferrer\">Krakk\u00f3i K\u00e9pz\u0151m\u0171v\u00e9szeti Akad\u00e9mia<\/a><\/p>\n<p><a href=\"http:\/\/www.asp.poznan.pl\/\" target=\"_blank\" rel=\"noopener noreferrer\">Poznani M\u0171v\u00e9szeti Egyetem<\/a>\u00a0<\/p>\n<p><a href=\"http:\/\/www.asp.waw.pl\/\" target=\"_blank\" rel=\"noopener noreferrer\">Vars\u00f3i K\u00e9pz\u0151m\u0171v\u00e9szeti Akad\u00e9mia<\/a>\u00a0<\/p>\n<p><a href=\"http:\/\/www.asp.wroc.pl\/\" target=\"_blank\" rel=\"noopener noreferrer\">Wroc\u0142awi K\u00e9pz\u0151m\u0171v\u00e9szeti Akad\u00e9mia<\/a><\/p>\n","protected":false},"excerpt":{"rendered":"<p>LENGYEL TANULM\u00c1NYOK MAGYARORSZ\u00c1GON \u00a0BUDAPESTI E\u00d6TV\u00d6S L\u00d3R\u00c1ND TUDOM\u00c1NYEGYETEM B\u00f6lcs\u00e9szettudom\u00e1nyi Kar Szl\u00e1v \u00e9s Balti Filol\u00f3giai Int\u00e9zet Lengyel Filol\u00f3giai Tansz\u00e9k Tansz\u00e9kvezet\u0151: Dr. R\u00e1duly Zsuzsanna Magyarorsz\u00e1g legr\u00e9gebbi Lengyel Filol\u00f3gia Tansz\u00e9ke, mely \u00e1tlag 90 hallgat\u00f3t sz\u00e1ml\u00e1l. A tansz\u00e9k lengyel nyelvi alapk\u00e9pz\u00e9st \u00e9s mesterk\u00e9pz\u00e9st, valamint lengyel nyelvi lektor\u00e1tust, fakultat\u00edv foglalkoz\u00e1sokat \u00e9s doktori tanulm\u00e1nyokat biztos\u00edt. A lengyel filol\u00f3giai k\u00e9pz\u00e9sben szerepl\u0151 tanegys\u00e9gek: nyelv\u00e9szet, [&hellip;]<\/p>\n","protected":false},"author":1,"featured_media":0,"parent":0,"menu_order":0,"comment_status":"closed","ping_status":"closed","template":"","meta":{"inline_featured_image":false,"_monsterinsights_skip_tracking":false,"_monsterinsights_sitenote_active":false,"_monsterinsights_sitenote_note":"","_monsterinsights_sitenote_category":0,"footnotes":""},"class_list":["post-1000","page","type-page","status-publish","hentry"],"yoast_head":"<!-- This site is optimized with the Yoast SEO plugin v24.6 - https:\/\/yoast.com\/wordpress\/plugins\/seo\/ -->\n<title>Fels\u0151oktat\u00e1s - Instytut Polski w Budapeszcie<\/title>\n<meta name=\"robots\" content=\"index, follow, max-snippet:-1, max-image-preview:large, max-video-preview:-1\" \/>\n<link rel=\"canonical\" href=\"https:\/\/instytutpolski.pl\/budapest\/felsooktatas\/\" \/>\n<meta property=\"og:locale\" content=\"pl_PL\" \/>\n<meta property=\"og:type\" content=\"article\" \/>\n<meta property=\"og:title\" content=\"Fels\u0151oktat\u00e1s - Instytut Polski w Budapeszcie\" \/>\n<meta property=\"og:description\" content=\"LENGYEL TANULM\u00c1NYOK MAGYARORSZ\u00c1GON \u00a0BUDAPESTI E\u00d6TV\u00d6S L\u00d3R\u00c1ND TUDOM\u00c1NYEGYETEM B\u00f6lcs\u00e9szettudom\u00e1nyi Kar Szl\u00e1v \u00e9s Balti Filol\u00f3giai Int\u00e9zet Lengyel Filol\u00f3giai Tansz\u00e9k Tansz\u00e9kvezet\u0151: Dr. R\u00e1duly Zsuzsanna Magyarorsz\u00e1g legr\u00e9gebbi Lengyel Filol\u00f3gia Tansz\u00e9ke, mely \u00e1tlag 90 hallgat\u00f3t sz\u00e1ml\u00e1l. A tansz\u00e9k lengyel nyelvi alapk\u00e9pz\u00e9st \u00e9s mesterk\u00e9pz\u00e9st, valamint lengyel nyelvi lektor\u00e1tust, fakultat\u00edv foglalkoz\u00e1sokat \u00e9s doktori tanulm\u00e1nyokat biztos\u00edt. A lengyel filol\u00f3giai k\u00e9pz\u00e9sben szerepl\u0151 tanegys\u00e9gek: nyelv\u00e9szet, [&hellip;]\" \/>\n<meta property=\"og:url\" content=\"https:\/\/instytutpolski.pl\/budapest\/felsooktatas\/\" \/>\n<meta property=\"og:site_name\" content=\"Instytut Polski w Budapeszcie\" \/>\n<meta property=\"article:modified_time\" content=\"2019-06-11T18:41:25+00:00\" \/>\n<meta property=\"og:image\" content=\"https:\/\/instytutpolski.pl\/budapeszt\/wp-content\/uploads\/sites\/21\/2019\/06\/elte-1.jpg\" \/>\n<meta name=\"twitter:card\" content=\"summary_large_image\" \/>\n<meta name=\"twitter:label1\" content=\"Szacowany czas czytania\" \/>\n\t<meta name=\"twitter:data1\" content=\"4 minuty\" \/>\n<script type=\"application\/ld+json\" class=\"yoast-schema-graph\">{\"@context\":\"https:\/\/schema.org\",\"@graph\":[{\"@type\":\"WebPage\",\"@id\":\"https:\/\/instytutpolski.pl\/budapest\/felsooktatas\/\",\"url\":\"https:\/\/instytutpolski.pl\/budapest\/felsooktatas\/\",\"name\":\"Fels\u0151oktat\u00e1s - Instytut Polski w Budapeszcie\",\"isPartOf\":{\"@id\":\"https:\/\/instytutpolski.pl\/budapest\/#website\"},\"primaryImageOfPage\":{\"@id\":\"https:\/\/instytutpolski.pl\/budapest\/felsooktatas\/#primaryimage\"},\"image\":{\"@id\":\"https:\/\/instytutpolski.pl\/budapest\/felsooktatas\/#primaryimage\"},\"thumbnailUrl\":\"https:\/\/instytutpolski.pl\/budapeszt\/wp-content\/uploads\/sites\/21\/2019\/06\/elte-1.jpg\",\"datePublished\":\"2019-06-11T17:08:00+00:00\",\"dateModified\":\"2019-06-11T18:41:25+00:00\",\"breadcrumb\":{\"@id\":\"https:\/\/instytutpolski.pl\/budapest\/felsooktatas\/#breadcrumb\"},\"inLanguage\":\"pl-PL\",\"potentialAction\":[{\"@type\":\"ReadAction\",\"target\":[\"https:\/\/instytutpolski.pl\/budapest\/felsooktatas\/\"]}]},{\"@type\":\"ImageObject\",\"inLanguage\":\"pl-PL\",\"@id\":\"https:\/\/instytutpolski.pl\/budapest\/felsooktatas\/#primaryimage\",\"url\":\"https:\/\/instytutpolski.pl\/budapeszt\/wp-content\/uploads\/sites\/21\/2019\/06\/elte-1.jpg\",\"contentUrl\":\"https:\/\/instytutpolski.pl\/budapeszt\/wp-content\/uploads\/sites\/21\/2019\/06\/elte-1.jpg\"},{\"@type\":\"BreadcrumbList\",\"@id\":\"https:\/\/instytutpolski.pl\/budapest\/felsooktatas\/#breadcrumb\",\"itemListElement\":[{\"@type\":\"ListItem\",\"position\":1,\"name\":\"Home\",\"item\":\"https:\/\/instytutpolski.pl\/budapest\/\"},{\"@type\":\"ListItem\",\"position\":2,\"name\":\"Fels\u0151oktat\u00e1s\"}]},{\"@type\":\"WebSite\",\"@id\":\"https:\/\/instytutpolski.pl\/budapest\/#website\",\"url\":\"https:\/\/instytutpolski.pl\/budapest\/\",\"name\":\"Instytut Polski w Budapeszcie\",\"description\":\"Instytuty Polskie\",\"potentialAction\":[{\"@type\":\"SearchAction\",\"target\":{\"@type\":\"EntryPoint\",\"urlTemplate\":\"https:\/\/instytutpolski.pl\/budapest\/?s={search_term_string}\"},\"query-input\":{\"@type\":\"PropertyValueSpecification\",\"valueRequired\":true,\"valueName\":\"search_term_string\"}}],\"inLanguage\":\"pl-PL\"}]}<\/script>\n<!-- \/ Yoast SEO plugin. -->","yoast_head_json":{"title":"Fels\u0151oktat\u00e1s - Instytut Polski w Budapeszcie","robots":{"index":"index","follow":"follow","max-snippet":"max-snippet:-1","max-image-preview":"max-image-preview:large","max-video-preview":"max-video-preview:-1"},"canonical":"https:\/\/instytutpolski.pl\/budapest\/felsooktatas\/","og_locale":"pl_PL","og_type":"article","og_title":"Fels\u0151oktat\u00e1s - Instytut Polski w Budapeszcie","og_description":"LENGYEL TANULM\u00c1NYOK MAGYARORSZ\u00c1GON \u00a0BUDAPESTI E\u00d6TV\u00d6S L\u00d3R\u00c1ND TUDOM\u00c1NYEGYETEM B\u00f6lcs\u00e9szettudom\u00e1nyi Kar Szl\u00e1v \u00e9s Balti Filol\u00f3giai Int\u00e9zet Lengyel Filol\u00f3giai Tansz\u00e9k Tansz\u00e9kvezet\u0151: Dr. R\u00e1duly Zsuzsanna Magyarorsz\u00e1g legr\u00e9gebbi Lengyel Filol\u00f3gia Tansz\u00e9ke, mely \u00e1tlag 90 hallgat\u00f3t sz\u00e1ml\u00e1l. A tansz\u00e9k lengyel nyelvi alapk\u00e9pz\u00e9st \u00e9s mesterk\u00e9pz\u00e9st, valamint lengyel nyelvi lektor\u00e1tust, fakultat\u00edv foglalkoz\u00e1sokat \u00e9s doktori tanulm\u00e1nyokat biztos\u00edt. A lengyel filol\u00f3giai k\u00e9pz\u00e9sben szerepl\u0151 tanegys\u00e9gek: nyelv\u00e9szet, [&hellip;]","og_url":"https:\/\/instytutpolski.pl\/budapest\/felsooktatas\/","og_site_name":"Instytut Polski w Budapeszcie","article_modified_time":"2019-06-11T18:41:25+00:00","og_image":[{"url":"https:\/\/instytutpolski.pl\/budapeszt\/wp-content\/uploads\/sites\/21\/2019\/06\/elte-1.jpg","type":"","width":"","height":""}],"twitter_card":"summary_large_image","twitter_misc":{"Szacowany czas czytania":"4 minuty"},"schema":{"@context":"https:\/\/schema.org","@graph":[{"@type":"WebPage","@id":"https:\/\/instytutpolski.pl\/budapest\/felsooktatas\/","url":"https:\/\/instytutpolski.pl\/budapest\/felsooktatas\/","name":"Fels\u0151oktat\u00e1s - Instytut Polski w Budapeszcie","isPartOf":{"@id":"https:\/\/instytutpolski.pl\/budapest\/#website"},"primaryImageOfPage":{"@id":"https:\/\/instytutpolski.pl\/budapest\/felsooktatas\/#primaryimage"},"image":{"@id":"https:\/\/instytutpolski.pl\/budapest\/felsooktatas\/#primaryimage"},"thumbnailUrl":"https:\/\/instytutpolski.pl\/budapeszt\/wp-content\/uploads\/sites\/21\/2019\/06\/elte-1.jpg","datePublished":"2019-06-11T17:08:00+00:00","dateModified":"2019-06-11T18:41:25+00:00","breadcrumb":{"@id":"https:\/\/instytutpolski.pl\/budapest\/felsooktatas\/#breadcrumb"},"inLanguage":"pl-PL","potentialAction":[{"@type":"ReadAction","target":["https:\/\/instytutpolski.pl\/budapest\/felsooktatas\/"]}]},{"@type":"ImageObject","inLanguage":"pl-PL","@id":"https:\/\/instytutpolski.pl\/budapest\/felsooktatas\/#primaryimage","url":"https:\/\/instytutpolski.pl\/budapeszt\/wp-content\/uploads\/sites\/21\/2019\/06\/elte-1.jpg","contentUrl":"https:\/\/instytutpolski.pl\/budapeszt\/wp-content\/uploads\/sites\/21\/2019\/06\/elte-1.jpg"},{"@type":"BreadcrumbList","@id":"https:\/\/instytutpolski.pl\/budapest\/felsooktatas\/#breadcrumb","itemListElement":[{"@type":"ListItem","position":1,"name":"Home","item":"https:\/\/instytutpolski.pl\/budapest\/"},{"@type":"ListItem","position":2,"name":"Fels\u0151oktat\u00e1s"}]},{"@type":"WebSite","@id":"https:\/\/instytutpolski.pl\/budapest\/#website","url":"https:\/\/instytutpolski.pl\/budapest\/","name":"Instytut Polski w Budapeszcie","description":"Instytuty Polskie","potentialAction":[{"@type":"SearchAction","target":{"@type":"EntryPoint","urlTemplate":"https:\/\/instytutpolski.pl\/budapest\/?s={search_term_string}"},"query-input":{"@type":"PropertyValueSpecification","valueRequired":true,"valueName":"search_term_string"}}],"inLanguage":"pl-PL"}]}},"_links":{"self":[{"href":"https:\/\/instytutpolski.pl\/budapest\/wp-json\/wp\/v2\/pages\/1000","targetHints":{"allow":["GET"]}}],"collection":[{"href":"https:\/\/instytutpolski.pl\/budapest\/wp-json\/wp\/v2\/pages"}],"about":[{"href":"https:\/\/instytutpolski.pl\/budapest\/wp-json\/wp\/v2\/types\/page"}],"author":[{"embeddable":true,"href":"https:\/\/instytutpolski.pl\/budapest\/wp-json\/wp\/v2\/users\/1"}],"replies":[{"embeddable":true,"href":"https:\/\/instytutpolski.pl\/budapest\/wp-json\/wp\/v2\/comments?post=1000"}],"version-history":[{"count":8,"href":"https:\/\/instytutpolski.pl\/budapest\/wp-json\/wp\/v2\/pages\/1000\/revisions"}],"predecessor-version":[{"id":1013,"href":"https:\/\/instytutpolski.pl\/budapest\/wp-json\/wp\/v2\/pages\/1000\/revisions\/1013"}],"wp:attachment":[{"href":"https:\/\/instytutpolski.pl\/budapest\/wp-json\/wp\/v2\/media?parent=1000"}],"curies":[{"name":"wp","href":"https:\/\/api.w.org\/{rel}","templated":true}]}}