{"id":1149,"date":"2019-07-03T08:59:58","date_gmt":"2019-07-03T06:59:58","guid":{"rendered":"https:\/\/instytutpolski.pl\/budapeszt\/?page_id=1149"},"modified":"2020-06-08T13:57:18","modified_gmt":"2020-06-08T11:57:18","slug":"fedezd-fel-lengyelorszagot","status":"publish","type":"page","link":"https:\/\/instytutpolski.pl\/budapest\/pl\/fedezd-fel-lengyelorszagot\/","title":{"rendered":"Fedezd fel Lengyelorsz\u00e1got!"},"content":{"rendered":"\n<p><strong>Eur\u00f3pa geometriai k\u00f6z\u00e9ppontja<\/strong> <strong>Lengyelorsz\u00e1g f\u0151v\u00e1ros\u00e1t\u00f3l, Vars\u00f3t\u00f3l nem messze tal\u00e1lhat\u00f3. <\/strong>Lengyelorsz\u00e1g k\u00f6zel 1000 \u00e9ves t\u00f6rt\u00e9nelme sor\u00e1n volt m\u00e1r eur\u00f3pai nagyhatalom, f\u00fcggetlens\u00e9g\u00e9t vesztett nemzet, v\u00e9g\u00fcl K\u00f6z\u00e9p-Kelet-Eur\u00f3pa egyik vezet\u0151 gazdas\u00e1gi szerepl\u0151je. A lengyel v\u00e1llalkoz\u00f3k lelkesed\u00e9se, kreativit\u00e1sa \u00e9s k\u00e9pess\u00e9gei szerte a vil\u00e1gon ismertek. A lengyelekre jellemz\u0151 determin\u00e1lts\u00e1g, szolidarit\u00e1s, valamint Szent II. J\u00e1nos P\u00e1l p\u00e1pa szem\u00e9lye mind hozz\u00e1j\u00e1rultak ahhoz, hogy siker\u00fclt kil\u00e1balniuk a kommunista rezsim nyomor\u00e1b\u00f3l. Lengyelorsz\u00e1g 1989 \u00f3ta szabad orsz\u00e1g, melynek gazdag kult\u00far\u00e1ja \u00e9s hagyom\u00e1nyai, szok\u00e1sai turist\u00e1k milli\u00f3it vonzza a vil\u00e1g minden t\u00e1j\u00e1r\u00f3l.<\/p>\n\n\n\n<figure class=\"wp-block-image size-large\"><img loading=\"lazy\" decoding=\"async\" width=\"799\" height=\"533\" src=\"https:\/\/instytutpolski.pl\/budapest\/wp-content\/uploads\/sites\/21\/2020\/05\/31251541057_0e8e3dbaea_c.jpg\" alt=\"\" class=\"wp-image-8251\" srcset=\"https:\/\/instytutpolski.pl\/budapest\/wp-content\/uploads\/sites\/21\/2020\/05\/31251541057_0e8e3dbaea_c.jpg 799w, https:\/\/instytutpolski.pl\/budapest\/wp-content\/uploads\/sites\/21\/2020\/05\/31251541057_0e8e3dbaea_c-300x200.jpg 300w, https:\/\/instytutpolski.pl\/budapest\/wp-content\/uploads\/sites\/21\/2020\/05\/31251541057_0e8e3dbaea_c-768x512.jpg 768w\" sizes=\"auto, (max-width: 799px) 100vw, 799px\" \/><figcaption>Vars\u00f3, fot\u00f3: Mariusz Cieszewski<\/figcaption><\/figure>\n\n\n\n<p><strong>A kult\u00fara \u00e9s m\u0171v\u00e9szet <\/strong>\u00e9vtizedek \u00f3ta er\u0151s\u00edtett\u00e9k a lengyelek identit\u00e1s\u00e1t, seg\u00edtett\u00e9k \u00e1tv\u00e9szelni a t\u00f6rt\u00e9nelem legs\u00falyosabb pillanatait. A lengyel alkot\u00f3k m\u00e9g mindig inspir\u00e1lj\u00e1k a vil\u00e1got. Lengyelorsz\u00e1gban sz\u00fcletett Fryderyk Chopin, az egyik legnagyobb zeneszerz\u0151 \u00e9s zongoram\u0171v\u00e9sz. Nev\u00e9hez k\u00f6thet\u0151 a vil\u00e1g egyik legfontosabb hangversenye, a Fryderyk Chopin Nemzetk\u00f6zi Zongorahangverseny, amely 1927 \u00f3ta, \u00f6t\u00e9vente ker\u00fcl megrendez\u00e9sre Vars\u00f3ban. Lengyelorsz\u00e1g a Nobel-d\u00edjasok, Oscar-d\u00edjasok \u00e9s Grammy-d\u00edjasok orsz\u00e1ga. Az irodalmi Nobel-d\u00edjasoknak k\u00f6sz\u00f6nhet\u0151en &#8211; t\u00f6bbek k\u00f6z\u00f6tt Wis\u0142awa Szymborska, Czes\u0142aw Mi\u0142osz \u00e9s Olga Tokarczuk &#8211; Lengyelorsz\u00e1got a k\u00f6lt\u0151k \u00e9s \u00edr\u00f3k haz\u00e1jak\u00e9nt emlegetik. Az irodalom fejl\u0151d\u00e9s\u00e9ben \u00e9s n\u00e9pszer\u0171s\u00edt\u00e9s\u00e9ben nagy szerepet j\u00e1tszik a kellemesen cseng\u0151 lengyel nyelv, melyet t\u00f6bb, mint 40 milli\u00f3an besz\u00e9lnek Lengyelorsz\u00e1gban \u00e9s k\u00fclf\u00f6ld\u00f6n. Lengyel nyelven alkot Andrzej Wajda, rangos filmes d\u00edjak nyertese, aki \u00e9letm\u0171v\u00e9\u00e9rt kapott Oscar-d\u00edjat. Krzysztof Penderecki, a kiv\u00e1l\u00f3 lengyel zeneszerz\u0151 pedig n\u00e9gyszer nyert Grammy-d\u00edjat.<\/p>\n\n\n\n<figure class=\"wp-block-image size-large\"><img loading=\"lazy\" decoding=\"async\" width=\"799\" height=\"533\" src=\"https:\/\/instytutpolski.pl\/budapest\/wp-content\/uploads\/sites\/21\/2020\/05\/48535053477_4e47191884_c.jpg\" alt=\"\" class=\"wp-image-8260\" srcset=\"https:\/\/instytutpolski.pl\/budapest\/wp-content\/uploads\/sites\/21\/2020\/05\/48535053477_4e47191884_c.jpg 799w, https:\/\/instytutpolski.pl\/budapest\/wp-content\/uploads\/sites\/21\/2020\/05\/48535053477_4e47191884_c-300x200.jpg 300w, https:\/\/instytutpolski.pl\/budapest\/wp-content\/uploads\/sites\/21\/2020\/05\/48535053477_4e47191884_c-768x512.jpg 768w\" sizes=\"auto, (max-width: 799px) 100vw, 799px\" \/><figcaption>Wis\u0142awa Szymborska fi\u00f3kja, fot\u00f3: Mariusz Cieszewski<\/figcaption><\/figure>\n\n\n\n<p><strong>Lengyelorsz\u00e1g a kreat\u00edv emberek orsz\u00e1ga. <\/strong>Lengyel tud\u00f3sok olyan tal\u00e1lm\u00e1nyokkal \u00e9s felfedez\u00e9sekkel b\u00fcszk\u00e9lkedhetnek, amelyek megv\u00e1ltoztatt\u00e1k a vil\u00e1got. Vars\u00f3i sz\u00fclet\u00e9s\u0171 volt Maria Sk\u0142odowska-Curie, a vil\u00e1g egyik legkiv\u00e1l\u00f3bb tud\u00f3sa. M\u00e1ig az egyetlen n\u0151, aki k\u00e9tszer kapta meg a Nobel-d\u00edjat (1903-ban \u00e9s 1911-ben), az egyetlen tud\u00f3s, akit k\u00e9t k\u00fcl\u00f6nb\u00f6z\u0151 term\u00e9szettudom\u00e1nyi \u00e1gban d\u00edjaztak. Az els\u0151 n\u0151, aki k\u00e9miai Nobel-d\u00edjat kapott (a pol\u00f3nium \u00e9s r\u00e1dium felfedez\u00e9s\u00e9\u00e9rt), akit a p\u00e1rizsi Sorbonne professzor\u00e1nak neveztek ki, \u00e9s akit felvettek az Orvosi Egyetemre. Jan Czochralski, lengyel fizikus tal\u00e1lta fel a monokrist\u00e1lyok el\u0151\u00e1ll\u00edt\u00e1s\u00e1nak elj\u00e1r\u00e1s\u00e1t, amely a modern elektronika alapj\u00e1ul szolg\u00e1lt. Neki k\u00f6sz\u00f6nhet\u0151en m\u0171k\u00f6dnek a sz\u00e1m\u00edt\u00f3g\u00e9pek, tabletek, mobiltelefonok, digit\u00e1lis f\u00e9nyk\u00e9pez\u0151g\u00e9pek, MP3 lej\u00e1tsz\u00f3k \u00e9s m\u00e1s elektronikai berendez\u00e9sek. Marian Rejewski, Jerzy R\u00f3\u017cycki \u00e9s Henryk Zygalski lengyel matematikusok t\u00f6rt\u00e9k fel a t\u00f6rt\u00e9nelem egyik legh\u00edresebb k\u00f3dg\u00e9p\u00e9nek, a n\u00e9met Enigm\u00e1nak a k\u00f3dj\u00e1t. Hozz\u00e1j\u00e1rultak ezzel a II. vil\u00e1gh\u00e1bor\u00fa befejez\u00e9s\u00e9hez.<\/p>\n\n\n\n<figure class=\"wp-block-image size-large\"><img loading=\"lazy\" decoding=\"async\" width=\"799\" height=\"533\" src=\"https:\/\/instytutpolski.pl\/budapest\/wp-content\/uploads\/sites\/21\/2020\/05\/5248924861_1dc7a38f84_c.jpg\" alt=\"\" class=\"wp-image-8317\" srcset=\"https:\/\/instytutpolski.pl\/budapest\/wp-content\/uploads\/sites\/21\/2020\/05\/5248924861_1dc7a38f84_c.jpg 799w, https:\/\/instytutpolski.pl\/budapest\/wp-content\/uploads\/sites\/21\/2020\/05\/5248924861_1dc7a38f84_c-300x200.jpg 300w, https:\/\/instytutpolski.pl\/budapest\/wp-content\/uploads\/sites\/21\/2020\/05\/5248924861_1dc7a38f84_c-768x512.jpg 768w\" sizes=\"auto, (max-width: 799px) 100vw, 799px\" \/><figcaption>Maria Sk\u0142odowska-Curie, fot\u00f3: Lengyel K\u00fcl\u00fcgyminiszt\u00e9rium<\/figcaption><\/figure>\n\n\n\n<p><strong>Lengyelorsz\u00e1g term\u00e9szeti adotts\u00e1gai \u00e9s f\u00f6ldrajzi fekv\u00e9se r\u00e9v\u00e9n is vonz\u00f3,<\/strong> az orsz\u00e1got \u00e9szakon a Balti-tenger \u00e9s a Mazuri-tavak, k\u00f6z\u00e9ps\u0151 r\u00e9sz\u00e9n a s\u00edks\u00e1gok, d\u00e9len pedig a hegyl\u00e1ncok teszik v\u00e1ltozatoss\u00e1. &nbsp;23 nemzeti parkkal, 1500 term\u00e9szetv\u00e9delmi rezerv\u00e1tummal \u00e9s 145 t\u00e1jparkkal rendelkezik. Az orsz\u00e1g sz\u00e1mos akt\u00edv kikapcsol\u00f3d\u00e1si lehet\u0151s\u00e9get k\u00edn\u00e1l: kir\u00e1ndul\u00e1sok a hegyekben, biciklit\u00far\u00e1k, foly\u00f3kon \u00e9s tavakon szervezett kajakt\u00far\u00e1k, vitorl\u00e1z\u00e1s, sz\u00f6rf\u00f6z\u00e9s, lovagl\u00e1s Eur\u00f3pa egyik leghosszabb, 1800 km-es lovast\u00fara-\u00fatvonal\u00e1n, vagy ritka madarak term\u00e9szetes k\u00f6rnyezet\u00fckben t\u00f6rt\u00e9n\u0151 megfigyel\u00e9se. &nbsp;<\/p>\n\n\n\n<figure class=\"wp-block-image size-large\"><img loading=\"lazy\" decoding=\"async\" width=\"799\" height=\"533\" src=\"https:\/\/instytutpolski.pl\/budapest\/wp-content\/uploads\/sites\/21\/2020\/05\/49099288031_6a333da3f6_c.jpg\" alt=\"\" class=\"wp-image-8253\" srcset=\"https:\/\/instytutpolski.pl\/budapest\/wp-content\/uploads\/sites\/21\/2020\/05\/49099288031_6a333da3f6_c.jpg 799w, https:\/\/instytutpolski.pl\/budapest\/wp-content\/uploads\/sites\/21\/2020\/05\/49099288031_6a333da3f6_c-300x200.jpg 300w, https:\/\/instytutpolski.pl\/budapest\/wp-content\/uploads\/sites\/21\/2020\/05\/49099288031_6a333da3f6_c-768x512.jpg 768w\" sizes=\"auto, (max-width: 799px) 100vw, 799px\" \/><figcaption>Balti-tenger, fot\u00f3: Mariusz Cieszewski<\/figcaption><\/figure>\n\n\n\n<p><strong>Az idel\u00e1togat\u00f3kat sz\u00e1mos kultur\u00e1lis rendezv\u00e9ny, zenei, sz\u00ednh\u00e1zi \u00e9s filmfesztiv\u00e1l is v\u00e1rja. <\/strong>A&nbsp; rendezv\u00e9nyek h\u00e1zigazd\u00e1i nemzetk\u00f6zi \u00e9p\u00edt\u00e9szeti p\u00e1ly\u00e1zatokon d\u00edjazott, \u00e9p\u00edt\u00e9szet\u00fckr\u0151l h\u00edres v\u00e1rosok. Ilyen Szczecin, a Mieczys\u0142aw Kar\u0142owicz Hangversenyterem, els\u0151k\u00e9nt a lengyel v\u00e1rosok k\u00f6z\u00fcl, elnyerte a Miesa van der Rohe d\u00edjat, az egyik legrangosabb eur\u00f3pai \u00e9p\u00edt\u00e9szeti d\u00edjat. 2016-ban a berlini World Architecture Festival keret\u00e9ben a szint\u00e9n Szczecini Nemzeti M\u00fazeum \u2013 Az \u00c1tmenet P\u00e1rbesz\u00e9d\u00e9nek K\u00f6zpontja (Centrum Dialogu Prze\u0142omy) kapta meg a vil\u00e1g legjobb \u00e9p\u00fclet\u00e9nek j\u00e1r\u00f3 elismer\u00e9st. Tov\u00e1bbi, a vil\u00e1g \u00e9p\u00edt\u00e9szeti t\u00e9rk\u00e9p\u00e9n kiemelked\u0151 lengyel k\u00f6z\u00e9p\u00fcletek: a Shakespeare Sz\u00ednh\u00e1z \u00e9s az Eur\u00f3pai Szolidarit\u00e1s K\u00f6zpontja Gda\u0144skban; a r\u00e9gi sz\u00e9nb\u00e1nya hely\u00e9re \u00e9p\u00fclt Katowicei Szil\u00e9ziai M\u00fazeum; a Nemzeti Szimfonikus Zenekar sz\u00e9khelye Katowic\u00e9ben; a Krzysztof Penderecki Zenei K\u00f6zpont Lus\u0142awicaban; a Cricoteca (Tadeusz Kantor M\u00fazeum) Krakk\u00f3ban; a Vars\u00f3i Felkel\u00e9s M\u00fazeuma \u00e9s a POLIN, a Lengyel Zsid\u00f3s\u00e1g T\u00f6rt\u00e9net\u00e9nek M\u00fazeuma Vars\u00f3ban.<\/p>\n\n\n\n<figure class=\"wp-block-image size-large\"><img loading=\"lazy\" decoding=\"async\" width=\"799\" height=\"533\" src=\"https:\/\/instytutpolski.pl\/budapest\/wp-content\/uploads\/sites\/21\/2020\/05\/34006161431_2c79c9032b_c.jpg\" alt=\"\" class=\"wp-image-8265\" srcset=\"https:\/\/instytutpolski.pl\/budapest\/wp-content\/uploads\/sites\/21\/2020\/05\/34006161431_2c79c9032b_c.jpg 799w, https:\/\/instytutpolski.pl\/budapest\/wp-content\/uploads\/sites\/21\/2020\/05\/34006161431_2c79c9032b_c-300x200.jpg 300w, https:\/\/instytutpolski.pl\/budapest\/wp-content\/uploads\/sites\/21\/2020\/05\/34006161431_2c79c9032b_c-768x512.jpg 768w\" sizes=\"auto, (max-width: 799px) 100vw, 799px\" \/><figcaption>A II. vil\u00e1gh\u00e1bor\u00fa M\u00fazeuma, Szczecin, fot\u00f3: Mariusz Cieszewski<\/figcaption><\/figure>\n\n\n\n<p>A kult\u00fara ezen helysz\u00edneinek megl\u00e1togat\u00e1s\u00e1val bepillant\u00e1st nyerhetnek Lengyelorsz\u00e1g bonyolult t\u00f6rt\u00e9nelm\u00e9be, megismerhetik lak\u00f3inak olykor tragikus sors\u00e1t, k\u00fcl\u00f6n\u00f6sk\u00e9pp a II. vil\u00e1gh\u00e1bor\u00fa ejtette sebeket. Lengyelorsz\u00e1g t\u00f6rekszik arra, hogy \u00fajj\u00e1sz\u00fclethessen az, ami elveszett. Az eml\u00e9kek \u0151rz\u0151j\u00e9v\u00e9 v\u00e1lt, a II. vil\u00e1gh\u00e1bor\u00fa sor\u00e1n elveszett zsid\u00f3 \u00f6r\u00f6ks\u00e9g\u00e9. \u00c1polja \u00e9s t\u00e1mogatja a mai \u00e9l\u0151 zsid\u00f3 kult\u00far\u00e1t. J\u00f3 p\u00e9lda erre a t\u00f6bb mint 30 \u00e9ve megrendez\u00e9sre ker\u00fcl\u0151 interdiszciplin\u00e1ris Zsid\u00f3 Kultur\u00e1lis Fesztiv\u00e1l Krakk\u00f3ban,  a vil\u00e1g egyik legvonz\u00f3bb zsid\u00f3 kultur\u00e1lis rendezv\u00e9nye, amelyen turist\u00e1k t\u00f6bb t\u00edzezrei vesznek r\u00e9szt minden \u00e9vben.<\/p>\n\n\n\n<figure class=\"wp-block-image size-large\"><img loading=\"lazy\" decoding=\"async\" width=\"799\" height=\"533\" src=\"https:\/\/instytutpolski.pl\/budapest\/wp-content\/uploads\/sites\/21\/2020\/05\/48008962862_7d04de1bd1_c.jpg\" alt=\"\" class=\"wp-image-8258\" srcset=\"https:\/\/instytutpolski.pl\/budapest\/wp-content\/uploads\/sites\/21\/2020\/05\/48008962862_7d04de1bd1_c.jpg 799w, https:\/\/instytutpolski.pl\/budapest\/wp-content\/uploads\/sites\/21\/2020\/05\/48008962862_7d04de1bd1_c-300x200.jpg 300w, https:\/\/instytutpolski.pl\/budapest\/wp-content\/uploads\/sites\/21\/2020\/05\/48008962862_7d04de1bd1_c-768x512.jpg 768w\" sizes=\"auto, (max-width: 799px) 100vw, 799px\" \/><figcaption>Vars\u00f3, fot\u00f3: Mariusz Cieszewski<\/figcaption><\/figure>\n\n\n\n<p><strong>Lengyelorsz\u00e1g a film, a sz\u00ednh\u00e1z \u00e9s a zene szerelmeseit is vonzza. <\/strong>Nem ak\u00e1rmilyen lehet\u0151s\u00e9get k\u00edn\u00e1l a Warszawska Jesie\u0144 (Vars\u00f3i \u0150sz) nemzetk\u00f6zi fesztiv\u00e1l, ahol a kort\u00e1rs zene legrangosabb k\u00e9pvisel\u0151ivel tal\u00e1lkozhatunk; a toru\u0144i EnergaCAMERIMAGE fesztiv\u00e1l, amelyen filmszt\u00e1rok \u00e9s vil\u00e1gh\u00edr\u0171 operat\u0151r\u00f6k vesznek r\u00e9szt; a Nemzetk\u00f6zi \u00daj Horizontok (Mi\u0119dzynarodowy Festiwal Nowe Horyzonty) Fesztiv\u00e1l Wroc\u0142awban, ahol f\u00fcggetlen alkot\u00f3kt\u00f3l l\u00e1thatunk k\u00eds\u00e9rleti \u00e9s m\u0171v\u00e9szfilmeket.<\/p>\n\n\n\n<figure class=\"wp-block-image size-large\"><img loading=\"lazy\" decoding=\"async\" width=\"799\" height=\"533\" src=\"https:\/\/instytutpolski.pl\/budapest\/wp-content\/uploads\/sites\/21\/2020\/05\/26484684509_ef0a5714cf_c.jpg\" alt=\"\" class=\"wp-image-8262\" srcset=\"https:\/\/instytutpolski.pl\/budapest\/wp-content\/uploads\/sites\/21\/2020\/05\/26484684509_ef0a5714cf_c.jpg 799w, https:\/\/instytutpolski.pl\/budapest\/wp-content\/uploads\/sites\/21\/2020\/05\/26484684509_ef0a5714cf_c-300x200.jpg 300w, https:\/\/instytutpolski.pl\/budapest\/wp-content\/uploads\/sites\/21\/2020\/05\/26484684509_ef0a5714cf_c-768x512.jpg 768w\" sizes=\"auto, (max-width: 799px) 100vw, 799px\" \/><figcaption>Vo\u0142osi, World Music Expo, fot\u00f3: Mariusz Cieszewski<\/figcaption><\/figure>\n\n\n\n<figure class=\"wp-block-embed-youtube wp-block-embed is-type-video is-provider-youtube wp-embed-aspect-16-9 wp-has-aspect-ratio\"><div class=\"wp-block-embed__wrapper\">\nhttps:\/\/youtu.be\/yhYKtPEB16E\n<\/div><\/figure>\n\n\n\n<p><\/p>\n\n\n\n<p><strong>Lengyelorsz\u00e1gr\u00f3l b\u0151vebben:<\/strong><\/p>\n\n\n\n<p><a href=\"https:\/\/poland.pl\/\">Poland.pl<\/a><\/p>\n\n\n\n<p><a href=\"https:\/\/culture.pl\/en\">Culture.pl<\/a><\/p>\n\n\n\n<p><a href=\"http:\/\/polandtravel.pl\/\">Polandtravel.pl<\/a><\/p>\n\n\n\n<p>Vars\u00f3, Lengyelorsz\u00e1g f\u0151v\u00e1rosa, \u00e9s Budapest k\u00f6z\u00f6tti t\u00e1vols\u00e1g (aut\u00f3val): 873 km<\/p>\n","protected":false},"excerpt":{"rendered":"<p>Eur\u00f3pa geometriai k\u00f6z\u00e9ppontja Lengyelorsz\u00e1g f\u0151v\u00e1ros\u00e1t\u00f3l, Vars\u00f3t\u00f3l nem messze tal\u00e1lhat\u00f3. Lengyelorsz\u00e1g k\u00f6zel 1000 \u00e9ves t\u00f6rt\u00e9nelme sor\u00e1n volt m\u00e1r eur\u00f3pai nagyhatalom, f\u00fcggetlens\u00e9g\u00e9t vesztett nemzet, v\u00e9g\u00fcl K\u00f6z\u00e9p-Kelet-Eur\u00f3pa egyik vezet\u0151 gazdas\u00e1gi szerepl\u0151je. A lengyel v\u00e1llalkoz\u00f3k lelkesed\u00e9se, kreativit\u00e1sa \u00e9s k\u00e9pess\u00e9gei szerte a vil\u00e1gon ismertek. A lengyelekre jellemz\u0151 determin\u00e1lts\u00e1g, szolidarit\u00e1s, valamint Szent II. J\u00e1nos P\u00e1l p\u00e1pa szem\u00e9lye mind hozz\u00e1j\u00e1rultak ahhoz, hogy [&hellip;]<\/p>\n","protected":false},"author":1,"featured_media":1146,"parent":0,"menu_order":0,"comment_status":"closed","ping_status":"closed","template":"","meta":{"inline_featured_image":false,"_monsterinsights_skip_tracking":false,"_monsterinsights_sitenote_active":false,"_monsterinsights_sitenote_note":"","_monsterinsights_sitenote_category":0,"footnotes":""},"class_list":["post-1149","page","type-page","status-publish","has-post-thumbnail","hentry"],"yoast_head":"<!-- This site is optimized with the Yoast SEO plugin v24.6 - https:\/\/yoast.com\/wordpress\/plugins\/seo\/ -->\n<title>Fedezd fel Lengyelorsz\u00e1got! - Instytut Polski w Budapeszcie<\/title>\n<meta name=\"robots\" content=\"index, follow, max-snippet:-1, max-image-preview:large, max-video-preview:-1\" \/>\n<link rel=\"canonical\" href=\"https:\/\/instytutpolski.pl\/budapest\/pl\/fedezd-fel-lengyelorszagot\/\" \/>\n<meta property=\"og:locale\" content=\"pl_PL\" \/>\n<meta property=\"og:type\" content=\"article\" \/>\n<meta property=\"og:title\" content=\"Fedezd fel Lengyelorsz\u00e1got! - Instytut Polski w Budapeszcie\" \/>\n<meta property=\"og:description\" content=\"Eur\u00f3pa geometriai k\u00f6z\u00e9ppontja Lengyelorsz\u00e1g f\u0151v\u00e1ros\u00e1t\u00f3l, Vars\u00f3t\u00f3l nem messze tal\u00e1lhat\u00f3. Lengyelorsz\u00e1g k\u00f6zel 1000 \u00e9ves t\u00f6rt\u00e9nelme sor\u00e1n volt m\u00e1r eur\u00f3pai nagyhatalom, f\u00fcggetlens\u00e9g\u00e9t vesztett nemzet, v\u00e9g\u00fcl K\u00f6z\u00e9p-Kelet-Eur\u00f3pa egyik vezet\u0151 gazdas\u00e1gi szerepl\u0151je. A lengyel v\u00e1llalkoz\u00f3k lelkesed\u00e9se, kreativit\u00e1sa \u00e9s k\u00e9pess\u00e9gei szerte a vil\u00e1gon ismertek. A lengyelekre jellemz\u0151 determin\u00e1lts\u00e1g, szolidarit\u00e1s, valamint Szent II. J\u00e1nos P\u00e1l p\u00e1pa szem\u00e9lye mind hozz\u00e1j\u00e1rultak ahhoz, hogy [&hellip;]\" \/>\n<meta property=\"og:url\" content=\"https:\/\/instytutpolski.pl\/budapest\/pl\/fedezd-fel-lengyelorszagot\/\" \/>\n<meta property=\"og:site_name\" content=\"Instytut Polski w Budapeszcie\" \/>\n<meta property=\"article:modified_time\" content=\"2020-06-08T11:57:18+00:00\" \/>\n<meta property=\"og:image\" content=\"https:\/\/instytutpolski.pl\/budapest\/wp-content\/uploads\/sites\/21\/2019\/07\/poznaj-polske.jpg\" \/>\n\t<meta property=\"og:image:width\" content=\"1920\" \/>\n\t<meta property=\"og:image:height\" content=\"700\" \/>\n\t<meta property=\"og:image:type\" content=\"image\/jpeg\" \/>\n<meta name=\"twitter:card\" content=\"summary_large_image\" \/>\n<meta name=\"twitter:label1\" content=\"Szacowany czas czytania\" \/>\n\t<meta name=\"twitter:data1\" content=\"6 minut\" \/>\n<script type=\"application\/ld+json\" class=\"yoast-schema-graph\">{\"@context\":\"https:\/\/schema.org\",\"@graph\":[{\"@type\":\"WebPage\",\"@id\":\"https:\/\/instytutpolski.pl\/budapest\/pl\/fedezd-fel-lengyelorszagot\/\",\"url\":\"https:\/\/instytutpolski.pl\/budapest\/pl\/fedezd-fel-lengyelorszagot\/\",\"name\":\"Fedezd fel Lengyelorsz\u00e1got! - Instytut Polski w Budapeszcie\",\"isPartOf\":{\"@id\":\"https:\/\/instytutpolski.pl\/budapest\/#website\"},\"primaryImageOfPage\":{\"@id\":\"https:\/\/instytutpolski.pl\/budapest\/pl\/fedezd-fel-lengyelorszagot\/#primaryimage\"},\"image\":{\"@id\":\"https:\/\/instytutpolski.pl\/budapest\/pl\/fedezd-fel-lengyelorszagot\/#primaryimage\"},\"thumbnailUrl\":\"https:\/\/instytutpolski.pl\/budapest\/wp-content\/uploads\/sites\/21\/2019\/07\/poznaj-polske.jpg\",\"datePublished\":\"2019-07-03T06:59:58+00:00\",\"dateModified\":\"2020-06-08T11:57:18+00:00\",\"breadcrumb\":{\"@id\":\"https:\/\/instytutpolski.pl\/budapest\/pl\/fedezd-fel-lengyelorszagot\/#breadcrumb\"},\"inLanguage\":\"pl-PL\",\"potentialAction\":[{\"@type\":\"ReadAction\",\"target\":[\"https:\/\/instytutpolski.pl\/budapest\/pl\/fedezd-fel-lengyelorszagot\/\"]}]},{\"@type\":\"ImageObject\",\"inLanguage\":\"pl-PL\",\"@id\":\"https:\/\/instytutpolski.pl\/budapest\/pl\/fedezd-fel-lengyelorszagot\/#primaryimage\",\"url\":\"https:\/\/instytutpolski.pl\/budapest\/wp-content\/uploads\/sites\/21\/2019\/07\/poznaj-polske.jpg\",\"contentUrl\":\"https:\/\/instytutpolski.pl\/budapest\/wp-content\/uploads\/sites\/21\/2019\/07\/poznaj-polske.jpg\",\"width\":1920,\"height\":700},{\"@type\":\"BreadcrumbList\",\"@id\":\"https:\/\/instytutpolski.pl\/budapest\/pl\/fedezd-fel-lengyelorszagot\/#breadcrumb\",\"itemListElement\":[{\"@type\":\"ListItem\",\"position\":1,\"name\":\"Home\",\"item\":\"https:\/\/instytutpolski.pl\/budapest\/\"},{\"@type\":\"ListItem\",\"position\":2,\"name\":\"Fedezd fel Lengyelorsz\u00e1got!\"}]},{\"@type\":\"WebSite\",\"@id\":\"https:\/\/instytutpolski.pl\/budapest\/#website\",\"url\":\"https:\/\/instytutpolski.pl\/budapest\/\",\"name\":\"Instytut Polski w Budapeszcie\",\"description\":\"Instytuty Polskie\",\"potentialAction\":[{\"@type\":\"SearchAction\",\"target\":{\"@type\":\"EntryPoint\",\"urlTemplate\":\"https:\/\/instytutpolski.pl\/budapest\/?s={search_term_string}\"},\"query-input\":{\"@type\":\"PropertyValueSpecification\",\"valueRequired\":true,\"valueName\":\"search_term_string\"}}],\"inLanguage\":\"pl-PL\"}]}<\/script>\n<!-- \/ Yoast SEO plugin. -->","yoast_head_json":{"title":"Fedezd fel Lengyelorsz\u00e1got! - Instytut Polski w Budapeszcie","robots":{"index":"index","follow":"follow","max-snippet":"max-snippet:-1","max-image-preview":"max-image-preview:large","max-video-preview":"max-video-preview:-1"},"canonical":"https:\/\/instytutpolski.pl\/budapest\/pl\/fedezd-fel-lengyelorszagot\/","og_locale":"pl_PL","og_type":"article","og_title":"Fedezd fel Lengyelorsz\u00e1got! - Instytut Polski w Budapeszcie","og_description":"Eur\u00f3pa geometriai k\u00f6z\u00e9ppontja Lengyelorsz\u00e1g f\u0151v\u00e1ros\u00e1t\u00f3l, Vars\u00f3t\u00f3l nem messze tal\u00e1lhat\u00f3. Lengyelorsz\u00e1g k\u00f6zel 1000 \u00e9ves t\u00f6rt\u00e9nelme sor\u00e1n volt m\u00e1r eur\u00f3pai nagyhatalom, f\u00fcggetlens\u00e9g\u00e9t vesztett nemzet, v\u00e9g\u00fcl K\u00f6z\u00e9p-Kelet-Eur\u00f3pa egyik vezet\u0151 gazdas\u00e1gi szerepl\u0151je. A lengyel v\u00e1llalkoz\u00f3k lelkesed\u00e9se, kreativit\u00e1sa \u00e9s k\u00e9pess\u00e9gei szerte a vil\u00e1gon ismertek. A lengyelekre jellemz\u0151 determin\u00e1lts\u00e1g, szolidarit\u00e1s, valamint Szent II. J\u00e1nos P\u00e1l p\u00e1pa szem\u00e9lye mind hozz\u00e1j\u00e1rultak ahhoz, hogy [&hellip;]","og_url":"https:\/\/instytutpolski.pl\/budapest\/pl\/fedezd-fel-lengyelorszagot\/","og_site_name":"Instytut Polski w Budapeszcie","article_modified_time":"2020-06-08T11:57:18+00:00","og_image":[{"width":1920,"height":700,"url":"https:\/\/instytutpolski.pl\/budapest\/wp-content\/uploads\/sites\/21\/2019\/07\/poznaj-polske.jpg","type":"image\/jpeg"}],"twitter_card":"summary_large_image","twitter_misc":{"Szacowany czas czytania":"6 minut"},"schema":{"@context":"https:\/\/schema.org","@graph":[{"@type":"WebPage","@id":"https:\/\/instytutpolski.pl\/budapest\/pl\/fedezd-fel-lengyelorszagot\/","url":"https:\/\/instytutpolski.pl\/budapest\/pl\/fedezd-fel-lengyelorszagot\/","name":"Fedezd fel Lengyelorsz\u00e1got! - Instytut Polski w Budapeszcie","isPartOf":{"@id":"https:\/\/instytutpolski.pl\/budapest\/#website"},"primaryImageOfPage":{"@id":"https:\/\/instytutpolski.pl\/budapest\/pl\/fedezd-fel-lengyelorszagot\/#primaryimage"},"image":{"@id":"https:\/\/instytutpolski.pl\/budapest\/pl\/fedezd-fel-lengyelorszagot\/#primaryimage"},"thumbnailUrl":"https:\/\/instytutpolski.pl\/budapest\/wp-content\/uploads\/sites\/21\/2019\/07\/poznaj-polske.jpg","datePublished":"2019-07-03T06:59:58+00:00","dateModified":"2020-06-08T11:57:18+00:00","breadcrumb":{"@id":"https:\/\/instytutpolski.pl\/budapest\/pl\/fedezd-fel-lengyelorszagot\/#breadcrumb"},"inLanguage":"pl-PL","potentialAction":[{"@type":"ReadAction","target":["https:\/\/instytutpolski.pl\/budapest\/pl\/fedezd-fel-lengyelorszagot\/"]}]},{"@type":"ImageObject","inLanguage":"pl-PL","@id":"https:\/\/instytutpolski.pl\/budapest\/pl\/fedezd-fel-lengyelorszagot\/#primaryimage","url":"https:\/\/instytutpolski.pl\/budapest\/wp-content\/uploads\/sites\/21\/2019\/07\/poznaj-polske.jpg","contentUrl":"https:\/\/instytutpolski.pl\/budapest\/wp-content\/uploads\/sites\/21\/2019\/07\/poznaj-polske.jpg","width":1920,"height":700},{"@type":"BreadcrumbList","@id":"https:\/\/instytutpolski.pl\/budapest\/pl\/fedezd-fel-lengyelorszagot\/#breadcrumb","itemListElement":[{"@type":"ListItem","position":1,"name":"Home","item":"https:\/\/instytutpolski.pl\/budapest\/"},{"@type":"ListItem","position":2,"name":"Fedezd fel Lengyelorsz\u00e1got!"}]},{"@type":"WebSite","@id":"https:\/\/instytutpolski.pl\/budapest\/#website","url":"https:\/\/instytutpolski.pl\/budapest\/","name":"Instytut Polski w Budapeszcie","description":"Instytuty Polskie","potentialAction":[{"@type":"SearchAction","target":{"@type":"EntryPoint","urlTemplate":"https:\/\/instytutpolski.pl\/budapest\/?s={search_term_string}"},"query-input":{"@type":"PropertyValueSpecification","valueRequired":true,"valueName":"search_term_string"}}],"inLanguage":"pl-PL"}]}},"_links":{"self":[{"href":"https:\/\/instytutpolski.pl\/budapest\/wp-json\/wp\/v2\/pages\/1149","targetHints":{"allow":["GET"]}}],"collection":[{"href":"https:\/\/instytutpolski.pl\/budapest\/wp-json\/wp\/v2\/pages"}],"about":[{"href":"https:\/\/instytutpolski.pl\/budapest\/wp-json\/wp\/v2\/types\/page"}],"author":[{"embeddable":true,"href":"https:\/\/instytutpolski.pl\/budapest\/wp-json\/wp\/v2\/users\/1"}],"replies":[{"embeddable":true,"href":"https:\/\/instytutpolski.pl\/budapest\/wp-json\/wp\/v2\/comments?post=1149"}],"version-history":[{"count":28,"href":"https:\/\/instytutpolski.pl\/budapest\/wp-json\/wp\/v2\/pages\/1149\/revisions"}],"predecessor-version":[{"id":9030,"href":"https:\/\/instytutpolski.pl\/budapest\/wp-json\/wp\/v2\/pages\/1149\/revisions\/9030"}],"wp:featuredmedia":[{"embeddable":true,"href":"https:\/\/instytutpolski.pl\/budapest\/wp-json\/wp\/v2\/media\/1146"}],"wp:attachment":[{"href":"https:\/\/instytutpolski.pl\/budapest\/wp-json\/wp\/v2\/media?parent=1149"}],"curies":[{"name":"wp","href":"https:\/\/api.w.org\/{rel}","templated":true}]}}