{"id":11983,"date":"2021-05-06T13:35:55","date_gmt":"2021-05-06T11:35:55","guid":{"rendered":"https:\/\/instytutpolski.pl\/budapest\/?page_id=11983"},"modified":"2023-04-04T12:30:08","modified_gmt":"2023-04-04T10:30:08","slug":"miedzynarodowe-konkursy","status":"publish","type":"page","link":"https:\/\/instytutpolski.pl\/budapest\/pl\/miedzynarodowe-konkursy\/","title":{"rendered":"Mi\u0119dzynarodowe konkursy"},"content":{"rendered":"\n<p><strong>Stypendium im. B. Winiarskiego w Centrum im. Lauterpachta w Cambridge<\/strong><\/p>\n\n\n\n<p style=\"text-align: justify\">Centrum Prawa Mi\u0119dzynarodowego im. H. Lauterpachta w Cambridge og\u0142osi\u0142o nab\u00f3r na finansowane ze \u015brodk\u00f3w Ambasady RP w Londynie stypendium im. Prof. B. Winiarskiego.<\/p>\n\n\n\n<figure class=\"wp-block-image size-full is-resized\"><img loading=\"lazy\" decoding=\"async\" src=\"https:\/\/instytutpolski.pl\/budapest\/wp-content\/uploads\/sites\/21\/2023\/04\/winiarski_scholarship_soc_media_post_2024_webpage_icon.jpg\" alt=\"\" class=\"wp-image-16778\" width=\"236\" height=\"252\" srcset=\"https:\/\/instytutpolski.pl\/budapest\/wp-content\/uploads\/sites\/21\/2023\/04\/winiarski_scholarship_soc_media_post_2024_webpage_icon.jpg 704w, https:\/\/instytutpolski.pl\/budapest\/wp-content\/uploads\/sites\/21\/2023\/04\/winiarski_scholarship_soc_media_post_2024_webpage_icon-280x300.jpg 280w\" sizes=\"auto, (max-width: 236px) 100vw, 236px\" \/><\/figure>\n\n\n\n<p style=\"text-align: justify\">Stypendium jest skierowane do badaczy prawa mi\u0119dzynarodowego (r\u00f3wnie\u017c doktorant\u00f3w) z pa\u0144stw V4 i Ba\u0142kan\u00f3w Zachodnich (jedna osoba) oraz Partnerstwa Wschodniego (jedna osoba). Ka\u017cde ze stypendi\u00f3w zak\u0142ada pokrycie koszt\u00f3w 8 tygodniowych bada\u0144 w Cambridge. Warto\u015b\u0107 jednego stypendium to 2600 GBP. Osoby, kt\u00f3re zostan\u0105 stypendystami w wyniku aktualnego naboru, otrzymaj\u0105 stypendium na realizacj\u0119 bada\u0144 w roku 2024. Nab\u00f3r trwa do dnia 12 czerwca 2023 r.<\/p>\n<p>Informacje na temat stypendium oraz procesu aplikacji, dost\u0119pne s\u0105 pod poni\u017cszym linkiem: <a href=\"https:\/\/www.lcil.cam.ac.uk\/bohdan-winiarski-scholarship-international-law-2024\" target=\"_blank\" rel=\"noopener\">https:\/\/www.lcil.cam.ac.uk\/bohdan-winiarski-scholarship-international-law-2024<\/a><\/p>\n\n\n\n<p><strong>III Mi\u0119dzynarodowy Konkurs Muzyki Polskiej 2023<\/strong><\/p>\n\n\n\n<p style=\"text-align: justify\">Narodowy Instytut Muzyki i Ta\u0144ca organizuje trzeci\u0105 edycj\u0119 Mi\u0119dzynarodowego Konkursu Muzyki Polskiej, kt\u00f3ra odb\u0119dzie si\u0119 w dniach 2-9 lipca 2023 roku w Filharmonii Podkarpackiej im. Artura Malawskiego w Rzeszowie. Do Konkursu mo\u017cna si\u0119 zg\u0142asza\u0107 do <strong>15 lutego 2023<\/strong>.<\/p>\n<p><img loading=\"lazy\" decoding=\"async\" class=\"alignnone  wp-image-16333\" src=\"https:\/\/instytutpolski.pl\/budapest\/wp-content\/uploads\/sites\/21\/2023\/01\/Bez-tytulu-300x193.png\" alt=\"\" width=\"504\" height=\"324\" srcset=\"https:\/\/instytutpolski.pl\/budapest\/wp-content\/uploads\/sites\/21\/2023\/01\/Bez-tytulu-300x193.png 300w, https:\/\/instytutpolski.pl\/budapest\/wp-content\/uploads\/sites\/21\/2023\/01\/Bez-tytulu.png 442w\" sizes=\"auto, (max-width: 504px) 100vw, 504px\" \/><\/p>\n\n\n\n<p style=\"text-align: justify\">Wydarzenie to popularyzuje muzyk\u0119 polsk\u0105 XIX i XX w. na ca\u0142ym \u015bwiecie. Celem konkursu jest r\u00f3wnie\u017c promowanie utalentowanych muzyk\u00f3w, kt\u00f3rzy zdecyduj\u0105 si\u0119 w\u0142\u0105czy\u0107 do swojego repertuaru mniej znane dzie\u0142a polskich kompozytor\u00f3w. To wyj\u0105tkowe wydarzenie, po\u015bwi\u0119cone wy\u0142\u0105cznie muzyce polskiej, organizowane jest od 2019 roku pod patronatem Ministra Kultury i Dziedzictwa Narodowego.<\/p>\n\n\n\n<p style=\"text-align: justify\">Konkurs adresowany jest do muzyk\u00f3w z ca\u0142ego \u015bwiata, bez limitu wieku, w dw\u00f3ch kategoriach wykonawczych &#8211; piani\u015bci i zespo\u0142y kameralne (zespo\u0142y od 2 do 6 os\u00f3b). Opr\u00f3cz dzie\u0142 sze\u015b\u0107dziesi\u0119ciu polskich kompozytor\u00f3w wymienionych w regulaminie, dodatkowo uczestnicy b\u0119d\u0105 mogli zaprezentowa\u0107 utwory kompozytor\u00f3w spoza listy konkursowej. W 3. edycji MKMP pula nagr\u00f3d finansowych wzro\u015bnie do 103 000 euro. W ka\u017cdej kategorii wr\u0119czonych zostanie sze\u015b\u0107 nagr\u00f3d g\u0142\u00f3wnych.<\/p>\n<p>&nbsp;<strong>Oficjalna strona konkursu: <a href=\"https:\/\/konkursmuzykipolskiej.pl\/\" target=\"_blank\" rel=\"noreferrer noopener\">https:\/\/konkursmuzykipolskiej.pl\/<\/a><\/strong><\/p>\n\n\n\n<hr class=\"wp-block-separator has-alpha-channel-opacity\" \/>\n\n\n\n<p><\/p>\n\n\n\n<p><strong>Konkurs pn. \u201eM\u00f3j Internet Przysz\u0142o\u015bci\u2019\u2019<\/strong><\/p>\n\n\n\n<figure class=\"wp-block-image size-large is-resized\"><img loading=\"lazy\" decoding=\"async\" src=\"https:\/\/instytutpolski.pl\/budapest\/wp-content\/uploads\/sites\/21\/2021\/09\/ENG_G1_Twitter_1200x675-1024x576.png\" alt=\"\" class=\"wp-image-13020\" width=\"536\" height=\"301\" srcset=\"https:\/\/instytutpolski.pl\/budapest\/wp-content\/uploads\/sites\/21\/2021\/09\/ENG_G1_Twitter_1200x675-1024x576.png 1024w, https:\/\/instytutpolski.pl\/budapest\/wp-content\/uploads\/sites\/21\/2021\/09\/ENG_G1_Twitter_1200x675-300x169.png 300w, https:\/\/instytutpolski.pl\/budapest\/wp-content\/uploads\/sites\/21\/2021\/09\/ENG_G1_Twitter_1200x675-768x432.png 768w, https:\/\/instytutpolski.pl\/budapest\/wp-content\/uploads\/sites\/21\/2021\/09\/ENG_G1_Twitter_1200x675-1120x630.png 1120w, https:\/\/instytutpolski.pl\/budapest\/wp-content\/uploads\/sites\/21\/2021\/09\/ENG_G1_Twitter_1200x675.png 1200w\" sizes=\"auto, (max-width: 536px) 100vw, 536px\" \/><\/figure>\n\n\n\n<p><strong>\u201eM\u00f3j Internet Przysz\u0142o\u015bci\u201d \u2013 napisz, nakr\u0119\u0107, narysuj i wygraj!<\/strong><\/p>\n\n\n\n<p style=\"text-align: justify\">78 000 z\u0142otych to pula nagr\u00f3d konkursu \u201eM\u00f3j Internet Przysz\u0142o\u015bci\u201d, kt\u00f3ry jest organizowany w ramach Szczytu Cyfrowego ONZ #IGF2021. Zg\u0142oszenia s\u0105 przyjmowane do 8 pa\u017adziernika.<\/p>\n\n\n\n<p style=\"text-align: justify\">Jak b\u0119dzie wygl\u0105da\u0142 Internet przysz\u0142o\u015bci? Czy b\u0119dzie przyjaznym i bezpiecznym miejscem? Czy jego rozw\u00f3j przyczyni si\u0119 do budowania wi\u0119zi pomi\u0119dzy lud\u017ami czy powstawania kolejnych podzia\u0142\u00f3w? To pytania, na kt\u00f3re ten konkurs szuka odpowiedzi. Stw\u00f3rzcie plakat, film lub esej i prze\u015blijcie swoj\u0105 prac\u0119 (lub prace) do 8 pa\u017adziernika. Konkurs jest adresowany do os\u00f3b w wieku 18-28 lat.<\/p>\n\n\n\n<p>Sprawd\u017acie szczeg\u00f3\u0142y! Wi\u0119cej informacji: <a href=\"https:\/\/www.gov.pl\/web\/igf2021award\" target=\"_blank\" rel=\"noreferrer noopener\">https:\/\/www.gov.pl\/web\/igf2021award<\/a><\/p>\n\n\n\n<p><\/p>\n\n\n\n<p><\/p>\n\n\n\n<hr class=\"wp-block-separator has-css-opacity\" \/>\n\n\n\n<p><strong>Konkurs im. Wac\u0142awa&nbsp;Felczaka&nbsp;i Henryka Wereszyckiego&nbsp;<\/strong><\/p>\n\n\n\n<figure class=\"wp-block-image size-large is-resized\"><img loading=\"lazy\" decoding=\"async\" src=\"https:\/\/instytutpolski.pl\/budapest\/wp-content\/uploads\/sites\/21\/2021\/07\/wif_20111-1024x922.jpg\" alt=\"\" class=\"wp-image-12710\" width=\"375\" height=\"338\" srcset=\"https:\/\/instytutpolski.pl\/budapest\/wp-content\/uploads\/sites\/21\/2021\/07\/wif_20111-1024x922.jpg 1024w, https:\/\/instytutpolski.pl\/budapest\/wp-content\/uploads\/sites\/21\/2021\/07\/wif_20111-300x270.jpg 300w, https:\/\/instytutpolski.pl\/budapest\/wp-content\/uploads\/sites\/21\/2021\/07\/wif_20111-768x691.jpg 768w, https:\/\/instytutpolski.pl\/budapest\/wp-content\/uploads\/sites\/21\/2021\/07\/wif_20111-1536x1382.jpg 1536w, https:\/\/instytutpolski.pl\/budapest\/wp-content\/uploads\/sites\/21\/2021\/07\/wif_20111.jpg 2000w\" sizes=\"auto, (max-width: 375px) 100vw, 375px\" \/><\/figure>\n\n\n\n<p><strong>Nagroda im. Wac\u0142awa Felczaka i Henryka Wereszyckiego<\/strong>&nbsp;ustanowiona zosta\u0142a w 2001 roku przez Polskie Towarzystwo Historyczne \u2013 Oddzia\u0142 w Krakowie i Wydzia\u0142 Historyczny Uniwersytetu Jagiello\u0144skiego.<\/p>\n\n\n\n<p>Ta jedyna w Krakowie nagroda historyczna przyznawana jest corocznie w uznaniu wybitnych osi\u0105gni\u0119\u0107 jednemu z grona polskich oraz zagranicznych autor\u00f3w zajmuj\u0105cych si\u0119 dziejami Europy \u015arodkowo-Wschodniej i jej relacji z Polsk\u0105 od \u015bredniowiecza do wsp\u00f3\u0142czesno\u015bci.<\/p>\n\n\n\n<div class=\"wp-block-file\"><a id=\"wp-block-file--media-eba65f7d-6f01-441e-b9f5-28b1bd04bdb4\" href=\"https:\/\/instytutpolski.pl\/budapest\/wp-content\/uploads\/sites\/21\/2021\/07\/Komunikat-o-Nagrodzie-W.-Felczaka-i-H.-Wereszyckiego_2021.pdf\">Komunikat-o-Nagrodzie-W.-Felczaka-i-H.-Wereszyckiego_2021<\/a><a href=\"https:\/\/instytutpolski.pl\/budapest\/wp-content\/uploads\/sites\/21\/2021\/07\/Komunikat-o-Nagrodzie-W.-Felczaka-i-H.-Wereszyckiego_2021.pdf\" class=\"wp-block-file__button\" download aria-describedby=\"wp-block-file--media-eba65f7d-6f01-441e-b9f5-28b1bd04bdb4\">Pobierz<\/a><\/div>\n\n\n\n<p>Wi\u0119cej informacji: <a href=\"http:\/\/www.pth.krakow.pl\/index.php?site=konkurs_wereszycki\">http:\/\/www.pth.krakow.pl\/index.php?site=konkurs_wereszycki<\/a><\/p>\n\n\n\n<hr class=\"wp-block-separator has-css-opacity is-style-wide\" \/>\n\n\n\n<p><strong>II Mi\u0119dzynarodowy Konkurs Muzyki Polskiej im. Stanis\u0142awa Moniuszki 2021<\/strong><\/p>\n\n\n\n<figure class=\"wp-block-image size-large is-resized\"><img loading=\"lazy\" decoding=\"async\" src=\"https:\/\/instytutpolski.pl\/budapest\/wp-content\/uploads\/sites\/21\/2021\/05\/MONIUSZKO_portret_podstawa6.png\" alt=\"\" class=\"wp-image-11996\" width=\"354\" height=\"297\" srcset=\"https:\/\/instytutpolski.pl\/budapest\/wp-content\/uploads\/sites\/21\/2021\/05\/MONIUSZKO_portret_podstawa6.png 940w, https:\/\/instytutpolski.pl\/budapest\/wp-content\/uploads\/sites\/21\/2021\/05\/MONIUSZKO_portret_podstawa6-300x251.png 300w, https:\/\/instytutpolski.pl\/budapest\/wp-content\/uploads\/sites\/21\/2021\/05\/MONIUSZKO_portret_podstawa6-768x644.png 768w\" sizes=\"auto, (max-width: 354px) 100vw, 354px\" \/><\/figure>\n\n\n\n<figure class=\"wp-block-image size-large is-resized\"><img loading=\"lazy\" decoding=\"async\" src=\"https:\/\/instytutpolski.pl\/budapest\/wp-content\/uploads\/sites\/21\/2021\/05\/2ICoPM_new_deadline_banner_ENG-1024x433.png\" alt=\"\" class=\"wp-image-11998\" width=\"521\" height=\"220\" srcset=\"https:\/\/instytutpolski.pl\/budapest\/wp-content\/uploads\/sites\/21\/2021\/05\/2ICoPM_new_deadline_banner_ENG-1024x433.png 1024w, https:\/\/instytutpolski.pl\/budapest\/wp-content\/uploads\/sites\/21\/2021\/05\/2ICoPM_new_deadline_banner_ENG-300x127.png 300w, https:\/\/instytutpolski.pl\/budapest\/wp-content\/uploads\/sites\/21\/2021\/05\/2ICoPM_new_deadline_banner_ENG-768x324.png 768w, https:\/\/instytutpolski.pl\/budapest\/wp-content\/uploads\/sites\/21\/2021\/05\/2ICoPM_new_deadline_banner_ENG-1536x649.png 1536w, https:\/\/instytutpolski.pl\/budapest\/wp-content\/uploads\/sites\/21\/2021\/05\/2ICoPM_new_deadline_banner_ENG.png 1600w\" sizes=\"auto, (max-width: 521px) 100vw, 521px\" \/><\/figure>\n\n\n\n<p><strong>Wyd\u0142u\u017cony termin nadsy\u0142ania zg\u0142osze\u0144 do 31 maja 2021!<\/strong><\/p>\n\n\n\n<p>Wi\u0119cej informacji do pobrania:<\/p>\n\n\n\n<div class=\"wp-block-file\"><a id=\"wp-block-file--media-e034bfd7-8cde-46bf-8d0e-99d934baf4dd\" href=\"https:\/\/instytutpolski.pl\/budapest\/wp-content\/uploads\/sites\/21\/2021\/05\/IMiT_IIMKMP_wydluzenie_terminu_zgloszen_informacja_prasowa_30.04.2021.docx\">IMiT_IIMKMP_wydluzenie_terminu_zgloszen_informacja_prasowa_30.04.2021<\/a><a href=\"https:\/\/instytutpolski.pl\/budapest\/wp-content\/uploads\/sites\/21\/2021\/05\/IMiT_IIMKMP_wydluzenie_terminu_zgloszen_informacja_prasowa_30.04.2021.docx\" class=\"wp-block-file__button\" download aria-describedby=\"wp-block-file--media-e034bfd7-8cde-46bf-8d0e-99d934baf4dd\">Pobierz<\/a><\/div>\n\n\n\n<hr class=\"wp-block-separator has-css-opacity is-style-wide\" \/>\n\n\n\n<p><strong>13. Mi\u0119dzynarodowy Konkurs Muzyczny im. Micha\u0142a Spisaka<\/strong><\/p>\n\n\n\n<p>Konkurs adresowany jest do adept\u00f3w sztuki instrumentalnej, kt\u00f3rzy nie uko\u0144czyli 30. roku \u017cycia, graj\u0105cych na klarnecie, oboju i fagocie.<\/p>\n\n\n\n<figure class=\"wp-block-image size-large is-resized\"><img loading=\"lazy\" decoding=\"async\" src=\"https:\/\/instytutpolski.pl\/budapest\/wp-content\/uploads\/sites\/21\/2021\/05\/KonkursSpisaka_21_pr.jpg\" alt=\"\" class=\"wp-image-11987\" width=\"296\" height=\"423\" srcset=\"https:\/\/instytutpolski.pl\/budapest\/wp-content\/uploads\/sites\/21\/2021\/05\/KonkursSpisaka_21_pr.jpg 630w, https:\/\/instytutpolski.pl\/budapest\/wp-content\/uploads\/sites\/21\/2021\/05\/KonkursSpisaka_21_pr-210x300.jpg 210w\" sizes=\"auto, (max-width: 296px) 100vw, 296px\" \/><\/figure>\n\n\n\n<p><strong>Nab\u00f3r do konkursu zako\u0144czy si\u0119 14 czerwca 2021 r.<\/strong><\/p>\n\n\n\n<p>Wi\u0119cej informacji: <a href=\"https:\/\/spisakkonkurs.pl\/zglos-sie-do-konkursu\/\">https:\/\/spisakkonkurs.pl\/zglos-sie-do-konkursu\/<\/a><\/p>\n\n\n\n<p><\/p>\n","protected":false},"excerpt":{"rendered":"<p>Stypendium im. B. Winiarskiego w Centrum im. Lauterpachta w Cambridge Centrum Prawa Mi\u0119dzynarodowego im. H. Lauterpachta w Cambridge og\u0142osi\u0142o nab\u00f3r na finansowane ze \u015brodk\u00f3w Ambasady RP w Londynie stypendium im. Prof. B. Winiarskiego. Stypendium jest skierowane do badaczy prawa mi\u0119dzynarodowego (r\u00f3wnie\u017c doktorant\u00f3w) z pa\u0144stw V4 i Ba\u0142kan\u00f3w Zachodnich (jedna osoba) oraz Partnerstwa Wschodniego (jedna osoba). [&hellip;]<\/p>\n","protected":false},"author":137,"featured_media":8284,"parent":0,"menu_order":0,"comment_status":"closed","ping_status":"closed","template":"","meta":{"inline_featured_image":false,"_monsterinsights_skip_tracking":false,"_monsterinsights_sitenote_active":false,"_monsterinsights_sitenote_note":"","_monsterinsights_sitenote_category":0,"footnotes":""},"class_list":["post-11983","page","type-page","status-publish","has-post-thumbnail","hentry"],"yoast_head":"<!-- This site is optimized with the Yoast SEO plugin v24.6 - https:\/\/yoast.com\/wordpress\/plugins\/seo\/ -->\n<title>Mi\u0119dzynarodowe konkursy - Instytut Polski w Budapeszcie<\/title>\n<meta name=\"robots\" content=\"index, follow, max-snippet:-1, max-image-preview:large, max-video-preview:-1\" \/>\n<link rel=\"canonical\" href=\"https:\/\/instytutpolski.pl\/budapest\/pl\/miedzynarodowe-konkursy\/\" \/>\n<meta property=\"og:locale\" content=\"pl_PL\" \/>\n<meta property=\"og:type\" content=\"article\" \/>\n<meta property=\"og:title\" content=\"Mi\u0119dzynarodowe konkursy - Instytut Polski w Budapeszcie\" \/>\n<meta property=\"og:description\" content=\"Stypendium im. B. Winiarskiego w Centrum im. Lauterpachta w Cambridge Centrum Prawa Mi\u0119dzynarodowego im. H. Lauterpachta w Cambridge og\u0142osi\u0142o nab\u00f3r na finansowane ze \u015brodk\u00f3w Ambasady RP w Londynie stypendium im. Prof. B. Winiarskiego. Stypendium jest skierowane do badaczy prawa mi\u0119dzynarodowego (r\u00f3wnie\u017c doktorant\u00f3w) z pa\u0144stw V4 i Ba\u0142kan\u00f3w Zachodnich (jedna osoba) oraz Partnerstwa Wschodniego (jedna osoba). [&hellip;]\" \/>\n<meta property=\"og:url\" content=\"https:\/\/instytutpolski.pl\/budapest\/pl\/miedzynarodowe-konkursy\/\" \/>\n<meta property=\"og:site_name\" content=\"Instytut Polski w Budapeszcie\" \/>\n<meta property=\"article:modified_time\" content=\"2023-04-04T10:30:08+00:00\" \/>\n<meta property=\"og:image\" content=\"https:\/\/instytutpolski.pl\/budapest\/wp-content\/uploads\/sites\/21\/2020\/05\/14214486902_06d92247c2_c.jpg\" \/>\n\t<meta property=\"og:image:width\" content=\"799\" \/>\n\t<meta property=\"og:image:height\" content=\"533\" \/>\n\t<meta property=\"og:image:type\" content=\"image\/jpeg\" \/>\n<meta name=\"twitter:card\" content=\"summary_large_image\" \/>\n<meta name=\"twitter:label1\" content=\"Szacowany czas czytania\" \/>\n\t<meta name=\"twitter:data1\" content=\"5 minut\" \/>\n<script type=\"application\/ld+json\" class=\"yoast-schema-graph\">{\"@context\":\"https:\/\/schema.org\",\"@graph\":[{\"@type\":\"WebPage\",\"@id\":\"https:\/\/instytutpolski.pl\/budapest\/pl\/miedzynarodowe-konkursy\/\",\"url\":\"https:\/\/instytutpolski.pl\/budapest\/pl\/miedzynarodowe-konkursy\/\",\"name\":\"Mi\u0119dzynarodowe konkursy - Instytut Polski w Budapeszcie\",\"isPartOf\":{\"@id\":\"https:\/\/instytutpolski.pl\/budapest\/#website\"},\"primaryImageOfPage\":{\"@id\":\"https:\/\/instytutpolski.pl\/budapest\/pl\/miedzynarodowe-konkursy\/#primaryimage\"},\"image\":{\"@id\":\"https:\/\/instytutpolski.pl\/budapest\/pl\/miedzynarodowe-konkursy\/#primaryimage\"},\"thumbnailUrl\":\"https:\/\/instytutpolski.pl\/budapest\/wp-content\/uploads\/sites\/21\/2020\/05\/14214486902_06d92247c2_c.jpg\",\"datePublished\":\"2021-05-06T11:35:55+00:00\",\"dateModified\":\"2023-04-04T10:30:08+00:00\",\"breadcrumb\":{\"@id\":\"https:\/\/instytutpolski.pl\/budapest\/pl\/miedzynarodowe-konkursy\/#breadcrumb\"},\"inLanguage\":\"pl-PL\",\"potentialAction\":[{\"@type\":\"ReadAction\",\"target\":[\"https:\/\/instytutpolski.pl\/budapest\/pl\/miedzynarodowe-konkursy\/\"]}]},{\"@type\":\"ImageObject\",\"inLanguage\":\"pl-PL\",\"@id\":\"https:\/\/instytutpolski.pl\/budapest\/pl\/miedzynarodowe-konkursy\/#primaryimage\",\"url\":\"https:\/\/instytutpolski.pl\/budapest\/wp-content\/uploads\/sites\/21\/2020\/05\/14214486902_06d92247c2_c.jpg\",\"contentUrl\":\"https:\/\/instytutpolski.pl\/budapest\/wp-content\/uploads\/sites\/21\/2020\/05\/14214486902_06d92247c2_c.jpg\",\"width\":799,\"height\":533},{\"@type\":\"BreadcrumbList\",\"@id\":\"https:\/\/instytutpolski.pl\/budapest\/pl\/miedzynarodowe-konkursy\/#breadcrumb\",\"itemListElement\":[{\"@type\":\"ListItem\",\"position\":1,\"name\":\"Home\",\"item\":\"https:\/\/instytutpolski.pl\/budapest\/\"},{\"@type\":\"ListItem\",\"position\":2,\"name\":\"Mi\u0119dzynarodowe konkursy\"}]},{\"@type\":\"WebSite\",\"@id\":\"https:\/\/instytutpolski.pl\/budapest\/#website\",\"url\":\"https:\/\/instytutpolski.pl\/budapest\/\",\"name\":\"Instytut Polski w Budapeszcie\",\"description\":\"Instytuty Polskie\",\"potentialAction\":[{\"@type\":\"SearchAction\",\"target\":{\"@type\":\"EntryPoint\",\"urlTemplate\":\"https:\/\/instytutpolski.pl\/budapest\/?s={search_term_string}\"},\"query-input\":{\"@type\":\"PropertyValueSpecification\",\"valueRequired\":true,\"valueName\":\"search_term_string\"}}],\"inLanguage\":\"pl-PL\"}]}<\/script>\n<!-- \/ Yoast SEO plugin. -->","yoast_head_json":{"title":"Mi\u0119dzynarodowe konkursy - Instytut Polski w Budapeszcie","robots":{"index":"index","follow":"follow","max-snippet":"max-snippet:-1","max-image-preview":"max-image-preview:large","max-video-preview":"max-video-preview:-1"},"canonical":"https:\/\/instytutpolski.pl\/budapest\/pl\/miedzynarodowe-konkursy\/","og_locale":"pl_PL","og_type":"article","og_title":"Mi\u0119dzynarodowe konkursy - Instytut Polski w Budapeszcie","og_description":"Stypendium im. B. Winiarskiego w Centrum im. Lauterpachta w Cambridge Centrum Prawa Mi\u0119dzynarodowego im. H. Lauterpachta w Cambridge og\u0142osi\u0142o nab\u00f3r na finansowane ze \u015brodk\u00f3w Ambasady RP w Londynie stypendium im. Prof. B. Winiarskiego. Stypendium jest skierowane do badaczy prawa mi\u0119dzynarodowego (r\u00f3wnie\u017c doktorant\u00f3w) z pa\u0144stw V4 i Ba\u0142kan\u00f3w Zachodnich (jedna osoba) oraz Partnerstwa Wschodniego (jedna osoba). [&hellip;]","og_url":"https:\/\/instytutpolski.pl\/budapest\/pl\/miedzynarodowe-konkursy\/","og_site_name":"Instytut Polski w Budapeszcie","article_modified_time":"2023-04-04T10:30:08+00:00","og_image":[{"width":799,"height":533,"url":"https:\/\/instytutpolski.pl\/budapest\/wp-content\/uploads\/sites\/21\/2020\/05\/14214486902_06d92247c2_c.jpg","type":"image\/jpeg"}],"twitter_card":"summary_large_image","twitter_misc":{"Szacowany czas czytania":"5 minut"},"schema":{"@context":"https:\/\/schema.org","@graph":[{"@type":"WebPage","@id":"https:\/\/instytutpolski.pl\/budapest\/pl\/miedzynarodowe-konkursy\/","url":"https:\/\/instytutpolski.pl\/budapest\/pl\/miedzynarodowe-konkursy\/","name":"Mi\u0119dzynarodowe konkursy - Instytut Polski w Budapeszcie","isPartOf":{"@id":"https:\/\/instytutpolski.pl\/budapest\/#website"},"primaryImageOfPage":{"@id":"https:\/\/instytutpolski.pl\/budapest\/pl\/miedzynarodowe-konkursy\/#primaryimage"},"image":{"@id":"https:\/\/instytutpolski.pl\/budapest\/pl\/miedzynarodowe-konkursy\/#primaryimage"},"thumbnailUrl":"https:\/\/instytutpolski.pl\/budapest\/wp-content\/uploads\/sites\/21\/2020\/05\/14214486902_06d92247c2_c.jpg","datePublished":"2021-05-06T11:35:55+00:00","dateModified":"2023-04-04T10:30:08+00:00","breadcrumb":{"@id":"https:\/\/instytutpolski.pl\/budapest\/pl\/miedzynarodowe-konkursy\/#breadcrumb"},"inLanguage":"pl-PL","potentialAction":[{"@type":"ReadAction","target":["https:\/\/instytutpolski.pl\/budapest\/pl\/miedzynarodowe-konkursy\/"]}]},{"@type":"ImageObject","inLanguage":"pl-PL","@id":"https:\/\/instytutpolski.pl\/budapest\/pl\/miedzynarodowe-konkursy\/#primaryimage","url":"https:\/\/instytutpolski.pl\/budapest\/wp-content\/uploads\/sites\/21\/2020\/05\/14214486902_06d92247c2_c.jpg","contentUrl":"https:\/\/instytutpolski.pl\/budapest\/wp-content\/uploads\/sites\/21\/2020\/05\/14214486902_06d92247c2_c.jpg","width":799,"height":533},{"@type":"BreadcrumbList","@id":"https:\/\/instytutpolski.pl\/budapest\/pl\/miedzynarodowe-konkursy\/#breadcrumb","itemListElement":[{"@type":"ListItem","position":1,"name":"Home","item":"https:\/\/instytutpolski.pl\/budapest\/"},{"@type":"ListItem","position":2,"name":"Mi\u0119dzynarodowe konkursy"}]},{"@type":"WebSite","@id":"https:\/\/instytutpolski.pl\/budapest\/#website","url":"https:\/\/instytutpolski.pl\/budapest\/","name":"Instytut Polski w Budapeszcie","description":"Instytuty Polskie","potentialAction":[{"@type":"SearchAction","target":{"@type":"EntryPoint","urlTemplate":"https:\/\/instytutpolski.pl\/budapest\/?s={search_term_string}"},"query-input":{"@type":"PropertyValueSpecification","valueRequired":true,"valueName":"search_term_string"}}],"inLanguage":"pl-PL"}]}},"_links":{"self":[{"href":"https:\/\/instytutpolski.pl\/budapest\/wp-json\/wp\/v2\/pages\/11983","targetHints":{"allow":["GET"]}}],"collection":[{"href":"https:\/\/instytutpolski.pl\/budapest\/wp-json\/wp\/v2\/pages"}],"about":[{"href":"https:\/\/instytutpolski.pl\/budapest\/wp-json\/wp\/v2\/types\/page"}],"author":[{"embeddable":true,"href":"https:\/\/instytutpolski.pl\/budapest\/wp-json\/wp\/v2\/users\/137"}],"replies":[{"embeddable":true,"href":"https:\/\/instytutpolski.pl\/budapest\/wp-json\/wp\/v2\/comments?post=11983"}],"version-history":[{"count":17,"href":"https:\/\/instytutpolski.pl\/budapest\/wp-json\/wp\/v2\/pages\/11983\/revisions"}],"predecessor-version":[{"id":16780,"href":"https:\/\/instytutpolski.pl\/budapest\/wp-json\/wp\/v2\/pages\/11983\/revisions\/16780"}],"wp:featuredmedia":[{"embeddable":true,"href":"https:\/\/instytutpolski.pl\/budapest\/wp-json\/wp\/v2\/media\/8284"}],"wp:attachment":[{"href":"https:\/\/instytutpolski.pl\/budapest\/wp-json\/wp\/v2\/media?parent=11983"}],"curies":[{"name":"wp","href":"https:\/\/api.w.org\/{rel}","templated":true}]}}