{"id":1332,"date":"2019-07-03T09:53:35","date_gmt":"2019-07-03T07:53:35","guid":{"rendered":"https:\/\/instytutpolski.pl\/budapeszt\/?page_id=1332"},"modified":"2025-12-18T15:14:32","modified_gmt":"2025-12-18T14:14:32","slug":"munkatarsak","status":"publish","type":"page","link":"https:\/\/instytutpolski.pl\/budapest\/a-lengyel-intezetrol\/munkatarsak\/","title":{"rendered":"Munkat\u00e1rsak"},"content":{"rendered":"\n<figure class=\"wp-block-gallery has-nested-images columns-default is-cropped wp-block-gallery-1 is-layout-flex wp-block-gallery-is-layout-flex\">\n<figure class=\"wp-block-image size-large\"><img loading=\"lazy\" decoding=\"async\" width=\"1024\" height=\"603\" data-id=\"21251\" src=\"https:\/\/instytutpolski.pl\/budapest\/wp-content\/uploads\/sites\/21\/2025\/12\/munkata\u0301rsak-1024x603.jpg\" alt=\"\" class=\"wp-image-21251\" srcset=\"https:\/\/instytutpolski.pl\/budapest\/wp-content\/uploads\/sites\/21\/2025\/12\/munkata\u0301rsak-1024x603.jpg 1024w, https:\/\/instytutpolski.pl\/budapest\/wp-content\/uploads\/sites\/21\/2025\/12\/munkata\u0301rsak-300x177.jpg 300w, https:\/\/instytutpolski.pl\/budapest\/wp-content\/uploads\/sites\/21\/2025\/12\/munkata\u0301rsak-768x452.jpg 768w, https:\/\/instytutpolski.pl\/budapest\/wp-content\/uploads\/sites\/21\/2025\/12\/munkata\u0301rsak-1536x905.jpg 1536w, https:\/\/instytutpolski.pl\/budapest\/wp-content\/uploads\/sites\/21\/2025\/12\/munkata\u0301rsak-2048x1206.jpg 2048w\" sizes=\"auto, (max-width: 1024px) 100vw, 1024px\" \/><\/figure>\n<\/figure>\n\n\n\n<p><\/p>\n\n\n\n<p><strong>Jaros\u0142aw Bajaczyk<\/strong> &#8211; igazgat\u00f3<\/p>\n\n\n\n<p><strong>Dominika Teske<\/strong> &#8211; igazgat\u00f3helyettes<\/p>\n\n\n\n<p><strong>Sygizman Aneta<\/strong>, titk\u00e1rs\u00e1gvezet\u0151 &#8211; 2023-ban csatlakozott a budapesti Lengyel Int\u00e9zet csapat\u00e1hoz. <\/p>\n\n\n\n<p><strong>Felvid\u00e9ki Eszter &#8211; <\/strong>A budapesti Lengyel Int\u00e9zet kultur\u00e1lis programszervez\u0151 munkat\u00e1rsa 2010-2019-ig, 2024 &#8211; (irodalom, sz\u00ednh\u00e1z, k\u00e9pz\u0151m\u0171v\u00e9szet, kommunik\u00e1ci\u00f3)<\/p>\n\n\n\n<p style=\"text-align: justify\"><strong>Jerger T\u00edmea<\/strong>\u00a0\u2013 2002 \u00f3ta a budapesti Lengyel Int\u00e9zet k\u00e9pz\u0151m\u0171v\u00e9szeti projektekkel, ki\u00e1ll\u00edt\u00e1sszervez\u00e9ssel foglalkoz\u00f3 munkat\u00e1rsa, a Plat\u00e1n Gal\u00e9ria vezet\u0151je volt. 2020 \u00f3ta az Int\u00e9zet kommunik\u00e1ci\u00f3s \u00e9s PR munkat\u00e1rsa, jelenleg a filmes projektek koordin\u00e1tora.\u00a0<\/p>\n\n\n\n<p><\/p>\n\n\n\n<p><strong>Tomasz Piars<\/strong> &#8211; A budapesti Lengyel Int\u00e9zet k\u00e9pz\u0151m\u0171v\u00e9szeti projektekkel foglalkoz\u00f3&nbsp;munkat\u00e1rsa 2013-2018 k\u00f6z\u00f6tt. 2025 \u00f3ta&nbsp;kultur\u00e1lis programszervez\u0151 &#8211; k\u00e9pz\u0151m\u0171v\u00e9szeti \u00e9s&nbsp;zenei projektek koordin\u00e1l\u00e1sa. A Plat\u00e1n \u00e9s a Latarka gal\u00e9ria ki\u00e1ll\u00edt\u00e1si program referense.&nbsp;<\/p>\n\n\n\n<p><\/p>\n\n\n\n<p><strong>M\u00e1t\u00e9 Endre&nbsp;<\/strong>&#8211; 2007 \u00f3ta a budapesti Lengyel Int\u00e9zet logisztikai munkat\u00e1rsa, g\u00e9pkocsivezet\u0151.<\/p>\n\n\n\n<p><\/p>\n\n\n\n<p><\/p>\n","protected":false},"excerpt":{"rendered":"<p>Jaros\u0142aw Bajaczyk &#8211; igazgat\u00f3 Dominika Teske &#8211; igazgat\u00f3helyettes Sygizman Aneta, titk\u00e1rs\u00e1gvezet\u0151 &#8211; 2023-ban csatlakozott a budapesti Lengyel Int\u00e9zet csapat\u00e1hoz. Felvid\u00e9ki Eszter &#8211; A budapesti Lengyel Int\u00e9zet kultur\u00e1lis programszervez\u0151 munkat\u00e1rsa 2010-2019-ig, 2024 &#8211; (irodalom, sz\u00ednh\u00e1z, k\u00e9pz\u0151m\u0171v\u00e9szet, kommunik\u00e1ci\u00f3) Jerger T\u00edmea\u00a0\u2013 2002 \u00f3ta a budapesti Lengyel Int\u00e9zet k\u00e9pz\u0151m\u0171v\u00e9szeti projektekkel, ki\u00e1ll\u00edt\u00e1sszervez\u00e9ssel foglalkoz\u00f3 munkat\u00e1rsa, a Plat\u00e1n Gal\u00e9ria vezet\u0151je volt. 2020 [&hellip;]<\/p>\n","protected":false},"author":1,"featured_media":8342,"parent":1296,"menu_order":0,"comment_status":"closed","ping_status":"closed","template":"","meta":{"inline_featured_image":false,"_monsterinsights_skip_tracking":false,"_monsterinsights_sitenote_active":false,"_monsterinsights_sitenote_note":"","_monsterinsights_sitenote_category":0,"footnotes":""},"class_list":["post-1332","page","type-page","status-publish","has-post-thumbnail","hentry"],"yoast_head":"<!-- This site is optimized with the Yoast SEO plugin v24.6 - https:\/\/yoast.com\/wordpress\/plugins\/seo\/ -->\n<title>Munkat\u00e1rsak - Instytut Polski w Budapeszcie<\/title>\n<meta name=\"robots\" content=\"index, follow, max-snippet:-1, max-image-preview:large, max-video-preview:-1\" \/>\n<link rel=\"canonical\" href=\"https:\/\/instytutpolski.pl\/budapest\/a-lengyel-intezetrol\/munkatarsak\/\" \/>\n<meta property=\"og:locale\" content=\"pl_PL\" \/>\n<meta property=\"og:type\" content=\"article\" \/>\n<meta property=\"og:title\" content=\"Munkat\u00e1rsak - Instytut Polski w Budapeszcie\" \/>\n<meta property=\"og:description\" content=\"Jaros\u0142aw Bajaczyk &#8211; igazgat\u00f3 Dominika Teske &#8211; igazgat\u00f3helyettes Sygizman Aneta, titk\u00e1rs\u00e1gvezet\u0151 &#8211; 2023-ban csatlakozott a budapesti Lengyel Int\u00e9zet csapat\u00e1hoz. Felvid\u00e9ki Eszter &#8211; A budapesti Lengyel Int\u00e9zet kultur\u00e1lis programszervez\u0151 munkat\u00e1rsa 2010-2019-ig, 2024 &#8211; (irodalom, sz\u00ednh\u00e1z, k\u00e9pz\u0151m\u0171v\u00e9szet, kommunik\u00e1ci\u00f3) Jerger T\u00edmea\u00a0\u2013 2002 \u00f3ta a budapesti Lengyel Int\u00e9zet k\u00e9pz\u0151m\u0171v\u00e9szeti projektekkel, ki\u00e1ll\u00edt\u00e1sszervez\u00e9ssel foglalkoz\u00f3 munkat\u00e1rsa, a Plat\u00e1n Gal\u00e9ria vezet\u0151je volt. 2020 [&hellip;]\" \/>\n<meta property=\"og:url\" content=\"https:\/\/instytutpolski.pl\/budapest\/a-lengyel-intezetrol\/munkatarsak\/\" \/>\n<meta property=\"og:site_name\" content=\"Instytut Polski w Budapeszcie\" \/>\n<meta property=\"article:modified_time\" content=\"2025-12-18T14:14:32+00:00\" \/>\n<meta property=\"og:image\" content=\"https:\/\/instytutpolski.pl\/budapest\/wp-content\/uploads\/sites\/21\/2020\/05\/JB-2014-03-20-00215-1.jpg\" \/>\n\t<meta property=\"og:image:width\" content=\"1200\" \/>\n\t<meta property=\"og:image:height\" content=\"600\" \/>\n\t<meta property=\"og:image:type\" content=\"image\/jpeg\" \/>\n<meta name=\"twitter:card\" content=\"summary_large_image\" \/>\n<meta name=\"twitter:label1\" content=\"Szacowany czas czytania\" \/>\n\t<meta name=\"twitter:data1\" content=\"2 minuty\" \/>\n<script type=\"application\/ld+json\" class=\"yoast-schema-graph\">{\"@context\":\"https:\/\/schema.org\",\"@graph\":[{\"@type\":\"WebPage\",\"@id\":\"https:\/\/instytutpolski.pl\/budapest\/a-lengyel-intezetrol\/munkatarsak\/\",\"url\":\"https:\/\/instytutpolski.pl\/budapest\/a-lengyel-intezetrol\/munkatarsak\/\",\"name\":\"Munkat\u00e1rsak - Instytut Polski w Budapeszcie\",\"isPartOf\":{\"@id\":\"https:\/\/instytutpolski.pl\/budapest\/#website\"},\"primaryImageOfPage\":{\"@id\":\"https:\/\/instytutpolski.pl\/budapest\/a-lengyel-intezetrol\/munkatarsak\/#primaryimage\"},\"image\":{\"@id\":\"https:\/\/instytutpolski.pl\/budapest\/a-lengyel-intezetrol\/munkatarsak\/#primaryimage\"},\"thumbnailUrl\":\"https:\/\/instytutpolski.pl\/budapest\/wp-content\/uploads\/sites\/21\/2020\/05\/JB-2014-03-20-00215-1.jpg\",\"datePublished\":\"2019-07-03T07:53:35+00:00\",\"dateModified\":\"2025-12-18T14:14:32+00:00\",\"breadcrumb\":{\"@id\":\"https:\/\/instytutpolski.pl\/budapest\/a-lengyel-intezetrol\/munkatarsak\/#breadcrumb\"},\"inLanguage\":\"pl-PL\",\"potentialAction\":[{\"@type\":\"ReadAction\",\"target\":[\"https:\/\/instytutpolski.pl\/budapest\/a-lengyel-intezetrol\/munkatarsak\/\"]}]},{\"@type\":\"ImageObject\",\"inLanguage\":\"pl-PL\",\"@id\":\"https:\/\/instytutpolski.pl\/budapest\/a-lengyel-intezetrol\/munkatarsak\/#primaryimage\",\"url\":\"https:\/\/instytutpolski.pl\/budapest\/wp-content\/uploads\/sites\/21\/2020\/05\/JB-2014-03-20-00215-1.jpg\",\"contentUrl\":\"https:\/\/instytutpolski.pl\/budapest\/wp-content\/uploads\/sites\/21\/2020\/05\/JB-2014-03-20-00215-1.jpg\",\"width\":1200,\"height\":600},{\"@type\":\"BreadcrumbList\",\"@id\":\"https:\/\/instytutpolski.pl\/budapest\/a-lengyel-intezetrol\/munkatarsak\/#breadcrumb\",\"itemListElement\":[{\"@type\":\"ListItem\",\"position\":1,\"name\":\"Home\",\"item\":\"https:\/\/instytutpolski.pl\/budapest\/\"},{\"@type\":\"ListItem\",\"position\":2,\"name\":\"A budapesti Lengyel Int\u00e9zetr\u0151l\",\"item\":\"https:\/\/instytutpolski.pl\/budapest\/a-lengyel-intezetrol\/\"},{\"@type\":\"ListItem\",\"position\":3,\"name\":\"Munkat\u00e1rsak\"}]},{\"@type\":\"WebSite\",\"@id\":\"https:\/\/instytutpolski.pl\/budapest\/#website\",\"url\":\"https:\/\/instytutpolski.pl\/budapest\/\",\"name\":\"Instytut Polski w Budapeszcie\",\"description\":\"Instytuty Polskie\",\"potentialAction\":[{\"@type\":\"SearchAction\",\"target\":{\"@type\":\"EntryPoint\",\"urlTemplate\":\"https:\/\/instytutpolski.pl\/budapest\/?s={search_term_string}\"},\"query-input\":{\"@type\":\"PropertyValueSpecification\",\"valueRequired\":true,\"valueName\":\"search_term_string\"}}],\"inLanguage\":\"pl-PL\"}]}<\/script>\n<!-- \/ Yoast SEO plugin. -->","yoast_head_json":{"title":"Munkat\u00e1rsak - Instytut Polski w Budapeszcie","robots":{"index":"index","follow":"follow","max-snippet":"max-snippet:-1","max-image-preview":"max-image-preview:large","max-video-preview":"max-video-preview:-1"},"canonical":"https:\/\/instytutpolski.pl\/budapest\/a-lengyel-intezetrol\/munkatarsak\/","og_locale":"pl_PL","og_type":"article","og_title":"Munkat\u00e1rsak - Instytut Polski w Budapeszcie","og_description":"Jaros\u0142aw Bajaczyk &#8211; igazgat\u00f3 Dominika Teske &#8211; igazgat\u00f3helyettes Sygizman Aneta, titk\u00e1rs\u00e1gvezet\u0151 &#8211; 2023-ban csatlakozott a budapesti Lengyel Int\u00e9zet csapat\u00e1hoz. Felvid\u00e9ki Eszter &#8211; A budapesti Lengyel Int\u00e9zet kultur\u00e1lis programszervez\u0151 munkat\u00e1rsa 2010-2019-ig, 2024 &#8211; (irodalom, sz\u00ednh\u00e1z, k\u00e9pz\u0151m\u0171v\u00e9szet, kommunik\u00e1ci\u00f3) Jerger T\u00edmea\u00a0\u2013 2002 \u00f3ta a budapesti Lengyel Int\u00e9zet k\u00e9pz\u0151m\u0171v\u00e9szeti projektekkel, ki\u00e1ll\u00edt\u00e1sszervez\u00e9ssel foglalkoz\u00f3 munkat\u00e1rsa, a Plat\u00e1n Gal\u00e9ria vezet\u0151je volt. 2020 [&hellip;]","og_url":"https:\/\/instytutpolski.pl\/budapest\/a-lengyel-intezetrol\/munkatarsak\/","og_site_name":"Instytut Polski w Budapeszcie","article_modified_time":"2025-12-18T14:14:32+00:00","og_image":[{"width":1200,"height":600,"url":"https:\/\/instytutpolski.pl\/budapest\/wp-content\/uploads\/sites\/21\/2020\/05\/JB-2014-03-20-00215-1.jpg","type":"image\/jpeg"}],"twitter_card":"summary_large_image","twitter_misc":{"Szacowany czas czytania":"2 minuty"},"schema":{"@context":"https:\/\/schema.org","@graph":[{"@type":"WebPage","@id":"https:\/\/instytutpolski.pl\/budapest\/a-lengyel-intezetrol\/munkatarsak\/","url":"https:\/\/instytutpolski.pl\/budapest\/a-lengyel-intezetrol\/munkatarsak\/","name":"Munkat\u00e1rsak - Instytut Polski w Budapeszcie","isPartOf":{"@id":"https:\/\/instytutpolski.pl\/budapest\/#website"},"primaryImageOfPage":{"@id":"https:\/\/instytutpolski.pl\/budapest\/a-lengyel-intezetrol\/munkatarsak\/#primaryimage"},"image":{"@id":"https:\/\/instytutpolski.pl\/budapest\/a-lengyel-intezetrol\/munkatarsak\/#primaryimage"},"thumbnailUrl":"https:\/\/instytutpolski.pl\/budapest\/wp-content\/uploads\/sites\/21\/2020\/05\/JB-2014-03-20-00215-1.jpg","datePublished":"2019-07-03T07:53:35+00:00","dateModified":"2025-12-18T14:14:32+00:00","breadcrumb":{"@id":"https:\/\/instytutpolski.pl\/budapest\/a-lengyel-intezetrol\/munkatarsak\/#breadcrumb"},"inLanguage":"pl-PL","potentialAction":[{"@type":"ReadAction","target":["https:\/\/instytutpolski.pl\/budapest\/a-lengyel-intezetrol\/munkatarsak\/"]}]},{"@type":"ImageObject","inLanguage":"pl-PL","@id":"https:\/\/instytutpolski.pl\/budapest\/a-lengyel-intezetrol\/munkatarsak\/#primaryimage","url":"https:\/\/instytutpolski.pl\/budapest\/wp-content\/uploads\/sites\/21\/2020\/05\/JB-2014-03-20-00215-1.jpg","contentUrl":"https:\/\/instytutpolski.pl\/budapest\/wp-content\/uploads\/sites\/21\/2020\/05\/JB-2014-03-20-00215-1.jpg","width":1200,"height":600},{"@type":"BreadcrumbList","@id":"https:\/\/instytutpolski.pl\/budapest\/a-lengyel-intezetrol\/munkatarsak\/#breadcrumb","itemListElement":[{"@type":"ListItem","position":1,"name":"Home","item":"https:\/\/instytutpolski.pl\/budapest\/"},{"@type":"ListItem","position":2,"name":"A budapesti Lengyel Int\u00e9zetr\u0151l","item":"https:\/\/instytutpolski.pl\/budapest\/a-lengyel-intezetrol\/"},{"@type":"ListItem","position":3,"name":"Munkat\u00e1rsak"}]},{"@type":"WebSite","@id":"https:\/\/instytutpolski.pl\/budapest\/#website","url":"https:\/\/instytutpolski.pl\/budapest\/","name":"Instytut Polski w Budapeszcie","description":"Instytuty Polskie","potentialAction":[{"@type":"SearchAction","target":{"@type":"EntryPoint","urlTemplate":"https:\/\/instytutpolski.pl\/budapest\/?s={search_term_string}"},"query-input":{"@type":"PropertyValueSpecification","valueRequired":true,"valueName":"search_term_string"}}],"inLanguage":"pl-PL"}]}},"_links":{"self":[{"href":"https:\/\/instytutpolski.pl\/budapest\/wp-json\/wp\/v2\/pages\/1332","targetHints":{"allow":["GET"]}}],"collection":[{"href":"https:\/\/instytutpolski.pl\/budapest\/wp-json\/wp\/v2\/pages"}],"about":[{"href":"https:\/\/instytutpolski.pl\/budapest\/wp-json\/wp\/v2\/types\/page"}],"author":[{"embeddable":true,"href":"https:\/\/instytutpolski.pl\/budapest\/wp-json\/wp\/v2\/users\/1"}],"replies":[{"embeddable":true,"href":"https:\/\/instytutpolski.pl\/budapest\/wp-json\/wp\/v2\/comments?post=1332"}],"version-history":[{"count":54,"href":"https:\/\/instytutpolski.pl\/budapest\/wp-json\/wp\/v2\/pages\/1332\/revisions"}],"predecessor-version":[{"id":21255,"href":"https:\/\/instytutpolski.pl\/budapest\/wp-json\/wp\/v2\/pages\/1332\/revisions\/21255"}],"up":[{"embeddable":true,"href":"https:\/\/instytutpolski.pl\/budapest\/wp-json\/wp\/v2\/pages\/1296"}],"wp:featuredmedia":[{"embeddable":true,"href":"https:\/\/instytutpolski.pl\/budapest\/wp-json\/wp\/v2\/media\/8342"}],"wp:attachment":[{"href":"https:\/\/instytutpolski.pl\/budapest\/wp-json\/wp\/v2\/media?parent=1332"}],"curies":[{"name":"wp","href":"https:\/\/api.w.org\/{rel}","templated":true}]}}