{"id":158,"date":"2019-05-29T09:03:38","date_gmt":"2019-05-29T07:03:38","guid":{"rendered":"https:\/\/instytutpolski.pl\/budapeszt\/?page_id=158"},"modified":"2019-05-29T09:39:13","modified_gmt":"2019-05-29T07:39:13","slug":"stypendia-do-polski","status":"publish","type":"page","link":"https:\/\/instytutpolski.pl\/budapest\/pl\/stypendia-do-polski\/","title":{"rendered":"Stypendia do Polski"},"content":{"rendered":"\n<ul>\n<li><strong>OVER 450 HIGHER EDUCATION INSTITUTIONS<\/strong><\/li>\n<li><strong>315 OF THEM HOLD ERASMUS UNIVERSITY CHARTER<\/strong><\/li>\n<li><strong>OVER 200 FIELDS OF STUDY&nbsp;<\/strong><\/li>\n<li><strong>36 THOUSAND EUROPEANS HAVE COME TO STUDY IN POLAND WITHIN ERASMUS PROGRAMME SINCE 1998&nbsp;<\/strong><\/li>\n<\/ul>\n\n\n\n<figure class=\"wp-block-embed-youtube wp-block-embed is-type-video is-provider-youtube wp-embed-aspect-16-9 wp-has-aspect-ratio\"><div class=\"wp-block-embed__wrapper\">\nhttps:\/\/youtu.be\/kqxSHztEB6Q\n<\/div><\/figure>\n\n\n\n<h4>PROGRAM STYPENDIALNY WEGIERSKIEJ KOMISJI STYPENDIALNEJ (M\u00d6B)<\/h4>\n<p>W oparciu o porozumienie polsko \u2013 w\u0119gierskie w ofercie W\u0119gierskiej Komisji Stypendialnej znajduj\u0105 si\u0119 nast\u0119puj\u0105ce programy stypendialne dotycz\u0105ce wyjazd\u00f3w na polskie uczelnie wy\u017csze:<\/p>\n<p>&#8211;\u00a0<strong>stypendium dla student\u00f3w polonistyk\u00a0<\/strong>\u2013 pi\u0119ciomiesi\u0119czne stypendium na jednej z polskich uczelni, 40 miejsc \/ rok. W ramach stypendium zapewnione jest bezp\u0142atne kszta\u0142cenie, miejsce w akademiku, zwrot koszt\u00f3w podr\u00f3\u017cy, stypendium naukowe w wysoko\u015bci 250 USD\/miesi\u0105c. Wymagana znajomo\u015b\u0107 j\u0119zyka polskiego.<\/p>\n<p>&#8211;\u00a0<strong>stypendium\u00a0<\/strong><strong>dla s\u0142uchaczy uniwersytet\u00f3w i uczni\u00f3w szk\u00f3\u0142 wy\u017cszych<\/strong>\u00a0&#8211; pi\u0119ciomiesi\u0119czne stypendium na dowolnym kierunku wybranej polskiej uczelni (za wyj\u0105tkiem kierunk\u00f3w szk\u00f3\u0142 o profilu artystycznym), 10 miejsc \/ rok. Zapewnione jest bezp\u0142atne kszta\u0142cenie, miejsce w akademiku, zwrot koszt\u00f3w podr\u00f3\u017cy, stypendium naukowe w wysoko\u015bci 250 USD\/miesi\u0105c. Wymagana znajomo\u015b\u0107 j\u0119zyka polskiego.<\/p>\n<p>&#8211;\u00a0<strong>stypendium dla\u00a0<\/strong><strong>pracownik\u00f3w uniwersyteckich, instytut\u00f3w naukowych w celu naukowej pracy badawczej<\/strong>\u00a0(pobyt kr\u00f3tszy) \u2013 kilkudniowe (5-21 dni) stypendium na wybranej polskiej uczelni dla pracownik\u00f3w naukowych, nauczycieli akademickich. 5 miejsc \/ rok. W ramach stypendium zapewnione jest bezp\u0142atne kszta\u0142cenie, miejsce w akademiku, zwrot koszt\u00f3w podr\u00f3\u017cy, stypendium w formie dziennych diet.<\/p>\n<p>&#8211;\u00a0<strong>stypendium dla\u00a0<\/strong><strong>pracownik\u00f3w uniwersyteckich, instytut\u00f3w naukowych w celu naukowej pracy badawczej<\/strong>\u00a0(pobyt d\u0142u\u017cszy) \u2013 stypendium dla pracownik\u00f3w naukowych, nauczycieli akademickich. Zapewnione jest miejsce w akademiku, zwrot koszt\u00f3w podr\u00f3\u017cy, stypendium naukowe. 18 miejsc \/ rok, d\u0142ugo\u015b\u0107 stypendium 1-9 miesi\u0119cy\u00a0 \/ osoba. Wyjazd na dowolny kierunek wybranej polskiej uczelni.<\/p>\n<p>&#8211;\u00a0<strong>letnia szko\u0142a j\u0119zyka polskiego<\/strong>\u00a0\u2013 dla s\u0142uchaczy i nauczycieli uniwersytet\u00f3w i szk\u00f3\u0142 wy\u017cszych (g\u0142\u00f3wnie kierunk\u00f3w filologicznych, katedr filologii polskiej). 3-4 tygodniowy pobyt na letniej szkole j\u0119zyka polskiego. Zapewnione jest bezp\u0142atne kszta\u0142cenie, wy\u017cywienie, nocleg, zwrot koszt\u00f3w podr\u00f3\u017cy.12 miejsc \/ rok.<\/p>\n<p><a href=\"http:\/\/www.scholarship.hu\/\" target=\"_blank\" rel=\"noopener noreferrer\">Dalsze informacje<\/a><\/p>\n<p>\u00a0<\/p>\n<p><a href=\"http:\/\/www.erasmus.org.pl\/\" target=\"_blank\" rel=\"noopener noreferrer\"><strong>PROGRAM ERASMUS<\/strong><\/a><\/p>\n<p>Program skierowany do student\u00f3w i pracownik\u00f3w uczelni wy\u017cszych. Ma za zadanie rozwijanie mi\u0119dzynarodowej wsp\u00f3\u0142pracy mi\u0119dzy uczelniami oraz\u00a0wspieranie mobilno\u015bci student\u00f3w i pracownik\u00f3w szk\u00f3\u0142 wy\u017cszych, podnoszenie poziomu kszta\u0142cenia i wzmacnianie jego europejskiego wymiaru. Uczestnicz\u0105 w nim wszystkie kraje Unii Europejskiej a tak\u017ce Islandia, Lichtenstein, Norwegia i Turcja. W jego ramach mo\u017cliwe s\u0105 przyjazdy do Polski student\u00f3w zagranicznych oraz wyjazdy polskich student\u00f3w na europejskie uczelnie.<\/p>\n<p>\u00a0<\/p>\n<p><a href=\"http:\/\/www.ceepus.info\/\" target=\"_blank\" rel=\"noopener noreferrer\"><strong>PROGRAM CEEPUS<\/strong><\/a><\/p>\n<p>Program CEEPUS\u00a0<strong>(Central European Exchange Program for University Studies)\u00a0<\/strong>wspiera wymian\u0119 akademick\u0105 w zakresie kszta\u0142cenia i doskonalenia zawodowego student\u00f3w i nauczycieli akademickich. Obejmuje Albani\u0119, Austri\u0119, Bu\u0142gari\u0119, Chorwacj\u0119, Czarnog\u00f3r\u0119, Czechy, Macedoni\u0119, Rumuni\u0119, Polsk\u0119, S\u0142owacj\u0119, S\u0142oweni\u0119, Serbi\u0119, W\u0119gry oraz Bo\u015bni\u0119 i Hercegowin\u0119.<\/p>\n<p>\u00a0<\/p>\n<p><a href=\"http:\/\/scholarships.visegradfund.org\/\" target=\"_blank\" rel=\"noopener noreferrer\"><strong>STYPENDIA FUNDACJI WYSZEHRADZKIEJ<\/strong><\/a><\/p>\n<ol>\n<li>Stypendia dla student\u00f3w z kraj\u00f3w czw\u00f3rki (CZ, HU, SK lub PL), kt\u00f3rzy planuj\u0105 studia w kraju V4 innym ni\u017c ich kraj ojczysty (na akredytowanych uniwersytetach).<\/li>\n<li>Stypendia dla student\u00f3w i os\u00f3b z tytu\u0142em magistra z kraj\u00f3w czw\u00f3rki (CZ, HU, SK lub PL), kt\u00f3rzy planuj\u0105 studia w Albanii, Armenii, Azerbejd\u017canie, Bia\u0142orusi, Bo\u015bni i Hercegowinie, Chorwacji, Czarnog\u00f3rze, Gruzji, Macedonii, Mo\u0142dawii, Serbii lub Ukrainie (w uniwersytetach posiadaj\u0105cych akredytacj\u0119).<\/li>\n<li><strong>Granty adresowane do student\u00f3w z Albanii, Armenii, Azerbejd\u017canu, Bia\u0142orusi, Bo\u015bni i Hercegowiny, Chorwacji, Czarnog\u00f3ry, Gruzji, Macedonii, Mo\u0142dawii, Serbii lub Ukrainy na akredytowanych uniwersytetach kraj\u00f3w V4.\u00a0<\/strong><strong>\u00a0<\/strong><\/li>\n<\/ol>\n<p>Wysoko\u015b\u0107 stypendium: studenci otrzymuj\u0105 2300 EUR\/semestr, a przyjmuj\u0105ca ich instytucja 1500 EUR\/semestr\/student.<\/p>\n<p>Wi\u0119cej informacji na temat stypendi\u00f3w w ramach Fundacji Wyszehradzkiej uzyska\u0107 mo\u017cna na\u00a0<a href=\"http:\/\/scholarships.visegradfund.org\/\" target=\"_blank\" rel=\"noopener noreferrer\">stronie internetowej<\/a>lub telefonicznie w sekretariacie Mi\u0119dzynarodowej Fundacji Wyszehradzkiej w Bratys\u0142awie: +421\u00a0259 203811.<\/p>\n<p>\u00a0<\/p>\n<p id=\"page-title\" class=\"title\"><strong><a href=\"http:\/\/www.bi.uj.edu.pl\/wlasne-fundusze-stypendialne\"><img loading=\"lazy\" decoding=\"async\" class=\"size-full wp-image-160 alignleft\" src=\"https:\/\/instytutpolski.pl\/budapeszt\/wp-content\/uploads\/sites\/21\/2019\/05\/g7.png\" alt=\"\" width=\"188\" height=\"232\" \/><\/a>Fundusz Kr\u00f3lowej Jadwigi \u2013 2012\/2013<\/strong><\/p>\n<p><strong>Wzorem lat ubieg\u0142ych og\u0142oszony zosta\u0142 na Uniwersytecie Jagiello\u0144skim konkurs o stypendia z Funduszu Kr\u00f3lowej Jadwigi na rok akademicki 2012\/2013.<\/strong><\/p>\n<p>Przeznaczone dla m\u0142odych pracownik\u00f3w naukowych i doktorant\u00f3w z kraj\u00f3w Europy \u015arodkowej i Wschodniej, kt\u00f3rzy pod opiek\u0105 kadry naukowej UJ b\u0119d\u0105 mogli odbywa\u0107 1-3-miesi\u0119czne sta\u017ce badawcze w Krakowie w okresie od pa\u017adziernika 2012 do czerwca 2013. Termin przyjmowania dokument\u00f3w konkursowych mija 15 czerwca 2012 roku, konkurs rozstrzygni\u0119ty zostanie w lipcu 2012. W ci\u0105gu dziewi\u0119ciu lat dzia\u0142alno\u015bci Funduszu, b\u0119d\u0105cego indywidualn\u0105 inicjatyw\u0105 Uniwersytetu Jagiello\u0144skiego, stypendium otrzyma\u0142o ponad 800 os\u00f3b z 21 kraj\u00f3w.\u00a0<br \/>W za\u0142\u0105czeniu przesy\u0142amy informacje o funduszu oraz formularz zg\u0142oszeniowy z pro\u015bb\u0105 o zainteresowanie tym przedsi\u0119wzi\u0119ciem \u015brodowisk naukowo-badawczych w krajach Pa\u0144stwa rezydentury.<\/p>\n<p>\u00a0<\/p>\n<p><strong><a href=\"https:\/\/instytutpolski.pl\/budapeszt\/wp-content\/uploads\/sites\/21\/2019\/05\/g8.jpg\"><img loading=\"lazy\" decoding=\"async\" class=\"size-full wp-image-162 alignleft\" src=\"https:\/\/instytutpolski.pl\/budapeszt\/wp-content\/uploads\/sites\/21\/2019\/05\/g8.jpg\" alt=\"\" width=\"350\" height=\"120\" srcset=\"https:\/\/instytutpolski.pl\/budapest\/wp-content\/uploads\/sites\/21\/2019\/05\/g8.jpg 350w, https:\/\/instytutpolski.pl\/budapest\/wp-content\/uploads\/sites\/21\/2019\/05\/g8-300x103.jpg 300w\" sizes=\"auto, (max-width: 350px) 100vw, 350px\" \/><\/a>Studium Europy Wschodniej UW<\/strong><br \/>og\u0142asza nab\u00f3r do<br \/>Programu Stypendialnego &#8222;25 Stypendi\u00f3w&#8221;<br \/>Specjalistyczne Studia Wschodnie UW<br \/>Termin sk\u0142adania dokument\u00f3w:\u00a0<strong>15 marca 2011 r.<\/strong><br \/>\u00a0<br \/>Skierowane do kandydat\u00f3w ze wszystkich kraj\u00f3w Europy \u015arodkowej, Ba\u0142kan\u00f3w, Europy Wschodniej, Rosji, Kaukazu i Azji \u015arodkowej.<br \/>Wymagana znajomo\u015b\u0107 j\u0119zyka polskiego oraz j\u0119zyka angielskiego.<\/p>\n<p>Wi\u0119cej informacji:\u00a0<a title=\"http:\/\/www.studium.uw.edu.pl\/?id=136&amp;nid=201\" href=\"http:\/\/www.studium.uw.edu.pl\/?id=136&amp;nid=201\" target=\"_blank\" rel=\"noopener noreferrer\">http:\/\/www.studium.uw.edu.pl\/?id=136&amp;nid=201<\/a><\/p>\n<p>\u00a0<\/p>\n<p><strong>Stypendium imienia Krzysztofa Skubiszewskiego 2011\/2012<\/strong><\/p>\n<p>Ministra Spraw Zagranicznych RP (1989-1993) dla kandydata z Europy \u015arodkowej, Ba\u0142kan\u00f3w, kraj\u00f3w Ba\u0142tyckich, Europy Wschodniej, Rosji, Azji \u015arodkowej i kraj\u00f3w Kaukazu<\/p>\n<p>Stypendium umo\u017cliwi odbycie indywidualnego sta\u017cu naukowego na Uniwersytecie Warszawskim (lub innej uczelni w Polsce) w zakresie prawa, nauk politycznych lub historii najnowszej, a jego celem jest szerzenie demokracji, praw cz\u0142owieka i zasad pa\u0144stwa prawa.<\/p>\n<p>Stypendium przeznaczone jest dla os\u00f3b, kt\u00f3re uko\u0144czy\u0142y studia wy\u017csze i obroni\u0142y doktorat a tak\u017ce dla os\u00f3b, kt\u00f3re wykazuj\u0105 si\u0119 wysokimi osi\u0105gni\u0119ciami na rzecz dobra spo\u0142ecznego.<\/p>\n<p>Termin zg\u0142oszenia: 31 marca 2011 r.<\/p>\n<p>Dok\u0142adne informacje o stypendium:<strong>\u00a0<\/strong><a href=\"http:\/\/www.studium.uw.edu.pl\/\" target=\"_blank\" rel=\"noopener noreferrer\">www.studium.uw.edu.pl<\/a><strong>\u00a0<\/strong><\/p>\n<p>\u00a0<\/p>\n<p><strong><a href=\"https:\/\/instytutpolski.pl\/budapeszt\/wp-content\/uploads\/sites\/21\/2019\/05\/g9.jpg\"><img loading=\"lazy\" decoding=\"async\" class=\"size-full wp-image-164 alignleft\" src=\"https:\/\/instytutpolski.pl\/budapeszt\/wp-content\/uploads\/sites\/21\/2019\/05\/g9.jpg\" alt=\"\" width=\"231\" height=\"88\" \/><\/a>Thesaurus Poloniae<\/strong>\u00a0to trzymiesi\u0119czny program stypendialny Ministra Kultury i Dziedzictwa Narodowego RP, realizowany przez Mi\u0119dzynarodowe Centrum Kultury w Krakowie.\u00a0\u00a0\u00a0\u00a0\u00a0\u00a0\u00a0\u00a0 Jest adresowany do os\u00f3b prowadz\u0105cych badania po\u015bwi\u0119cone kulturze, historii oraz wielokulturowemu dziedzictwu Rzeczpospolitej oraz szeroko rozumianej Europie \u015arodkowej. Do udzia\u0142u w programie zaproszone s\u0105 osoby zajmuj\u0105ce si\u0119 praktycznym wymiarem zarz\u0105dzania i ochrony dziedzictwa kulturowego oraz teoretycznymi badaniami z zakresu dziedzictwa, historii, socjologii, etnografii i antropologii.<\/p>\n<p>\u00a0<\/p>\n<p><strong>Thesaurus Poloniae<\/strong>\u00a0realizowany jest w dw\u00f3ch kategoriach: Program Senior dla\u00a0 profesor\u00f3w i starszych wyk\u0142adowc\u00f3w akademickich oraz Program Junior dla doktor\u00f3w oraz doktorant\u00f3w. MCK oferuje korzystanie z zaplecza naukowego, archiw\u00f3w, bibliotek oraz program\u00f3w edukacyjnych i badawczych prowadzonych przez krakowskie plac\u00f3wki naukowe oraz kulturalne. Stypendystom zapewnione zostaje samodzielne mieszkanie w centrum miasta oraz miejsce do pracy naukowej w siedzibie MCK przy Rynku G\u0142\u00f3wnym w Krakowie. Zakwalifikowany uczestnik programu otrzymuje stypendium (3500 z\u0142, ok. 850 EURO) dla uczestnik\u00f3w programu Senior oraz 2500 z\u0142, ok. 600 EURO dla uczestnik\u00f3w programu Junior miesi\u0119cznie) oraz jednorazowy grant przyznawany w celu zakupu ksi\u0105\u017cek oraz pomocy naukowych (1500 z\u0142, ok. 400 EURO).\u00a0\u00a0\u00a0<\/p>\n<p><a href=\"https:\/\/instytutpolski.pl\/budapeszt\/wp-content\/uploads\/sites\/21\/2019\/05\/thesaurus_poloniae.pl_.doc\" target=\"_blank\" rel=\"noopener noreferrer\">thesaurus_poloniae.pl_.doc<\/a><\/p>\n<p><a href=\"https:\/\/instytutpolski.pl\/budapeszt\/wp-content\/uploads\/sites\/21\/2019\/05\/thesaurus_poloniae_formularz_zgloszeniowy.doc\" target=\"_blank\" rel=\"noopener noreferrer\">thesaurus_poloniae_formularz_zgloszeniowy.doc<\/a><\/p>\n<h2>PRO\u00adGRAM STY\u00adPEN\u00adDIAL\u00adNY MI\u00adNI\u00adSTRA KUL\u00adTU\u00adRY &#8222;GAUDE PO\u00adLO\u00adNIA&#8221;<\/h2>\n<p>\u00a0<br \/>dla os\u00f3b do 40 roku \u017cycia, (45 &#8211; w\u00a0wy\u00adj\u0105t\u00adko\u00adwych wy\u00adpad\u00adkach)\u00a0<br \/><br \/>Pro\u00adgram Sty\u00adpen\u00addial\u00adny Mi\u00adni\u00adstra Kul\u00adtu\u00adry &#8222;Gaude Po\u00adlo\u00adnia&#8221; prze\u00adzna\u00adczo\u00adny jest dla m\u0142o\u00addych tw\u00f3r\u00adc\u00f3w kul\u00adtu\u00adry oraz t\u0142u\u00adma\u00adczy li\u00adte\u00adra\u00adtu\u00adry pol\u00adskiej z\u00a0kra\u00adj\u00f3w Eu\u00adro\u00adpy \u015arod\u00adko\u00adwow\u00adschod\u00adniej, w\u00a0pierw\u00adszej ko\u00adlej\u00adno\u00ad\u015bci z\u00a0Bia\u00ad\u0142o\u00adru\u00adsi i\u00a0Ukra\u00adiny.<br \/><br \/>O p\u00f3\u0142\u00adrocz\u00adne sty\u00adpen\u00addium w\u00a0Pol\u00adsce mog\u0105 ubie\u00adga\u0107 si\u0119 tw\u00f3r\u00adcy re\u00adpre\u00adzen\u00adtu\u00adj\u0105\u00adcy na\u00adst\u0119\u00adpu\u00adj\u0105\u00adce dzie\u00addzi\u00adny:\u00a0<br \/>\u2022 film,\u00a0<br \/>\u2022 fo\u00adto\u00adgra\u00adfia,\u00a0<br \/>\u2022 kon\u00adser\u00adwa\u00adcja za\u00adbyt\u00adk\u00f3w,\u00a0<br \/>\u2022 li\u00adte\u00adra\u00adtu\u00adra\/prze\u00adk\u0142ad,\u00a0<br \/>\u2022 mu\u00adzy\u00adka,\u00a0<br \/>\u2022 sztu\u00adki wi\u00adzu\u00adal\u00adne,\u00a0<br \/>\u2022 teatr,\u00a0<br \/>\u2022 kry\u00adty\u00adka sztu\u00adki, te\u00adatru i\u00a0filmu.\u00a0<br \/><br \/>Pro\u00adgram s\u0142u\u017cy bu\u00addo\u00adwa\u00adniu p\u0142asz\u00adczy\u00adzny zro\u00adzu\u00admie\u00adnia i\u00a0do\u00adbrych kon\u00adtak\u00adt\u00f3w na grun\u00adcie wsp\u00f3\u0142\u00adpra\u00adcy kul\u00adtu\u00adral\u00adnej po\u00admi\u0119\u00addzy Pol\u00adsk\u0105, a\u00a0jej bli\u00adski\u00admi s\u0105\u00adsia\u00adda\u00admi.<br \/>Pobyt w\u00a0Pol\u00adsce ma umo\u017c\u00adli\u00adwi\u0107 sty\u00adpen\u00addy\u00adstom po\u00adzna\u00adnie wsp\u00f3\u0142\u00adcze\u00adsnej kul\u00adtu\u00adry pol\u00adskiej oraz do\u00adsko\u00adna\u00adle\u00adnie warsz\u00adta\u00adtu tw\u00f3r\u00adcze\u00adgo pod opie\u00adk\u0105 uzna\u00adnych tw\u00f3r\u00adc\u00f3w oraz in\u00adsty\u00adtu\u00adcji w\u00a0naj\u00adwi\u0119k\u00adszych i\u00a0naj\u00adwa\u017c\u00adniej\u00adszych o\u015brod\u00adkach kul\u00adtu\u00adry pol\u00adskiej.\u00a0<\/p>\n<p>Wi\u0119cej:\u00a0<a href=\"http:\/\/www.nck.pl\/sub,pl,oprogramie.html\" target=\"_blank\" rel=\"noopener noreferrer\">http:\/\/www.nck.pl\/sub,pl,oprogramie.html<\/a><\/p>\n\n\n\n<p><\/p>\n","protected":false},"excerpt":{"rendered":"<p>OVER 450 HIGHER EDUCATION INSTITUTIONS 315 OF THEM HOLD ERASMUS UNIVERSITY CHARTER OVER 200 FIELDS OF STUDY&nbsp; 36 THOUSAND EUROPEANS HAVE COME TO STUDY IN POLAND WITHIN ERASMUS PROGRAMME SINCE 1998&nbsp; PROGRAM STYPENDIALNY WEGIERSKIEJ KOMISJI STYPENDIALNEJ (M\u00d6B) W oparciu o porozumienie polsko \u2013 w\u0119gierskie w ofercie W\u0119gierskiej Komisji Stypendialnej znajduj\u0105 si\u0119 nast\u0119puj\u0105ce programy stypendialne dotycz\u0105ce [&hellip;]<\/p>\n","protected":false},"author":1,"featured_media":0,"parent":0,"menu_order":0,"comment_status":"closed","ping_status":"closed","template":"","meta":{"inline_featured_image":false,"_monsterinsights_skip_tracking":false,"_monsterinsights_sitenote_active":false,"_monsterinsights_sitenote_note":"","_monsterinsights_sitenote_category":0,"footnotes":""},"class_list":["post-158","page","type-page","status-publish","hentry"],"yoast_head":"<!-- This site is optimized with the Yoast SEO plugin v24.6 - https:\/\/yoast.com\/wordpress\/plugins\/seo\/ -->\n<title>Stypendia do Polski - Instytut Polski w Budapeszcie<\/title>\n<meta name=\"robots\" content=\"index, follow, max-snippet:-1, max-image-preview:large, max-video-preview:-1\" \/>\n<link rel=\"canonical\" href=\"https:\/\/instytutpolski.pl\/budapest\/pl\/stypendia-do-polski\/\" \/>\n<meta property=\"og:locale\" content=\"pl_PL\" \/>\n<meta property=\"og:type\" content=\"article\" \/>\n<meta property=\"og:title\" content=\"Stypendia do Polski - Instytut Polski w Budapeszcie\" \/>\n<meta property=\"og:description\" content=\"OVER 450 HIGHER EDUCATION INSTITUTIONS 315 OF THEM HOLD ERASMUS UNIVERSITY CHARTER OVER 200 FIELDS OF STUDY&nbsp; 36 THOUSAND EUROPEANS HAVE COME TO STUDY IN POLAND WITHIN ERASMUS PROGRAMME SINCE 1998&nbsp; PROGRAM STYPENDIALNY WEGIERSKIEJ KOMISJI STYPENDIALNEJ (M\u00d6B) W oparciu o porozumienie polsko \u2013 w\u0119gierskie w ofercie W\u0119gierskiej Komisji Stypendialnej znajduj\u0105 si\u0119 nast\u0119puj\u0105ce programy stypendialne dotycz\u0105ce [&hellip;]\" \/>\n<meta property=\"og:url\" content=\"https:\/\/instytutpolski.pl\/budapest\/pl\/stypendia-do-polski\/\" \/>\n<meta property=\"og:site_name\" content=\"Instytut Polski w Budapeszcie\" \/>\n<meta property=\"article:modified_time\" content=\"2019-05-29T07:39:13+00:00\" \/>\n<meta property=\"og:image\" content=\"https:\/\/instytutpolski.pl\/budapeszt\/wp-content\/uploads\/sites\/21\/2019\/05\/g7.png\" \/>\n<meta name=\"twitter:card\" content=\"summary_large_image\" \/>\n<meta name=\"twitter:label1\" content=\"Szacowany czas czytania\" \/>\n\t<meta name=\"twitter:data1\" content=\"7 minut\" \/>\n<script type=\"application\/ld+json\" class=\"yoast-schema-graph\">{\"@context\":\"https:\/\/schema.org\",\"@graph\":[{\"@type\":\"WebPage\",\"@id\":\"https:\/\/instytutpolski.pl\/budapest\/pl\/stypendia-do-polski\/\",\"url\":\"https:\/\/instytutpolski.pl\/budapest\/pl\/stypendia-do-polski\/\",\"name\":\"Stypendia do Polski - Instytut Polski w Budapeszcie\",\"isPartOf\":{\"@id\":\"https:\/\/instytutpolski.pl\/budapest\/#website\"},\"primaryImageOfPage\":{\"@id\":\"https:\/\/instytutpolski.pl\/budapest\/pl\/stypendia-do-polski\/#primaryimage\"},\"image\":{\"@id\":\"https:\/\/instytutpolski.pl\/budapest\/pl\/stypendia-do-polski\/#primaryimage\"},\"thumbnailUrl\":\"https:\/\/instytutpolski.pl\/budapeszt\/wp-content\/uploads\/sites\/21\/2019\/05\/g7.png\",\"datePublished\":\"2019-05-29T07:03:38+00:00\",\"dateModified\":\"2019-05-29T07:39:13+00:00\",\"breadcrumb\":{\"@id\":\"https:\/\/instytutpolski.pl\/budapest\/pl\/stypendia-do-polski\/#breadcrumb\"},\"inLanguage\":\"pl-PL\",\"potentialAction\":[{\"@type\":\"ReadAction\",\"target\":[\"https:\/\/instytutpolski.pl\/budapest\/pl\/stypendia-do-polski\/\"]}]},{\"@type\":\"ImageObject\",\"inLanguage\":\"pl-PL\",\"@id\":\"https:\/\/instytutpolski.pl\/budapest\/pl\/stypendia-do-polski\/#primaryimage\",\"url\":\"https:\/\/instytutpolski.pl\/budapeszt\/wp-content\/uploads\/sites\/21\/2019\/05\/g7.png\",\"contentUrl\":\"https:\/\/instytutpolski.pl\/budapeszt\/wp-content\/uploads\/sites\/21\/2019\/05\/g7.png\"},{\"@type\":\"BreadcrumbList\",\"@id\":\"https:\/\/instytutpolski.pl\/budapest\/pl\/stypendia-do-polski\/#breadcrumb\",\"itemListElement\":[{\"@type\":\"ListItem\",\"position\":1,\"name\":\"Home\",\"item\":\"https:\/\/instytutpolski.pl\/budapest\/\"},{\"@type\":\"ListItem\",\"position\":2,\"name\":\"Stypendia do Polski\"}]},{\"@type\":\"WebSite\",\"@id\":\"https:\/\/instytutpolski.pl\/budapest\/#website\",\"url\":\"https:\/\/instytutpolski.pl\/budapest\/\",\"name\":\"Instytut Polski w Budapeszcie\",\"description\":\"Instytuty Polskie\",\"potentialAction\":[{\"@type\":\"SearchAction\",\"target\":{\"@type\":\"EntryPoint\",\"urlTemplate\":\"https:\/\/instytutpolski.pl\/budapest\/?s={search_term_string}\"},\"query-input\":{\"@type\":\"PropertyValueSpecification\",\"valueRequired\":true,\"valueName\":\"search_term_string\"}}],\"inLanguage\":\"pl-PL\"}]}<\/script>\n<!-- \/ Yoast SEO plugin. -->","yoast_head_json":{"title":"Stypendia do Polski - Instytut Polski w Budapeszcie","robots":{"index":"index","follow":"follow","max-snippet":"max-snippet:-1","max-image-preview":"max-image-preview:large","max-video-preview":"max-video-preview:-1"},"canonical":"https:\/\/instytutpolski.pl\/budapest\/pl\/stypendia-do-polski\/","og_locale":"pl_PL","og_type":"article","og_title":"Stypendia do Polski - Instytut Polski w Budapeszcie","og_description":"OVER 450 HIGHER EDUCATION INSTITUTIONS 315 OF THEM HOLD ERASMUS UNIVERSITY CHARTER OVER 200 FIELDS OF STUDY&nbsp; 36 THOUSAND EUROPEANS HAVE COME TO STUDY IN POLAND WITHIN ERASMUS PROGRAMME SINCE 1998&nbsp; PROGRAM STYPENDIALNY WEGIERSKIEJ KOMISJI STYPENDIALNEJ (M\u00d6B) W oparciu o porozumienie polsko \u2013 w\u0119gierskie w ofercie W\u0119gierskiej Komisji Stypendialnej znajduj\u0105 si\u0119 nast\u0119puj\u0105ce programy stypendialne dotycz\u0105ce [&hellip;]","og_url":"https:\/\/instytutpolski.pl\/budapest\/pl\/stypendia-do-polski\/","og_site_name":"Instytut Polski w Budapeszcie","article_modified_time":"2019-05-29T07:39:13+00:00","og_image":[{"url":"https:\/\/instytutpolski.pl\/budapeszt\/wp-content\/uploads\/sites\/21\/2019\/05\/g7.png","type":"","width":"","height":""}],"twitter_card":"summary_large_image","twitter_misc":{"Szacowany czas czytania":"7 minut"},"schema":{"@context":"https:\/\/schema.org","@graph":[{"@type":"WebPage","@id":"https:\/\/instytutpolski.pl\/budapest\/pl\/stypendia-do-polski\/","url":"https:\/\/instytutpolski.pl\/budapest\/pl\/stypendia-do-polski\/","name":"Stypendia do Polski - Instytut Polski w Budapeszcie","isPartOf":{"@id":"https:\/\/instytutpolski.pl\/budapest\/#website"},"primaryImageOfPage":{"@id":"https:\/\/instytutpolski.pl\/budapest\/pl\/stypendia-do-polski\/#primaryimage"},"image":{"@id":"https:\/\/instytutpolski.pl\/budapest\/pl\/stypendia-do-polski\/#primaryimage"},"thumbnailUrl":"https:\/\/instytutpolski.pl\/budapeszt\/wp-content\/uploads\/sites\/21\/2019\/05\/g7.png","datePublished":"2019-05-29T07:03:38+00:00","dateModified":"2019-05-29T07:39:13+00:00","breadcrumb":{"@id":"https:\/\/instytutpolski.pl\/budapest\/pl\/stypendia-do-polski\/#breadcrumb"},"inLanguage":"pl-PL","potentialAction":[{"@type":"ReadAction","target":["https:\/\/instytutpolski.pl\/budapest\/pl\/stypendia-do-polski\/"]}]},{"@type":"ImageObject","inLanguage":"pl-PL","@id":"https:\/\/instytutpolski.pl\/budapest\/pl\/stypendia-do-polski\/#primaryimage","url":"https:\/\/instytutpolski.pl\/budapeszt\/wp-content\/uploads\/sites\/21\/2019\/05\/g7.png","contentUrl":"https:\/\/instytutpolski.pl\/budapeszt\/wp-content\/uploads\/sites\/21\/2019\/05\/g7.png"},{"@type":"BreadcrumbList","@id":"https:\/\/instytutpolski.pl\/budapest\/pl\/stypendia-do-polski\/#breadcrumb","itemListElement":[{"@type":"ListItem","position":1,"name":"Home","item":"https:\/\/instytutpolski.pl\/budapest\/"},{"@type":"ListItem","position":2,"name":"Stypendia do Polski"}]},{"@type":"WebSite","@id":"https:\/\/instytutpolski.pl\/budapest\/#website","url":"https:\/\/instytutpolski.pl\/budapest\/","name":"Instytut Polski w Budapeszcie","description":"Instytuty Polskie","potentialAction":[{"@type":"SearchAction","target":{"@type":"EntryPoint","urlTemplate":"https:\/\/instytutpolski.pl\/budapest\/?s={search_term_string}"},"query-input":{"@type":"PropertyValueSpecification","valueRequired":true,"valueName":"search_term_string"}}],"inLanguage":"pl-PL"}]}},"_links":{"self":[{"href":"https:\/\/instytutpolski.pl\/budapest\/wp-json\/wp\/v2\/pages\/158","targetHints":{"allow":["GET"]}}],"collection":[{"href":"https:\/\/instytutpolski.pl\/budapest\/wp-json\/wp\/v2\/pages"}],"about":[{"href":"https:\/\/instytutpolski.pl\/budapest\/wp-json\/wp\/v2\/types\/page"}],"author":[{"embeddable":true,"href":"https:\/\/instytutpolski.pl\/budapest\/wp-json\/wp\/v2\/users\/1"}],"replies":[{"embeddable":true,"href":"https:\/\/instytutpolski.pl\/budapest\/wp-json\/wp\/v2\/comments?post=158"}],"version-history":[{"count":6,"href":"https:\/\/instytutpolski.pl\/budapest\/wp-json\/wp\/v2\/pages\/158\/revisions"}],"predecessor-version":[{"id":174,"href":"https:\/\/instytutpolski.pl\/budapest\/wp-json\/wp\/v2\/pages\/158\/revisions\/174"}],"wp:attachment":[{"href":"https:\/\/instytutpolski.pl\/budapest\/wp-json\/wp\/v2\/media?parent=158"}],"curies":[{"name":"wp","href":"https:\/\/api.w.org\/{rel}","templated":true}]}}