{"id":822,"date":"2019-06-04T23:09:02","date_gmt":"2019-06-04T21:09:02","guid":{"rendered":"https:\/\/instytutpolski.pl\/budapeszt\/?page_id=822"},"modified":"2021-05-27T11:04:26","modified_gmt":"2021-05-27T09:04:26","slug":"nowosci","status":"publish","type":"page","link":"https:\/\/instytutpolski.pl\/budapest\/pl\/nowosci\/","title":{"rendered":"Nowo\u015bci"},"content":{"rendered":"\n<p>\u00a0<\/p>\n<p>\u00a0<\/p>\n\n\n\n<p><\/p>\n\n\n\n<p><strong>Publikacja Instytutu Pami\u0119ci Narodowej pt.\u00a0<em>Walcz\u0105ca Rzeczpospolita 1939-1945<\/em> <\/strong><\/p>\n\n\n\n<p><strong>autor: Maciej Korku\u0107 &#8211; dost\u0119p elektroniczny<\/strong><\/p>\n\n\n\n<p><a href=\"https:\/\/ipn.gov.pl\/pl\/publikacje\/ksiazki\/74890,Walczaca-Rzeczpospolita-19391945.html\">https:\/\/ipn.gov.pl\/pl\/publikacje\/ksiazki\/74890,Walczaca-Rzeczpospolita-19391945.html<\/a><\/p>\n","protected":false},"excerpt":{"rendered":"<p>\u00a0 \u00a0 Publikacja Instytutu Pami\u0119ci Narodowej pt.\u00a0Walcz\u0105ca Rzeczpospolita 1939-1945 autor: Maciej Korku\u0107 &#8211; dost\u0119p elektroniczny https:\/\/ipn.gov.pl\/pl\/publikacje\/ksiazki\/74890,Walczaca-Rzeczpospolita-19391945.html<\/p>\n","protected":false},"author":1,"featured_media":8345,"parent":0,"menu_order":0,"comment_status":"closed","ping_status":"closed","template":"","meta":{"inline_featured_image":false,"_monsterinsights_skip_tracking":false,"_monsterinsights_sitenote_active":false,"_monsterinsights_sitenote_note":"","_monsterinsights_sitenote_category":0,"footnotes":""},"class_list":["post-822","page","type-page","status-publish","has-post-thumbnail","hentry"],"yoast_head":"<!-- This site is optimized with the Yoast SEO plugin v24.6 - https:\/\/yoast.com\/wordpress\/plugins\/seo\/ -->\n<title>Nowo\u015bci - Instytut Polski w Budapeszcie<\/title>\n<meta name=\"robots\" content=\"index, follow, max-snippet:-1, max-image-preview:large, max-video-preview:-1\" \/>\n<link rel=\"canonical\" href=\"https:\/\/instytutpolski.pl\/budapest\/pl\/nowosci\/\" \/>\n<meta property=\"og:locale\" content=\"pl_PL\" \/>\n<meta property=\"og:type\" content=\"article\" \/>\n<meta property=\"og:title\" content=\"Nowo\u015bci - Instytut Polski w Budapeszcie\" \/>\n<meta property=\"og:description\" content=\"\u00a0 \u00a0 Publikacja Instytutu Pami\u0119ci Narodowej pt.\u00a0Walcz\u0105ca Rzeczpospolita 1939-1945 autor: Maciej Korku\u0107 &#8211; dost\u0119p elektroniczny https:\/\/ipn.gov.pl\/pl\/publikacje\/ksiazki\/74890,Walczaca-Rzeczpospolita-19391945.html\" \/>\n<meta property=\"og:url\" content=\"https:\/\/instytutpolski.pl\/budapest\/pl\/nowosci\/\" \/>\n<meta property=\"og:site_name\" content=\"Instytut Polski w Budapeszcie\" \/>\n<meta property=\"article:modified_time\" content=\"2021-05-27T09:04:26+00:00\" \/>\n<meta property=\"og:image\" content=\"https:\/\/instytutpolski.pl\/budapest\/wp-content\/uploads\/sites\/21\/2020\/05\/JB-2014-03-18-00110.jpg\" \/>\n\t<meta property=\"og:image:width\" content=\"1200\" \/>\n\t<meta property=\"og:image:height\" content=\"499\" \/>\n\t<meta property=\"og:image:type\" content=\"image\/jpeg\" \/>\n<meta name=\"twitter:card\" content=\"summary_large_image\" \/>\n<script type=\"application\/ld+json\" class=\"yoast-schema-graph\">{\"@context\":\"https:\/\/schema.org\",\"@graph\":[{\"@type\":\"WebPage\",\"@id\":\"https:\/\/instytutpolski.pl\/budapest\/pl\/nowosci\/\",\"url\":\"https:\/\/instytutpolski.pl\/budapest\/pl\/nowosci\/\",\"name\":\"Nowo\u015bci - Instytut Polski w Budapeszcie\",\"isPartOf\":{\"@id\":\"https:\/\/instytutpolski.pl\/budapest\/#website\"},\"primaryImageOfPage\":{\"@id\":\"https:\/\/instytutpolski.pl\/budapest\/pl\/nowosci\/#primaryimage\"},\"image\":{\"@id\":\"https:\/\/instytutpolski.pl\/budapest\/pl\/nowosci\/#primaryimage\"},\"thumbnailUrl\":\"https:\/\/instytutpolski.pl\/budapest\/wp-content\/uploads\/sites\/21\/2020\/05\/JB-2014-03-18-00110.jpg\",\"datePublished\":\"2019-06-04T21:09:02+00:00\",\"dateModified\":\"2021-05-27T09:04:26+00:00\",\"breadcrumb\":{\"@id\":\"https:\/\/instytutpolski.pl\/budapest\/pl\/nowosci\/#breadcrumb\"},\"inLanguage\":\"pl-PL\",\"potentialAction\":[{\"@type\":\"ReadAction\",\"target\":[\"https:\/\/instytutpolski.pl\/budapest\/pl\/nowosci\/\"]}]},{\"@type\":\"ImageObject\",\"inLanguage\":\"pl-PL\",\"@id\":\"https:\/\/instytutpolski.pl\/budapest\/pl\/nowosci\/#primaryimage\",\"url\":\"https:\/\/instytutpolski.pl\/budapest\/wp-content\/uploads\/sites\/21\/2020\/05\/JB-2014-03-18-00110.jpg\",\"contentUrl\":\"https:\/\/instytutpolski.pl\/budapest\/wp-content\/uploads\/sites\/21\/2020\/05\/JB-2014-03-18-00110.jpg\",\"width\":1200,\"height\":499},{\"@type\":\"BreadcrumbList\",\"@id\":\"https:\/\/instytutpolski.pl\/budapest\/pl\/nowosci\/#breadcrumb\",\"itemListElement\":[{\"@type\":\"ListItem\",\"position\":1,\"name\":\"Home\",\"item\":\"https:\/\/instytutpolski.pl\/budapest\/\"},{\"@type\":\"ListItem\",\"position\":2,\"name\":\"Nowo\u015bci\"}]},{\"@type\":\"WebSite\",\"@id\":\"https:\/\/instytutpolski.pl\/budapest\/#website\",\"url\":\"https:\/\/instytutpolski.pl\/budapest\/\",\"name\":\"Instytut Polski w Budapeszcie\",\"description\":\"Instytuty Polskie\",\"potentialAction\":[{\"@type\":\"SearchAction\",\"target\":{\"@type\":\"EntryPoint\",\"urlTemplate\":\"https:\/\/instytutpolski.pl\/budapest\/?s={search_term_string}\"},\"query-input\":{\"@type\":\"PropertyValueSpecification\",\"valueRequired\":true,\"valueName\":\"search_term_string\"}}],\"inLanguage\":\"pl-PL\"}]}<\/script>\n<!-- \/ Yoast SEO plugin. -->","yoast_head_json":{"title":"Nowo\u015bci - Instytut Polski w Budapeszcie","robots":{"index":"index","follow":"follow","max-snippet":"max-snippet:-1","max-image-preview":"max-image-preview:large","max-video-preview":"max-video-preview:-1"},"canonical":"https:\/\/instytutpolski.pl\/budapest\/pl\/nowosci\/","og_locale":"pl_PL","og_type":"article","og_title":"Nowo\u015bci - Instytut Polski w Budapeszcie","og_description":"\u00a0 \u00a0 Publikacja Instytutu Pami\u0119ci Narodowej pt.\u00a0Walcz\u0105ca Rzeczpospolita 1939-1945 autor: Maciej Korku\u0107 &#8211; dost\u0119p elektroniczny https:\/\/ipn.gov.pl\/pl\/publikacje\/ksiazki\/74890,Walczaca-Rzeczpospolita-19391945.html","og_url":"https:\/\/instytutpolski.pl\/budapest\/pl\/nowosci\/","og_site_name":"Instytut Polski w Budapeszcie","article_modified_time":"2021-05-27T09:04:26+00:00","og_image":[{"width":1200,"height":499,"url":"https:\/\/instytutpolski.pl\/budapest\/wp-content\/uploads\/sites\/21\/2020\/05\/JB-2014-03-18-00110.jpg","type":"image\/jpeg"}],"twitter_card":"summary_large_image","schema":{"@context":"https:\/\/schema.org","@graph":[{"@type":"WebPage","@id":"https:\/\/instytutpolski.pl\/budapest\/pl\/nowosci\/","url":"https:\/\/instytutpolski.pl\/budapest\/pl\/nowosci\/","name":"Nowo\u015bci - Instytut Polski w Budapeszcie","isPartOf":{"@id":"https:\/\/instytutpolski.pl\/budapest\/#website"},"primaryImageOfPage":{"@id":"https:\/\/instytutpolski.pl\/budapest\/pl\/nowosci\/#primaryimage"},"image":{"@id":"https:\/\/instytutpolski.pl\/budapest\/pl\/nowosci\/#primaryimage"},"thumbnailUrl":"https:\/\/instytutpolski.pl\/budapest\/wp-content\/uploads\/sites\/21\/2020\/05\/JB-2014-03-18-00110.jpg","datePublished":"2019-06-04T21:09:02+00:00","dateModified":"2021-05-27T09:04:26+00:00","breadcrumb":{"@id":"https:\/\/instytutpolski.pl\/budapest\/pl\/nowosci\/#breadcrumb"},"inLanguage":"pl-PL","potentialAction":[{"@type":"ReadAction","target":["https:\/\/instytutpolski.pl\/budapest\/pl\/nowosci\/"]}]},{"@type":"ImageObject","inLanguage":"pl-PL","@id":"https:\/\/instytutpolski.pl\/budapest\/pl\/nowosci\/#primaryimage","url":"https:\/\/instytutpolski.pl\/budapest\/wp-content\/uploads\/sites\/21\/2020\/05\/JB-2014-03-18-00110.jpg","contentUrl":"https:\/\/instytutpolski.pl\/budapest\/wp-content\/uploads\/sites\/21\/2020\/05\/JB-2014-03-18-00110.jpg","width":1200,"height":499},{"@type":"BreadcrumbList","@id":"https:\/\/instytutpolski.pl\/budapest\/pl\/nowosci\/#breadcrumb","itemListElement":[{"@type":"ListItem","position":1,"name":"Home","item":"https:\/\/instytutpolski.pl\/budapest\/"},{"@type":"ListItem","position":2,"name":"Nowo\u015bci"}]},{"@type":"WebSite","@id":"https:\/\/instytutpolski.pl\/budapest\/#website","url":"https:\/\/instytutpolski.pl\/budapest\/","name":"Instytut Polski w Budapeszcie","description":"Instytuty Polskie","potentialAction":[{"@type":"SearchAction","target":{"@type":"EntryPoint","urlTemplate":"https:\/\/instytutpolski.pl\/budapest\/?s={search_term_string}"},"query-input":{"@type":"PropertyValueSpecification","valueRequired":true,"valueName":"search_term_string"}}],"inLanguage":"pl-PL"}]}},"_links":{"self":[{"href":"https:\/\/instytutpolski.pl\/budapest\/wp-json\/wp\/v2\/pages\/822","targetHints":{"allow":["GET"]}}],"collection":[{"href":"https:\/\/instytutpolski.pl\/budapest\/wp-json\/wp\/v2\/pages"}],"about":[{"href":"https:\/\/instytutpolski.pl\/budapest\/wp-json\/wp\/v2\/types\/page"}],"author":[{"embeddable":true,"href":"https:\/\/instytutpolski.pl\/budapest\/wp-json\/wp\/v2\/users\/1"}],"replies":[{"embeddable":true,"href":"https:\/\/instytutpolski.pl\/budapest\/wp-json\/wp\/v2\/comments?post=822"}],"version-history":[{"count":18,"href":"https:\/\/instytutpolski.pl\/budapest\/wp-json\/wp\/v2\/pages\/822\/revisions"}],"predecessor-version":[{"id":12236,"href":"https:\/\/instytutpolski.pl\/budapest\/wp-json\/wp\/v2\/pages\/822\/revisions\/12236"}],"wp:featuredmedia":[{"embeddable":true,"href":"https:\/\/instytutpolski.pl\/budapest\/wp-json\/wp\/v2\/media\/8345"}],"wp:attachment":[{"href":"https:\/\/instytutpolski.pl\/budapest\/wp-json\/wp\/v2\/media?parent=822"}],"curies":[{"name":"wp","href":"https:\/\/api.w.org\/{rel}","templated":true}]}}

Nowości

<p> </p>
<p> </p>



<p></p>



<p><strong>Publikacja Instytutu Pamięci Narodowej pt. <em>Walcząca Rzeczpospolita 1939-1945</em> </strong></p>



<p><strong>autor: Maciej Korkuć &#8211; dostęp elektroniczny</strong></p>



<p><a href="https://ipn.gov.pl/pl/publikacje/ksiazki/74890,Walczaca-Rzeczpospolita-19391945.html">https://ipn.gov.pl/pl/publikacje/ksiazki/74890,Walczaca-Rzeczpospolita-19391945.html</a></p>

<p>    Publikacja Instytutu Pamięci Narodowej pt. Walcząca Rzeczpospolita 1939-1945 autor: Maciej Korkuć &#8211; dostęp elektroniczny https://ipn.gov.pl/pl/publikacje/ksiazki/74890,Walczaca-Rzeczpospolita-19391945.html</p>

<!-- This site is optimized with the Yoast SEO plugin v24.6 - https://yoast.com/wordpress/plugins/seo/ -->
<title>Nowości - Instytut Polski w Budapeszcie</title>
<meta name="robots" content="index, follow, max-snippet:-1, max-image-preview:large, max-video-preview:-1" />
<link rel="canonical" href="https://instytutpolski.pl/budapest/pl/nowosci/" />
<meta property="og:locale" content="pl_PL" />
<meta property="og:type" content="article" />
<meta property="og:title" content="Nowości - Instytut Polski w Budapeszcie" />
<meta property="og:description" content="    Publikacja Instytutu Pamięci Narodowej pt. Walcząca Rzeczpospolita 1939-1945 autor: Maciej Korkuć &#8211; dostęp elektroniczny https://ipn.gov.pl/pl/publikacje/ksiazki/74890,Walczaca-Rzeczpospolita-19391945.html" />
<meta property="og:url" content="https://instytutpolski.pl/budapest/pl/nowosci/" />
<meta property="og:site_name" content="Instytut Polski w Budapeszcie" />
<meta property="article:modified_time" content="2021-05-27T09:04:26+00:00" />
<meta property="og:image" content="https://instytutpolski.pl/budapest/wp-content/uploads/sites/21/2020/05/JB-2014-03-18-00110.jpg" />
	<meta property="og:image:width" content="1200" />
	<meta property="og:image:height" content="499" />
	<meta property="og:image:type" content="image/jpeg" />
<meta name="twitter:card" content="summary_large_image" />
<script type="application/ld+json" class="yoast-schema-graph">{"@context":"https://schema.org","@graph":[{"@type":"WebPage","@id":"https://instytutpolski.pl/budapest/pl/nowosci/","url":"https://instytutpolski.pl/budapest/pl/nowosci/","name":"Nowości - Instytut Polski w Budapeszcie","isPartOf":{"@id":"https://instytutpolski.pl/budapest/#website"},"primaryImageOfPage":{"@id":"https://instytutpolski.pl/budapest/pl/nowosci/#primaryimage"},"image":{"@id":"https://instytutpolski.pl/budapest/pl/nowosci/#primaryimage"},"thumbnailUrl":"https://instytutpolski.pl/budapest/wp-content/uploads/sites/21/2020/05/JB-2014-03-18-00110.jpg","datePublished":"2019-06-04T21:09:02+00:00","dateModified":"2021-05-27T09:04:26+00:00","breadcrumb":{"@id":"https://instytutpolski.pl/budapest/pl/nowosci/#breadcrumb"},"inLanguage":"pl-PL","potentialAction":[{"@type":"ReadAction","target":["https://instytutpolski.pl/budapest/pl/nowosci/"]}]},{"@type":"ImageObject","inLanguage":"pl-PL","@id":"https://instytutpolski.pl/budapest/pl/nowosci/#primaryimage","url":"https://instytutpolski.pl/budapest/wp-content/uploads/sites/21/2020/05/JB-2014-03-18-00110.jpg","contentUrl":"https://instytutpolski.pl/budapest/wp-content/uploads/sites/21/2020/05/JB-2014-03-18-00110.jpg","width":1200,"height":499},{"@type":"BreadcrumbList","@id":"https://instytutpolski.pl/budapest/pl/nowosci/#breadcrumb","itemListElement":[{"@type":"ListItem","position":1,"name":"Home","item":"https://instytutpolski.pl/budapest/"},{"@type":"ListItem","position":2,"name":"Nowości"}]},{"@type":"WebSite","@id":"https://instytutpolski.pl/budapest/#website","url":"https://instytutpolski.pl/budapest/","name":"Instytut Polski w Budapeszcie","description":"Instytuty Polskie","potentialAction":[{"@type":"SearchAction","target":{"@type":"EntryPoint","urlTemplate":"https://instytutpolski.pl/budapest/?s={search_term_string}"},"query-input":{"@type":"PropertyValueSpecification","valueRequired":true,"valueName":"search_term_string"}}],"inLanguage":"pl-PL"}]}</script>
<!-- / Yoast SEO plugin. -->

Nowości - Instytut Polski w Budapeszcie

Publikacja Instytutu Pamięci Narodowej pt. Walcząca Rzeczpospolita 1939-1945 autor: Maciej Korkuć &#8211; dostęp elektroniczny https://ipn.gov.pl/pl/publikacje/ksiazki/74890,Walczaca-Rzeczpospolita-19391945.html
