{"version":"1.0","provider_name":"Instytut Polski w Dusseldorfie","provider_url":"https:\/\/instytutpolski.pl\/duesseldorf","author_name":"kolinskia","author_url":"https:\/\/instytutpolski.pl\/duesseldorf\/author\/kolinskia\/","title":"Europatag - Instytut Polski w Dusseldorfie","type":"rich","width":600,"height":338,"html":"<blockquote class=\"wp-embedded-content\" data-secret=\"8YpHJuAIaR\"><a href=\"https:\/\/instytutpolski.pl\/duesseldorf\/2002\/05\/05\/europatag\/\">Europatag<\/a><\/blockquote><iframe sandbox=\"allow-scripts\" security=\"restricted\" src=\"https:\/\/instytutpolski.pl\/duesseldorf\/2002\/05\/05\/europatag\/embed\/#?secret=8YpHJuAIaR\" width=\"600\" height=\"338\" title=\"&#8222;Europatag&#8221; &#8212; Instytut Polski w Dusseldorfie\" data-secret=\"8YpHJuAIaR\" frameborder=\"0\" marginwidth=\"0\" marginheight=\"0\" scrolling=\"no\" class=\"wp-embedded-content\"><\/iframe><script type=\"text\/javascript\">\n\/* <![CDATA[ *\/\n\/*! This file is auto-generated *\/\n!function(d,l){\"use strict\";l.querySelector&&d.addEventListener&&\"undefined\"!=typeof URL&&(d.wp=d.wp||{},d.wp.receiveEmbedMessage||(d.wp.receiveEmbedMessage=function(e){var t=e.data;if((t||t.secret||t.message||t.value)&&!\/[^a-zA-Z0-9]\/.test(t.secret)){for(var s,r,n,a=l.querySelectorAll('iframe[data-secret=\"'+t.secret+'\"]'),o=l.querySelectorAll('blockquote[data-secret=\"'+t.secret+'\"]'),c=new RegExp(\"^https?:$\",\"i\"),i=0;i<o.length;i++)o[i].style.display=\"none\";for(i=0;i<a.length;i++)s=a[i],e.source===s.contentWindow&&(s.removeAttribute(\"style\"),\"height\"===t.message?(1e3<(r=parseInt(t.value,10))?r=1e3:~~r<200&&(r=200),s.height=r):\"link\"===t.message&&(r=new URL(s.getAttribute(\"src\")),n=new URL(t.value),c.test(n.protocol))&&n.host===r.host&&l.activeElement===s&&(d.top.location.href=t.value))}},d.addEventListener(\"message\",d.wp.receiveEmbedMessage,!1),l.addEventListener(\"DOMContentLoaded\",function(){for(var e,t,s=l.querySelectorAll(\"iframe.wp-embedded-content\"),r=0;r<s.length;r++)(t=(e=s[r]).getAttribute(\"data-secret\"))||(t=Math.random().toString(36).substring(2,12),e.src+=\"#?secret=\"+t,e.setAttribute(\"data-secret\",t)),e.contentWindow.postMessage({message:\"ready\",secret:t},\"*\")},!1)))}(window,document);\n\/* ]]> *\/\n<\/script>\n","thumbnail_url":"https:\/\/instytutpolski.pl\/duesseldorf\/wp-content\/uploads\/sites\/5\/2022\/10\/WaPom.jpg","thumbnail_width":71,"thumbnail_height":77,"description":"\u00a0 Sa 04.05.2002 Uhr Marktplatz, D\u00fcsseldorf Am Europatag 2002 werden Sie das Polnische Institut wieder im Reigen der europ\u00e4ischen Nachbarn mit Informationen \u00fcber uns und unser Land antreffen. Wir freuen uns, Ihnen an diesem Tag in Zusammenarbeit mit der Wojewodschaft Kujawien-Pommern und ihrer D\u00fcsseldorfer Vertretung zus\u00e4tzlich eine besondere Region Polens vorstellen zu d\u00fcrfen, die sich [&hellip;]"}

Sa 04.05.2002 Uhr Marktplatz, Düsseldorf Am Europatag 2002 werden Sie das Polnische Institut wieder im Reigen der europäischen Nachbarn mit Informationen über uns und unser Land antreffen. Wir freuen uns, Ihnen an diesem Tag in Zusammenarbeit mit der Wojewodschaft Kujawien-Pommern und ihrer Düsseldorfer Vertretung zusätzlich eine besondere Region Polens vorstellen zu dürfen, die sich [&hellip;]
