{"version":"1.0","provider_name":"Instytut Polski w Dusseldorfie","provider_url":"https:\/\/instytutpolski.pl\/duesseldorf","author_name":"kolinskia","author_url":"https:\/\/instytutpolski.pl\/duesseldorf\/author\/kolinskia\/","title":"Tobias Bungter liest Janusz Korczak - Instytut Polski w Dusseldorfie","type":"rich","width":600,"height":338,"html":"<blockquote class=\"wp-embedded-content\" data-secret=\"tWJEPn211F\"><a href=\"https:\/\/instytutpolski.pl\/duesseldorf\/2012\/05\/20\/tobias-bungter-liest-janusz-korczak\/\">Tobias Bungter liest Janusz Korczak<\/a><\/blockquote><iframe sandbox=\"allow-scripts\" security=\"restricted\" src=\"https:\/\/instytutpolski.pl\/duesseldorf\/2012\/05\/20\/tobias-bungter-liest-janusz-korczak\/embed\/#?secret=tWJEPn211F\" width=\"600\" height=\"338\" title=\"&#8222;Tobias Bungter liest Janusz Korczak&#8221; &#8212; Instytut Polski w Dusseldorfie\" data-secret=\"tWJEPn211F\" frameborder=\"0\" marginwidth=\"0\" marginheight=\"0\" scrolling=\"no\" class=\"wp-embedded-content\"><\/iframe><script type=\"text\/javascript\">\n\/* <![CDATA[ *\/\n\/*! This file is auto-generated *\/\n!function(d,l){\"use strict\";l.querySelector&&d.addEventListener&&\"undefined\"!=typeof URL&&(d.wp=d.wp||{},d.wp.receiveEmbedMessage||(d.wp.receiveEmbedMessage=function(e){var t=e.data;if((t||t.secret||t.message||t.value)&&!\/[^a-zA-Z0-9]\/.test(t.secret)){for(var s,r,n,a=l.querySelectorAll('iframe[data-secret=\"'+t.secret+'\"]'),o=l.querySelectorAll('blockquote[data-secret=\"'+t.secret+'\"]'),c=new RegExp(\"^https?:$\",\"i\"),i=0;i<o.length;i++)o[i].style.display=\"none\";for(i=0;i<a.length;i++)s=a[i],e.source===s.contentWindow&&(s.removeAttribute(\"style\"),\"height\"===t.message?(1e3<(r=parseInt(t.value,10))?r=1e3:~~r<200&&(r=200),s.height=r):\"link\"===t.message&&(r=new URL(s.getAttribute(\"src\")),n=new URL(t.value),c.test(n.protocol))&&n.host===r.host&&l.activeElement===s&&(d.top.location.href=t.value))}},d.addEventListener(\"message\",d.wp.receiveEmbedMessage,!1),l.addEventListener(\"DOMContentLoaded\",function(){for(var e,t,s=l.querySelectorAll(\"iframe.wp-embedded-content\"),r=0;r<s.length;r++)(t=(e=s[r]).getAttribute(\"data-secret\"))||(t=Math.random().toString(36).substring(2,12),e.src+=\"#?secret=\"+t,e.setAttribute(\"data-secret\",t)),e.contentWindow.postMessage({message:\"ready\",secret:t},\"*\")},!1)))}(window,document);\n\/* ]]> *\/\n<\/script>\n","thumbnail_url":"https:\/\/instytutpolski.pl\/duesseldorf\/wp-content\/uploads\/sites\/5\/2021\/08\/janusz-korczak.jpg","thumbnail_width":825,"thumbnail_height":550,"description":"\u00a0 So 20.05.2012 17.00 UhrKunstmuseum M\u00fclheim an der Ruhr Das Jahr 2012 wurde vom polnischen Sejm zum Janusz-Korczak-Jahr erkl\u00e4rt. In diesem Jahr feiern wir 100. Jahrestag der Gr\u00fcndung des Waisenhauses in Warschau durch Janusz Korczak und gedenken des 70. Todestages des polnischen P\u00e4dagogen, Arztes, Schriftstellers und Initiators der Kinderrechte. LITERATUR Janusz-Korczak-Jahr 2012JANUSZ-KORCZAK-JAHR 2012:\u00a0http:\/\/www.2012korczak.pl Janusz Korczak [&hellip;]"}

So 20.05.2012 17.00 UhrKunstmuseum Mülheim an der Ruhr Das Jahr 2012 wurde vom polnischen Sejm zum Janusz-Korczak-Jahr erklärt. In diesem Jahr feiern wir 100. Jahrestag der Gründung des Waisenhauses in Warschau durch Janusz Korczak und gedenken des 70. Todestages des polnischen Pädagogen, Arztes, Schriftstellers und Initiators der Kinderrechte. LITERATUR Janusz-Korczak-Jahr 2012JANUSZ-KORCZAK-JAHR 2012: http://www.2012korczak.pl Janusz Korczak [&hellip;]
