{"version":"1.0","provider_name":"Instytut Polski w Dusseldorfie","provider_url":"https:\/\/instytutpolski.pl\/duesseldorf","author_name":"kolinskia","author_url":"https:\/\/instytutpolski.pl\/duesseldorf\/author\/kolinskia\/","title":"In meinem Kopf ein Universum - Instytut Polski w Dusseldorfie","type":"rich","width":600,"height":338,"html":"<blockquote class=\"wp-embedded-content\" data-secret=\"7m1v78uGzw\"><a href=\"https:\/\/instytutpolski.pl\/duesseldorf\/2015\/04\/09\/in-meinem-kopf-ein-universum\/\">In meinem Kopf ein Universum<\/a><\/blockquote><iframe sandbox=\"allow-scripts\" security=\"restricted\" src=\"https:\/\/instytutpolski.pl\/duesseldorf\/2015\/04\/09\/in-meinem-kopf-ein-universum\/embed\/#?secret=7m1v78uGzw\" width=\"600\" height=\"338\" title=\"&#8222;In meinem Kopf ein Universum&#8221; &#8212; Instytut Polski w Dusseldorfie\" data-secret=\"7m1v78uGzw\" frameborder=\"0\" marginwidth=\"0\" marginheight=\"0\" scrolling=\"no\" class=\"wp-embedded-content\"><\/iframe><script type=\"text\/javascript\">\n\/* <![CDATA[ *\/\n\/*! This file is auto-generated *\/\n!function(d,l){\"use strict\";l.querySelector&&d.addEventListener&&\"undefined\"!=typeof URL&&(d.wp=d.wp||{},d.wp.receiveEmbedMessage||(d.wp.receiveEmbedMessage=function(e){var t=e.data;if((t||t.secret||t.message||t.value)&&!\/[^a-zA-Z0-9]\/.test(t.secret)){for(var s,r,n,a=l.querySelectorAll('iframe[data-secret=\"'+t.secret+'\"]'),o=l.querySelectorAll('blockquote[data-secret=\"'+t.secret+'\"]'),c=new RegExp(\"^https?:$\",\"i\"),i=0;i<o.length;i++)o[i].style.display=\"none\";for(i=0;i<a.length;i++)s=a[i],e.source===s.contentWindow&&(s.removeAttribute(\"style\"),\"height\"===t.message?(1e3<(r=parseInt(t.value,10))?r=1e3:~~r<200&&(r=200),s.height=r):\"link\"===t.message&&(r=new URL(s.getAttribute(\"src\")),n=new URL(t.value),c.test(n.protocol))&&n.host===r.host&&l.activeElement===s&&(d.top.location.href=t.value))}},d.addEventListener(\"message\",d.wp.receiveEmbedMessage,!1),l.addEventListener(\"DOMContentLoaded\",function(){for(var e,t,s=l.querySelectorAll(\"iframe.wp-embedded-content\"),r=0;r<s.length;r++)(t=(e=s[r]).getAttribute(\"data-secret\"))||(t=Math.random().toString(36).substring(2,12),e.src+=\"#?secret=\"+t,e.setAttribute(\"data-secret\",t)),e.contentWindow.postMessage({message:\"ready\",secret:t},\"*\")},!1)))}(window,document);\n\/* ]]> *\/\n<\/script>\n","thumbnail_url":"https:\/\/instytutpolski.pl\/duesseldorf\/wp-content\/uploads\/sites\/5\/2020\/08\/LIFE-07-sc_96_2-A100_C003_07122T.jpg","thumbnail_width":1000,"thumbnail_height":417,"description":"In meinem Kopf ein Universum\/ (Chce si\u0119 \u017cy\u0107 \/ Life feels good)Polen 2013 &#8211; 107 Min. &#8211; Regie: Maciej Pieprzyca.Mit Dawid Ogrodnik, Dorota Kolak, Kamil Tkacz, Arkadiusz Jakubik u.a.Originalfassung mit dt. Untertiteln Kino Bambi, D\u00fcsseldorf, Kloster Str. Mateusz liebt die Sterne. Oft sitzt er am Fenster und blickt in die Tiefen des Universums. Und immer [&hellip;]"}

In meinem Kopf ein Universum/ (Chce się żyć / Life feels good)Polen 2013 &#8211; 107 Min. &#8211; Regie: Maciej Pieprzyca.Mit Dawid Ogrodnik, Dorota Kolak, Kamil Tkacz, Arkadiusz Jakubik u.a.Originalfassung mit dt. Untertiteln Kino Bambi, Düsseldorf, Kloster Str. Mateusz liebt die Sterne. Oft sitzt er am Fenster und blickt in die Tiefen des Universums. Und immer [&hellip;]
