{"version":"1.0","provider_name":"Instytut Polski w Dusseldorfie","provider_url":"https:\/\/instytutpolski.pl\/duesseldorf","author_name":"kolinskia","author_url":"https:\/\/instytutpolski.pl\/duesseldorf\/author\/kolinskia\/","title":"Sebastian Gahler Trio feat. Joanna Kucharczyk - Instytut Polski w Dusseldorfie","type":"rich","width":600,"height":338,"html":"<blockquote class=\"wp-embedded-content\" data-secret=\"La00YFsgu2\"><a href=\"https:\/\/instytutpolski.pl\/duesseldorf\/2018\/11\/08\/sebastian-gahler-trio-feat-joanna-kucharczyk\/\">Sebastian Gahler Trio feat. Joanna Kucharczyk<\/a><\/blockquote><iframe sandbox=\"allow-scripts\" security=\"restricted\" src=\"https:\/\/instytutpolski.pl\/duesseldorf\/2018\/11\/08\/sebastian-gahler-trio-feat-joanna-kucharczyk\/embed\/#?secret=La00YFsgu2\" width=\"600\" height=\"338\" title=\"&#8222;Sebastian Gahler Trio feat. Joanna Kucharczyk&#8221; &#8212; Instytut Polski w Dusseldorfie\" data-secret=\"La00YFsgu2\" frameborder=\"0\" marginwidth=\"0\" marginheight=\"0\" scrolling=\"no\" class=\"wp-embedded-content\"><\/iframe><script type=\"text\/javascript\">\n\/* <![CDATA[ *\/\n\/*! This file is auto-generated *\/\n!function(d,l){\"use strict\";l.querySelector&&d.addEventListener&&\"undefined\"!=typeof URL&&(d.wp=d.wp||{},d.wp.receiveEmbedMessage||(d.wp.receiveEmbedMessage=function(e){var t=e.data;if((t||t.secret||t.message||t.value)&&!\/[^a-zA-Z0-9]\/.test(t.secret)){for(var s,r,n,a=l.querySelectorAll('iframe[data-secret=\"'+t.secret+'\"]'),o=l.querySelectorAll('blockquote[data-secret=\"'+t.secret+'\"]'),c=new RegExp(\"^https?:$\",\"i\"),i=0;i<o.length;i++)o[i].style.display=\"none\";for(i=0;i<a.length;i++)s=a[i],e.source===s.contentWindow&&(s.removeAttribute(\"style\"),\"height\"===t.message?(1e3<(r=parseInt(t.value,10))?r=1e3:~~r<200&&(r=200),s.height=r):\"link\"===t.message&&(r=new URL(s.getAttribute(\"src\")),n=new URL(t.value),c.test(n.protocol))&&n.host===r.host&&l.activeElement===s&&(d.top.location.href=t.value))}},d.addEventListener(\"message\",d.wp.receiveEmbedMessage,!1),l.addEventListener(\"DOMContentLoaded\",function(){for(var e,t,s=l.querySelectorAll(\"iframe.wp-embedded-content\"),r=0;r<s.length;r++)(t=(e=s[r]).getAttribute(\"data-secret\"))||(t=Math.random().toString(36).substring(2,12),e.src+=\"#?secret=\"+t,e.setAttribute(\"data-secret\",t)),e.contentWindow.postMessage({message:\"ready\",secret:t},\"*\")},!1)))}(window,document);\n\/* ]]> *\/\n<\/script>\n","thumbnail_url":"https:\/\/instytutpolski.pl\/duesseldorf\/wp-content\/uploads\/sites\/5\/2020\/05\/Joanna-Kucharczyk-Foto.jpg","thumbnail_width":651,"thumbnail_height":639,"description":"Donnerstag, 08.11.2018, 20.30 UhrStadtgarten, Venloer Stra\u00dfe 40, 50672 K\u00f6ln, www.stadtgarten.de Freitag, 09.11.2018, 20.30 UhrJazz Schmiede, Himmelgeister Stra\u00dfe 107G, 40225 D\u00fcsseldorf,\u00a0www.jazz-schmiede.de Joanna Kucharczyk\u00a0\u2013 Jazzs\u00e4ngerin, Komponistin, Pianistin,\u00a0mehrfache Preistr\u00e4gerin internationaler Wettbewerbe, eine\u00a0gro\u00dfe Hoffnung der polnischen Jazzszene. Sie absolvierte\u00a0die Musikakademie in Kattowitz und die Musikuniversit\u00e4t\u00a0in Warschau. Ihre weitere Ausbildung hat sie in die Jazz-Fakult\u00e4t\u00a0des Musikkonservatoriums Odense gef\u00fchrt.\u00a0Nach den erfolgreichen [&hellip;]"}

Donnerstag, 08.11.2018, 20.30 UhrStadtgarten, Venloer Straße 40, 50672 Köln, www.stadtgarten.de Freitag, 09.11.2018, 20.30 UhrJazz Schmiede, Himmelgeister Straße 107G, 40225 Düsseldorf, www.jazz-schmiede.de Joanna Kucharczyk – Jazzsängerin, Komponistin, Pianistin, mehrfache Preisträgerin internationaler Wettbewerbe, eine große Hoffnung der polnischen Jazzszene. Sie absolvierte die Musikakademie in Kattowitz und die Musikuniversität in Warschau. Ihre weitere Ausbildung hat sie in die Jazz-Fakultät des Musikkonservatoriums Odense geführt. Nach den erfolgreichen [&hellip;]
