{"version":"1.0","provider_name":"Instytut Polski w Dusseldorfie","provider_url":"https:\/\/instytutpolski.pl\/duesseldorf","author_name":"kolinskia","author_url":"https:\/\/instytutpolski.pl\/duesseldorf\/author\/kolinskia\/","title":"Pablopavo i Ludziki - Instytut Polski w Dusseldorfie","type":"rich","width":600,"height":338,"html":"<blockquote class=\"wp-embedded-content\" data-secret=\"WCjQ5cDgwl\"><a href=\"https:\/\/instytutpolski.pl\/duesseldorf\/2019\/11\/08\/pablopavo-i-ludziki\/\">Pablopavo i Ludziki<\/a><\/blockquote><iframe sandbox=\"allow-scripts\" security=\"restricted\" src=\"https:\/\/instytutpolski.pl\/duesseldorf\/2019\/11\/08\/pablopavo-i-ludziki\/embed\/#?secret=WCjQ5cDgwl\" width=\"600\" height=\"338\" title=\"&#8222;Pablopavo i Ludziki&#8221; &#8212; Instytut Polski w Dusseldorfie\" data-secret=\"WCjQ5cDgwl\" frameborder=\"0\" marginwidth=\"0\" marginheight=\"0\" scrolling=\"no\" class=\"wp-embedded-content\"><\/iframe><script type=\"text\/javascript\">\n\/* <![CDATA[ *\/\n\/*! This file is auto-generated *\/\n!function(d,l){\"use strict\";l.querySelector&&d.addEventListener&&\"undefined\"!=typeof URL&&(d.wp=d.wp||{},d.wp.receiveEmbedMessage||(d.wp.receiveEmbedMessage=function(e){var t=e.data;if((t||t.secret||t.message||t.value)&&!\/[^a-zA-Z0-9]\/.test(t.secret)){for(var s,r,n,a=l.querySelectorAll('iframe[data-secret=\"'+t.secret+'\"]'),o=l.querySelectorAll('blockquote[data-secret=\"'+t.secret+'\"]'),c=new RegExp(\"^https?:$\",\"i\"),i=0;i<o.length;i++)o[i].style.display=\"none\";for(i=0;i<a.length;i++)s=a[i],e.source===s.contentWindow&&(s.removeAttribute(\"style\"),\"height\"===t.message?(1e3<(r=parseInt(t.value,10))?r=1e3:~~r<200&&(r=200),s.height=r):\"link\"===t.message&&(r=new URL(s.getAttribute(\"src\")),n=new URL(t.value),c.test(n.protocol))&&n.host===r.host&&l.activeElement===s&&(d.top.location.href=t.value))}},d.addEventListener(\"message\",d.wp.receiveEmbedMessage,!1),l.addEventListener(\"DOMContentLoaded\",function(){for(var e,t,s=l.querySelectorAll(\"iframe.wp-embedded-content\"),r=0;r<s.length;r++)(t=(e=s[r]).getAttribute(\"data-secret\"))||(t=Math.random().toString(36).substring(2,12),e.src+=\"#?secret=\"+t,e.setAttribute(\"data-secret\",t)),e.contentWindow.postMessage({message:\"ready\",secret:t},\"*\")},!1)))}(window,document);\n\/* ]]> *\/\n<\/script>\n","thumbnail_url":"https:\/\/instytutpolski.pl\/duesseldorf\/wp-content\/uploads\/sites\/5\/2020\/02\/PabloPavo.jpg","thumbnail_width":2048,"thumbnail_height":1363,"description":"#WarschauWeekend Vom 7. bis zum 10. November 2019 findet das Warschau Weekend in D\u00fcsseldorf statt.https:\/\/www.duesseldorf.de\/internationales\/partnerschaften\/warschau\/warschau-weekend.htmlDieses ist dem 30. Jubil\u00e4um der St\u00e4dtepartnerschaft zwischen D\u00fcsseldorf und Warschau gewidmet und steht ganz im Zeichen des interkulturellen Verst\u00e4ndnisses und enger interkommunalen Zusammenarbeit. Ziel ist, die unterschiedlichen Facetten der Deutsch-Polnischen Beziehungen in ihrer Breite zu zeigen und den kulturellen Austausch [&hellip;]"}

#WarschauWeekend Vom 7. bis zum 10. November 2019 findet das Warschau Weekend in Düsseldorf statt.https://www.duesseldorf.de/internationales/partnerschaften/warschau/warschau-weekend.htmlDieses ist dem 30. Jubiläum der Städtepartnerschaft zwischen Düsseldorf und Warschau gewidmet und steht ganz im Zeichen des interkulturellen Verständnisses und enger interkommunalen Zusammenarbeit. Ziel ist, die unterschiedlichen Facetten der Deutsch-Polnischen Beziehungen in ihrer Breite zu zeigen und den kulturellen Austausch [&hellip;]
