{"version":"1.0","provider_name":"Instytut Polski w Dusseldorfie","provider_url":"https:\/\/instytutpolski.pl\/duesseldorf","author_name":"kolinskia","author_url":"https:\/\/instytutpolski.pl\/duesseldorf\/author\/kolinskia\/","title":"Motion Trio &amp; Ratinger Kammerchor - Instytut Polski w Dusseldorfie","type":"rich","width":600,"height":338,"html":"<blockquote class=\"wp-embedded-content\" data-secret=\"N1SwLGQjU7\"><a href=\"https:\/\/instytutpolski.pl\/duesseldorf\/2020\/03\/11\/motion-trio-ratinger-kammerchor\/\">Motion Trio &amp; Ratinger Kammerchor<\/a><\/blockquote><iframe sandbox=\"allow-scripts\" security=\"restricted\" src=\"https:\/\/instytutpolski.pl\/duesseldorf\/2020\/03\/11\/motion-trio-ratinger-kammerchor\/embed\/#?secret=N1SwLGQjU7\" width=\"600\" height=\"338\" title=\"&#8222;Motion Trio &amp; Ratinger Kammerchor&#8221; &#8212; Instytut Polski w Dusseldorfie\" data-secret=\"N1SwLGQjU7\" frameborder=\"0\" marginwidth=\"0\" marginheight=\"0\" scrolling=\"no\" class=\"wp-embedded-content\"><\/iframe><script type=\"text\/javascript\">\n\/* <![CDATA[ *\/\n\/*! This file is auto-generated *\/\n!function(d,l){\"use strict\";l.querySelector&&d.addEventListener&&\"undefined\"!=typeof URL&&(d.wp=d.wp||{},d.wp.receiveEmbedMessage||(d.wp.receiveEmbedMessage=function(e){var t=e.data;if((t||t.secret||t.message||t.value)&&!\/[^a-zA-Z0-9]\/.test(t.secret)){for(var s,r,n,a=l.querySelectorAll('iframe[data-secret=\"'+t.secret+'\"]'),o=l.querySelectorAll('blockquote[data-secret=\"'+t.secret+'\"]'),c=new RegExp(\"^https?:$\",\"i\"),i=0;i<o.length;i++)o[i].style.display=\"none\";for(i=0;i<a.length;i++)s=a[i],e.source===s.contentWindow&&(s.removeAttribute(\"style\"),\"height\"===t.message?(1e3<(r=parseInt(t.value,10))?r=1e3:~~r<200&&(r=200),s.height=r):\"link\"===t.message&&(r=new URL(s.getAttribute(\"src\")),n=new URL(t.value),c.test(n.protocol))&&n.host===r.host&&l.activeElement===s&&(d.top.location.href=t.value))}},d.addEventListener(\"message\",d.wp.receiveEmbedMessage,!1),l.addEventListener(\"DOMContentLoaded\",function(){for(var e,t,s=l.querySelectorAll(\"iframe.wp-embedded-content\"),r=0;r<s.length;r++)(t=(e=s[r]).getAttribute(\"data-secret\"))||(t=Math.random().toString(36).substring(2,12),e.src+=\"#?secret=\"+t,e.setAttribute(\"data-secret\",t)),e.contentWindow.postMessage({message:\"ready\",secret:t},\"*\")},!1)))}(window,document);\n\/* ]]> *\/\n<\/script>\n","thumbnail_url":"https:\/\/instytutpolski.pl\/duesseldorf\/wp-content\/uploads\/sites\/5\/2020\/03\/P75CDAufnahme-4-scaled.jpg","thumbnail_width":2560,"thumbnail_height":1709,"description":"Unter dem Label eastPLUGGED\u00ae pr\u00e4sentiert die USB Stiftung seit 2013 in der Ratinger Friedenskirche Jazzkonzerte der Spitzenklasse. Nach dem \u00fcberragenden Konzert des MOTION TRIO\u00a0mit Leszek Mo\u017cd\u017cer im Februar 2019 haben die Veranstalter das Trio mit den polnischen Akkordeonisten\u00a0Janusz Wojtarowicz, Pawe\u0142 Baranek and Marcin Ga\u0142a\u017cyn\u00a0zu einer musikalischen Zusammenarbeit mit dem\u00a0RATINGER KAMMERCHOR\u00a0anl\u00e4sslich des 75. Jahrestags der Beendigung [&hellip;]"}

Unter dem Label eastPLUGGED® präsentiert die USB Stiftung seit 2013 in der Ratinger Friedenskirche Jazzkonzerte der Spitzenklasse. Nach dem überragenden Konzert des MOTION TRIO mit Leszek Możdżer im Februar 2019 haben die Veranstalter das Trio mit den polnischen Akkordeonisten Janusz Wojtarowicz, Paweł Baranek and Marcin Gałażyn zu einer musikalischen Zusammenarbeit mit dem RATINGER KAMMERCHOR anlässlich des 75. Jahrestags der Beendigung [&hellip;]
