{"version":"1.0","provider_name":"Instytut Polski w Dusseldorfie","provider_url":"https:\/\/instytutpolski.pl\/duesseldorf","author_name":"kolinskia","author_url":"https:\/\/instytutpolski.pl\/duesseldorf\/author\/kolinskia\/","title":"30 Jahre Visegrad-Gruppe - Instytut Polski w Dusseldorfie","type":"rich","width":600,"height":338,"html":"<blockquote class=\"wp-embedded-content\" data-secret=\"2m38reY4u2\"><a href=\"https:\/\/instytutpolski.pl\/duesseldorf\/2021\/02\/15\/30-jahre-visegrad-gruppe\/\">30 Jahre Visegrad-Gruppe<\/a><\/blockquote><iframe sandbox=\"allow-scripts\" security=\"restricted\" src=\"https:\/\/instytutpolski.pl\/duesseldorf\/2021\/02\/15\/30-jahre-visegrad-gruppe\/embed\/#?secret=2m38reY4u2\" width=\"600\" height=\"338\" title=\"&#8222;30 Jahre Visegrad-Gruppe&#8221; &#8212; Instytut Polski w Dusseldorfie\" data-secret=\"2m38reY4u2\" frameborder=\"0\" marginwidth=\"0\" marginheight=\"0\" scrolling=\"no\" class=\"wp-embedded-content\"><\/iframe><script type=\"text\/javascript\">\n\/* <![CDATA[ *\/\n\/*! This file is auto-generated *\/\n!function(d,l){\"use strict\";l.querySelector&&d.addEventListener&&\"undefined\"!=typeof URL&&(d.wp=d.wp||{},d.wp.receiveEmbedMessage||(d.wp.receiveEmbedMessage=function(e){var t=e.data;if((t||t.secret||t.message||t.value)&&!\/[^a-zA-Z0-9]\/.test(t.secret)){for(var s,r,n,a=l.querySelectorAll('iframe[data-secret=\"'+t.secret+'\"]'),o=l.querySelectorAll('blockquote[data-secret=\"'+t.secret+'\"]'),c=new RegExp(\"^https?:$\",\"i\"),i=0;i<o.length;i++)o[i].style.display=\"none\";for(i=0;i<a.length;i++)s=a[i],e.source===s.contentWindow&&(s.removeAttribute(\"style\"),\"height\"===t.message?(1e3<(r=parseInt(t.value,10))?r=1e3:~~r<200&&(r=200),s.height=r):\"link\"===t.message&&(r=new URL(s.getAttribute(\"src\")),n=new URL(t.value),c.test(n.protocol))&&n.host===r.host&&l.activeElement===s&&(d.top.location.href=t.value))}},d.addEventListener(\"message\",d.wp.receiveEmbedMessage,!1),l.addEventListener(\"DOMContentLoaded\",function(){for(var e,t,s=l.querySelectorAll(\"iframe.wp-embedded-content\"),r=0;r<s.length;r++)(t=(e=s[r]).getAttribute(\"data-secret\"))||(t=Math.random().toString(36).substring(2,12),e.src+=\"#?secret=\"+t,e.setAttribute(\"data-secret\",t)),e.contentWindow.postMessage({message:\"ready\",secret:t},\"*\")},!1)))}(window,document);\n\/* ]]> *\/\n<\/script>\n","thumbnail_url":"https:\/\/instytutpolski.pl\/duesseldorf\/wp-content\/uploads\/sites\/5\/2021\/02\/1-30-years-V4-TT1_EN.png","thumbnail_width":1344,"thumbnail_height":756,"description":"30. Jahrestag der Visegrad-Kooperation Vor drei\u00dfig Jahren, am 15. Februar 1991, unterzeichneten die Pr\u00e4sidenten Polens, der Tschechoslowakei sowie der Ministerpr\u00e4sident Ungarns auf der Burg Visegrad die Erkl\u00e4rung \u00fcber die Zusammenarbeit zwischen der Tschechischen und Slowakischen F\u00f6derativen Republik, der Republik Polen und der Republik Ungarn im Streben nach europ\u00e4ischer Integration. Die Deklaration bildete den politischen Rahmen [&hellip;]"}

30. Jahrestag der Visegrad-Kooperation Vor dreißig Jahren, am 15. Februar 1991, unterzeichneten die Präsidenten Polens, der Tschechoslowakei sowie der Ministerpräsident Ungarns auf der Burg Visegrad die Erklärung über die Zusammenarbeit zwischen der Tschechischen und Slowakischen Föderativen Republik, der Republik Polen und der Republik Ungarn im Streben nach europäischer Integration. Die Deklaration bildete den politischen Rahmen [&hellip;]
