{"version":"1.0","provider_name":"Instytut Polski w Dusseldorfie","provider_url":"https:\/\/instytutpolski.pl\/duesseldorf","author_name":"kolinskia","author_url":"https:\/\/instytutpolski.pl\/duesseldorf\/author\/kolinskia\/","title":"Mein Europa und Ich - Instytut Polski w Dusseldorfie","type":"rich","width":600,"height":338,"html":"<blockquote class=\"wp-embedded-content\" data-secret=\"eLSD3SRd8C\"><a href=\"https:\/\/instytutpolski.pl\/duesseldorf\/2024\/04\/29\/mein-europa-und-ich\/\">Mein Europa und Ich<\/a><\/blockquote><iframe sandbox=\"allow-scripts\" security=\"restricted\" src=\"https:\/\/instytutpolski.pl\/duesseldorf\/2024\/04\/29\/mein-europa-und-ich\/embed\/#?secret=eLSD3SRd8C\" width=\"600\" height=\"338\" title=\"&#8222;Mein Europa und Ich&#8221; &#8212; Instytut Polski w Dusseldorfie\" data-secret=\"eLSD3SRd8C\" frameborder=\"0\" marginwidth=\"0\" marginheight=\"0\" scrolling=\"no\" class=\"wp-embedded-content\"><\/iframe><script type=\"text\/javascript\">\n\/* <![CDATA[ *\/\n\/*! This file is auto-generated *\/\n!function(d,l){\"use strict\";l.querySelector&&d.addEventListener&&\"undefined\"!=typeof URL&&(d.wp=d.wp||{},d.wp.receiveEmbedMessage||(d.wp.receiveEmbedMessage=function(e){var t=e.data;if((t||t.secret||t.message||t.value)&&!\/[^a-zA-Z0-9]\/.test(t.secret)){for(var s,r,n,a=l.querySelectorAll('iframe[data-secret=\"'+t.secret+'\"]'),o=l.querySelectorAll('blockquote[data-secret=\"'+t.secret+'\"]'),c=new RegExp(\"^https?:$\",\"i\"),i=0;i<o.length;i++)o[i].style.display=\"none\";for(i=0;i<a.length;i++)s=a[i],e.source===s.contentWindow&&(s.removeAttribute(\"style\"),\"height\"===t.message?(1e3<(r=parseInt(t.value,10))?r=1e3:~~r<200&&(r=200),s.height=r):\"link\"===t.message&&(r=new URL(s.getAttribute(\"src\")),n=new URL(t.value),c.test(n.protocol))&&n.host===r.host&&l.activeElement===s&&(d.top.location.href=t.value))}},d.addEventListener(\"message\",d.wp.receiveEmbedMessage,!1),l.addEventListener(\"DOMContentLoaded\",function(){for(var e,t,s=l.querySelectorAll(\"iframe.wp-embedded-content\"),r=0;r<s.length;r++)(t=(e=s[r]).getAttribute(\"data-secret\"))||(t=Math.random().toString(36).substring(2,12),e.src+=\"#?secret=\"+t,e.setAttribute(\"data-secret\",t)),e.contentWindow.postMessage({message:\"ready\",secret:t},\"*\")},!1)))}(window,document);\n\/* ]]> *\/\n<\/script>\n","thumbnail_url":"https:\/\/instytutpolski.pl\/duesseldorf\/wp-content\/uploads\/sites\/5\/2024\/04\/Design-ohne-Titel-12-2.png","thumbnail_width":940,"thumbnail_height":723,"description":"LESUNG und GESPR\u00c4CH Mein Europa und ich.\u00a0Gesammelte Liebeserkl\u00e4rungen in Bildern und Exponaten Montag, 27.05.2024, 18 Uhr Zentralbibliothek \u2013 KAP 1, Konrad-Adenauer-Platz 1, D\u00fcsseldorf Moderation Volker Neupert, D\u00fcsseldorfer Beitr\u00e4ge \u201eRespekt und Mut\u201c Anmeldung und Info: volker.neupert@respekt-und-mut.de, mobil 0152-55823791 Knapp zwei Wochen vor der Wahl zum Europaparlament (9.06.\u00b424) m\u00f6chten wir mit erkl\u00e4rten Liebhabinnen und Liebhabern Europas dar\u00fcber [&hellip;]"}

LESUNG und GESPRÄCH Mein Europa und ich. Gesammelte Liebeserklärungen in Bildern und Exponaten Montag, 27.05.2024, 18 Uhr Zentralbibliothek – KAP 1, Konrad-Adenauer-Platz 1, Düsseldorf Moderation Volker Neupert, Düsseldorfer Beiträge „Respekt und Mut“ Anmeldung und Info: volker.neupert@respekt-und-mut.de, mobil 0152-55823791 Knapp zwei Wochen vor der Wahl zum Europaparlament (9.06.´24) möchten wir mit erklärten Liebhabinnen und Liebhabern Europas darüber [&hellip;]
