{"version":"1.0","provider_name":"Instytut Polski w Dusseldorfie","provider_url":"https:\/\/instytutpolski.pl\/duesseldorf","author_name":"kolinskia","author_url":"https:\/\/instytutpolski.pl\/duesseldorf\/author\/kolinskia\/","title":"MOTION TRIO w Hilden i w Recklinghausen - Instytut Polski w Dusseldorfie","type":"rich","width":600,"height":338,"html":"<blockquote class=\"wp-embedded-content\" data-secret=\"ad0qxq4ewg\"><a href=\"https:\/\/instytutpolski.pl\/duesseldorf\/pl\/2025\/05\/29\/motion-trio-in-hilden-und-recklinghausen\/\">MOTION TRIO w Hilden i w Recklinghausen<\/a><\/blockquote><iframe sandbox=\"allow-scripts\" security=\"restricted\" src=\"https:\/\/instytutpolski.pl\/duesseldorf\/pl\/2025\/05\/29\/motion-trio-in-hilden-und-recklinghausen\/embed\/#?secret=ad0qxq4ewg\" width=\"600\" height=\"338\" title=\"&#8222;MOTION TRIO w Hilden i w Recklinghausen&#8221; &#8212; Instytut Polski w Dusseldorfie\" data-secret=\"ad0qxq4ewg\" frameborder=\"0\" marginwidth=\"0\" marginheight=\"0\" scrolling=\"no\" class=\"wp-embedded-content\"><\/iframe><script type=\"text\/javascript\">\n\/* <![CDATA[ *\/\n\/*! This file is auto-generated *\/\n!function(d,l){\"use strict\";l.querySelector&&d.addEventListener&&\"undefined\"!=typeof URL&&(d.wp=d.wp||{},d.wp.receiveEmbedMessage||(d.wp.receiveEmbedMessage=function(e){var t=e.data;if((t||t.secret||t.message||t.value)&&!\/[^a-zA-Z0-9]\/.test(t.secret)){for(var s,r,n,a=l.querySelectorAll('iframe[data-secret=\"'+t.secret+'\"]'),o=l.querySelectorAll('blockquote[data-secret=\"'+t.secret+'\"]'),c=new RegExp(\"^https?:$\",\"i\"),i=0;i<o.length;i++)o[i].style.display=\"none\";for(i=0;i<a.length;i++)s=a[i],e.source===s.contentWindow&&(s.removeAttribute(\"style\"),\"height\"===t.message?(1e3<(r=parseInt(t.value,10))?r=1e3:~~r<200&&(r=200),s.height=r):\"link\"===t.message&&(r=new URL(s.getAttribute(\"src\")),n=new URL(t.value),c.test(n.protocol))&&n.host===r.host&&l.activeElement===s&&(d.top.location.href=t.value))}},d.addEventListener(\"message\",d.wp.receiveEmbedMessage,!1),l.addEventListener(\"DOMContentLoaded\",function(){for(var e,t,s=l.querySelectorAll(\"iframe.wp-embedded-content\"),r=0;r<s.length;r++)(t=(e=s[r]).getAttribute(\"data-secret\"))||(t=Math.random().toString(36).substring(2,12),e.src+=\"#?secret=\"+t,e.setAttribute(\"data-secret\",t)),e.contentWindow.postMessage({message:\"ready\",secret:t},\"*\")},!1)))}(window,document);\n\/* ]]> *\/\n<\/script>\n","thumbnail_url":"https:\/\/instytutpolski.pl\/duesseldorf\/wp-content\/uploads\/sites\/5\/2025\/05\/33e4f5f5-6854-454a-8dfe-ac07c7114f08.jpg","thumbnail_width":1152,"thumbnail_height":2048,"description":"Janusz Wojtarowicz, Pawe\u0142 Baranek, Marcin Ga\u0142a\u017cyn &#8211;\u00a0https:\/\/motiontrio.com Koncerty z okazji polskiej prezydencji w Radzie Unii Europejskiej.\u00a0 TERMINY 29. Hildener Jazztage: https:\/\/www.hildener-jazztage.de\/programm\/motion-trio.html Sobota, 31.05.25, 19.30 &#8211; wst\u0119p 18.00 Stadthalle w Hilden, Fritz-Gressard-Platz 1, 40721 Hilden Ruhrfestspiele Recklinghausen:\u00a0https:\/\/www.ruhrfestspiele.de\/programm\/2025\/motion-trio\u00a0 Niedziela, 01.06.2025 r., godz. 19.00 &#8211; 20.00 Namiot festiwalowy, Otto-Burrmeister-Allee 1, 45657 Recklinghausen \u00a0 Motion Trio to obecnie jeden [&hellip;]"}

Janusz Wojtarowicz, Paweł Baranek, Marcin Gałażyn &#8211; https://motiontrio.com Koncerty z okazji polskiej prezydencji w Radzie Unii Europejskiej.  TERMINY 29. Hildener Jazztage: https://www.hildener-jazztage.de/programm/motion-trio.html Sobota, 31.05.25, 19.30 &#8211; wstęp 18.00 Stadthalle w Hilden, Fritz-Gressard-Platz 1, 40721 Hilden Ruhrfestspiele Recklinghausen: https://www.ruhrfestspiele.de/programm/2025/motion-trio  Niedziela, 01.06.2025 r., godz. 19.00 &#8211; 20.00 Namiot festiwalowy, Otto-Burrmeister-Allee 1, 45657 Recklinghausen   Motion Trio to obecnie jeden [&hellip;]
