{"id":232,"date":"2019-05-23T14:17:45","date_gmt":"2019-05-23T12:17:45","guid":{"rendered":"https:\/\/instytutpolski.pl\/dusseldorf\/?page_id=232"},"modified":"2019-05-30T14:53:55","modified_gmt":"2019-05-30T12:53:55","slug":"polnische-institute","status":"publish","type":"page","link":"https:\/\/instytutpolski.pl\/duesseldorf\/polnische-institute\/","title":{"rendered":"Polnische Institute"},"content":{"rendered":"\n<div class=\"wp-block-columns has-2-columns is-layout-flex wp-container-core-columns-is-layout-1 wp-block-columns-is-layout-flex\">\n<div class=\"wp-block-column is-layout-flow wp-block-column-is-layout-flow\">\n<p><strong>Polnisches Institut in Berlin<\/strong><\/p>\n<p><strong>Burgstr. 27, 10178 Berlin<\/strong><br><strong>tel.: (00-49-30) 247-58-10<\/strong><br><strong>tel.: (00-49-30) 247-58-111<\/strong><br><strong>fax: (00-49-30) 247-58-130<\/strong><br><strong>email: info@polnischekultur.de<\/strong><\/p>\n<p><strong><a target=\"_blank\" href=\"http:\/\/www.polnischekultur.de\/\" rel=\"noopener noreferrer\">www.polnischekultur.de<\/a><\/strong><\/p>\n<\/div>\n\n\n\n<div class=\"wp-block-column is-layout-flow wp-block-column-is-layout-flow\">\n<p><strong>Instytut Polski w Wiedniu<\/strong><\/p>\n<p><strong>Am Gestade 7<\/strong><br><strong>1010 Wien<\/strong><br><strong>tel.: (00431) 533-89-61<\/strong><br><strong>fax: (00431) 532-97-58<\/strong><\/p>\n<p><strong><a target=\"_blank\" href=\"http:\/\/www.polnisches-institut.at\/\" rel=\"noopener noreferrer\">www.polnisches-institut.at<\/a><\/strong><\/p>\n<\/div>\n<\/div>\n\n\n\n<div class=\"wp-block-columns has-2-columns is-layout-flex wp-container-core-columns-is-layout-2 wp-block-columns-is-layout-flex\">\n<div class=\"wp-block-column is-layout-flow wp-block-column-is-layout-flow\">\n<p><strong>Instytut Polski w Budapeszcie<\/strong><\/p>\n<p><strong>1065 Budapeszt, Nagymez\u00f6 utca 15<\/strong><br><strong>tel.: (0-0361) 31-15-856<\/strong><br><strong>tel.: (0-0361) 33-11-168<\/strong><br><strong>fax: (0-0361) 33-10-341<\/strong><br><strong>email: info@polinst.hu<\/strong><\/p>\n<p><strong><a target=\"_blank\" href=\"http:\/\/www.polinst.hu\/\" rel=\"noopener noreferrer\">www.polinst.hu<\/a><\/strong><\/p>\n<\/div>\n\n\n\n<div class=\"wp-block-column is-layout-flow wp-block-column-is-layout-flow\">\n<p><strong>Instytut Polski w Mi\u0144sku<\/strong><\/p>\n<p><strong>ul. Wo\u0142odarskiego 6<\/strong><br><strong>220050 Mi\u0144sk<\/strong><br><strong>tel.: (00-375-17) 200 63 78<\/strong><br><strong>tel.: (00-375-17) 200 95 81<\/strong><br><strong>fax: (00-375-17) 200 48 74<\/strong><br><strong>email: instpol@instpol.by<\/strong><\/p>\n<p><strong><a target=\"_blank\" href=\"http:\/\/www.instpol.by\/\" rel=\"noopener noreferrer\">www.instpol.by<\/a><\/strong><\/p>\n<\/div>\n<\/div>\n\n\n\n<div class=\"wp-block-columns has-2-columns is-layout-flex wp-container-core-columns-is-layout-3 wp-block-columns-is-layout-flex\">\n<div class=\"wp-block-column is-layout-flow wp-block-column-is-layout-flow\">\n<p><strong>Instytut Polski w Pary\u017cu<\/strong><\/p>\n<p><strong>31, rue Jean Goujon<\/strong><br><strong>75008 Paris<\/strong><br><strong>tel.: (00331) 53-93-90-13 do 15<\/strong><br><strong>fax: (00331) 45-62-07-90<\/strong><br><strong>email: secretariat@institut.pologne.net<\/strong><\/p>\n<p><strong><a target=\"_blank\" href=\"http:\/\/www.institutpolonais.fr\/#\/menu\" rel=\"noopener noreferrer\">www.institutpolonais.fr\/#\/menu<\/a><\/strong><\/p>\n<\/div>\n\n\n\n<div class=\"wp-block-column is-layout-flow wp-block-column-is-layout-flow\">\n<p><strong>Instytut Polski w Rzymie<\/strong><\/p>\n<p><strong>00-193 Roma,Via Vittoria Colonna I<\/strong><br><strong>tel.: (0-03906) 360-00-723<\/strong><br><strong>fax: (0-03906) 360-00-721<\/strong><br><strong>email: segreteria@istitutopolacco.it<\/strong><\/p>\n<p><strong><a target=\"_blank\" href=\"http:\/\/www.istitutopolacco.it\/\" rel=\"noopener noreferrer\">www.istitutopolacco.it<\/a><\/strong><\/p>\n<\/div>\n<\/div>\n\n\n\n<div class=\"wp-block-columns has-2-columns is-layout-flex wp-container-core-columns-is-layout-4 wp-block-columns-is-layout-flex\">\n<div class=\"wp-block-column is-layout-flow wp-block-column-is-layout-flow\">\n<p><strong>Instytut Polski w Sztokholmie<\/strong><\/p>\n<p><strong>Polska institute<\/strong><br><strong>Mosebacke torg 4<\/strong><br><strong>116 46 Stockholm<\/strong><br><strong>tel.: (0046) 8 50 57 50 50<\/strong><br><strong>tel.: (0046) 505-750-53<\/strong><br><strong>tel.: (0046) 505-750-58<\/strong><br><strong>fax: (0046) 8 50 57 50 69<\/strong><br><strong>email: info@polskainstitutet.se<\/strong><\/p>\n<p><strong><a target=\"_blank\" href=\"http:\/\/www.polskainstitutet.se\/\" rel=\"noopener noreferrer\">www.polskainstitutet.se<\/a><\/strong><\/p>\n<\/div>\n\n\n\n<div class=\"wp-block-column is-layout-flow wp-block-column-is-layout-flow\">\n<p><strong>Instytut Polski w Bukareszcie<\/strong><\/p>\n<p><strong>Institutul Polonez<\/strong><br><strong>Str. Popa Savu 28, 011433 Bucuresti<\/strong><br><strong>tel.: (0-040-21) 2244556<\/strong><br><strong>fax: (0-040-21) 2245693<\/strong><br><strong>email: institutul.polonez@culturapoloneza.ro<\/strong><\/p>\n<p><strong><a target=\"_blank\" href=\"http:\/\/www.culturapoloneza.ro\/\" rel=\"noopener noreferrer\">www.culturapoloneza.ro<\/a><\/strong><\/p>\n<\/div>\n<\/div>\n\n\n\n<div class=\"wp-block-columns has-2-columns is-layout-flex wp-container-core-columns-is-layout-5 wp-block-columns-is-layout-flex\">\n<div class=\"wp-block-column is-layout-flow wp-block-column-is-layout-flow\">\n<p><strong>Instytut Polski w Nowym Jorku<\/strong><\/p>\n<p><strong>350 Fifth Avenue, Suite 4621<\/strong><br><strong>New York, NY 10118<\/strong><br><strong>tel.: (001212) 239 7300<\/strong><br><strong>fax: (001212) 239 7577<\/strong><br><strong>email: mail@polishculture-nyc.org<\/strong><\/p>\n<p><strong><a target=\"_blank\" href=\"http:\/\/www.polishculture-nyc.org\/\" rel=\"noopener noreferrer\">www.polishculture-nyc.org<\/a><\/strong><\/p>\n<\/div>\n\n\n\n<div class=\"wp-block-column is-layout-flow wp-block-column-is-layout-flow\">\n<p><strong>Instytut Polski w Tel Awiwie<\/strong><\/p>\n<p><strong>4, Weizman Str., Tel Awiw 64239<\/strong><br><strong>tel.: (0-0972-3) 696 20 53<\/strong><br><strong>tel.: (0-0972-3) 696 20 59<\/strong><br><strong>fax: (0-0972-3) 699 20 64<\/strong><\/p>\n<p><strong> <a target=\"_blank\" href=\"http:\/\/www.polishinstitute.org.il\/\" rel=\"noopener noreferrer\">www.polishinstitute.org.il<\/a><\/strong><\/p>\n<\/div>\n<\/div>\n\n\n\n<div class=\"wp-block-columns has-2-columns is-layout-flex wp-container-core-columns-is-layout-6 wp-block-columns-is-layout-flex\">\n<div class=\"wp-block-column is-layout-flow wp-block-column-is-layout-flow\">\n<p><strong>Instytut Polski w Madrycie<\/strong><\/p>\n<p><strong>Instituto Polaco de Cultura<\/strong><br><strong>c\/Felipe IV 12, Bajo A<\/strong><br><strong>28014 Madrid<\/strong><br><strong>tel.: (0034) 91 429 86 72<\/strong><br><strong>fax: (0034) 91 429 86 82<\/strong><br><strong>email: madryt.ip.sekretariat@msz.gov.pl<\/strong><\/p>\n<p><strong><a target=\"_blank\" href=\"http:\/\/www.culturapolaca.es\/\" rel=\"noopener noreferrer\">www.culturapolaca.es<\/a><\/strong><\/p>\n<\/div>\n\n\n\n<div class=\"wp-block-column is-layout-flow wp-block-column-is-layout-flow\">\n<p><strong>Polnisches Institut in Leipzig<\/strong><\/p>\n<p><strong>Markt 10<\/strong><br><strong>D-04109 Leipzig<\/strong><br><strong>tel.: (0341)-702610<\/strong><br><strong>fax: (0341)-2115727<\/strong><\/p>\n<p><strong><a target=\"_blank\" href=\"http:\/\/www.polinst-l.de\/\" rel=\"noopener noreferrer\">www.polinst-l.de<\/a><\/strong><\/p>\n<\/div>\n<\/div>\n\n\n\n<div class=\"wp-block-columns has-2-columns is-layout-flex wp-container-core-columns-is-layout-7 wp-block-columns-is-layout-flex\">\n<div class=\"wp-block-column is-layout-flow wp-block-column-is-layout-flow\">\n<p><strong>Instytut Polski w Bratys\u0142awie<\/strong><\/p>\n<p><strong>N\u00e1mestie SNP 27<\/strong><br><strong>814 99 Bratislava<\/strong><br><strong>P.O.BOX 153<\/strong><br><strong>tel.: (02) 544-320-13 c.<\/strong><br><strong>tel.: (02) 544-320-30<\/strong><br><strong>tel.: (02) 544 32 014<\/strong><br><strong>fax: (02) 544-320-16<\/strong><br><strong>email: info@polinst.sk<\/strong><\/p>\n<p><strong><a target=\"_blank\" href=\"http:\/\/www.polinst.sk\/\" rel=\"noopener noreferrer\">www.polinst.sk<\/a><\/strong><\/p>\n<\/div>\n\n\n\n<div class=\"wp-block-column is-layout-flow wp-block-column-is-layout-flow\">\n<p><strong>Instytut Polski w Londynie<\/strong><\/p>\n<p><strong>52-53 Poland Street<\/strong><br><strong>London W1F 7LX<\/strong><br><strong>tel.: (00-44-203) 206 2004<\/strong><br><strong>fax: (00-44-207) 434 0139<\/strong><br><strong>email: pci@polishculture.org.uk<\/strong><\/p>\n<p><strong><a target=\"_blank\" href=\"http:\/\/www.polishculture.org.uk\/\" rel=\"noopener noreferrer\">www.polishculture.org.uk<\/a><\/strong><\/p>\n<\/div>\n<\/div>\n\n\n\n<div class=\"wp-block-columns has-2-columns is-layout-flex wp-container-core-columns-is-layout-8 wp-block-columns-is-layout-flex\">\n<div class=\"wp-block-column is-layout-flow wp-block-column-is-layout-flow\">\n<p><strong>Instytut Polski w Moskwie<\/strong><\/p>\n<p><strong>ul. Klimaszkina 4<\/strong><br><strong>123 557 Moskwa<\/strong><br><strong>tel.: (007-495) 23-11-602<\/strong><br><strong>tel.: (007-495) 23-11-603<\/strong><br><strong>fax: (007-495) 23-11-504<\/strong><br><strong>email: ipmoskwa@ipol.ru<\/strong><\/p>\n<p><strong><a target=\"_blank\" href=\"http:\/\/www.ipol.ru\/\" rel=\"noopener noreferrer\">www.ipol.ru<\/a><\/strong><\/p>\n<\/div>\n\n\n\n<div class=\"wp-block-column is-layout-flow wp-block-column-is-layout-flow\">\n<p><strong>Instytut Polski w Pradze<\/strong><\/p>\n<p><strong>110 00 Praha 1, Mal\u00e9 n\u00e1m. 1<\/strong><br><strong>tel.: (00 420) 224 212 274<\/strong><br><strong>tel.: (00 420) 224 214 708<\/strong><br><strong>fax: (00 420) 224 223 010<\/strong><br><strong>email: institut@polskyinstitut.cz<\/strong><\/p>\n<p><strong><a target=\"_blank\" href=\"http:\/\/www.polskyinstitut.cz\/\" rel=\"noopener noreferrer\">www.polskyinstitut.cz<\/a><\/strong><\/p>\n<\/div>\n<\/div>\n\n\n\n<div class=\"wp-block-columns has-2-columns is-layout-flex wp-container-core-columns-is-layout-9 wp-block-columns-is-layout-flex\">\n<div class=\"wp-block-column is-layout-flow wp-block-column-is-layout-flow\">\n<p><strong>Instytut Polski w Sofii<\/strong><\/p>\n<p><strong>1000 Sofia, ul. Weslec 12<\/strong><br><strong>tel.: (0-03592) 981-09-07<\/strong><br><strong>tel.: (0-03592) 987-21-59<\/strong><br><strong>tel.: (0-03592) 981-29-37<\/strong><br><strong>fax: (0-03592) 981-57-44<\/strong><\/p>\n<p><strong><a target=\"_blank\" href=\"http:\/\/www.polinst-bg.org\/\" rel=\"noopener noreferrer\">www.polinst-bg.org<\/a><\/strong><\/p>\n<\/div>\n\n\n\n<div class=\"wp-block-column is-layout-flow wp-block-column-is-layout-flow\">\n<p><strong>Instytut Polski w Wilnie<\/strong><\/p>\n<p><strong>Did\u017eioji g. 23, 01128 Vilnius<\/strong><br><strong>tel.: (0-037052) 649-334<\/strong><br><strong>tel.: (0-037052) 649-332<\/strong><br><strong>fax: (0-037052) 649-333<\/strong><br><strong>email: in.pol@lenkukultura.lt<\/strong><\/p>\n<p><strong><a target=\"_blank\" href=\"http:\/\/www.lenkukultura.lt\/\" rel=\"noopener noreferrer\">www.lenkukultura.lt<\/a><\/strong><\/p>\n<\/div>\n<\/div>\n\n\n\n<div class=\"wp-block-columns has-2-columns is-layout-flex wp-container-core-columns-is-layout-10 wp-block-columns-is-layout-flex\">\n<div class=\"wp-block-column is-layout-flow wp-block-column-is-layout-flow\">\n<p><strong>Instytut Polski w Kijowie<\/strong><\/p>\n<p><strong>01-030 Kyiv, wul. Bohdana Khmelnyckoho 29\/2-17<\/strong><br><strong>tel.: (00-380-44) 288 03 04<\/strong><br><strong>tel.: (00-380-44) 278 16 01<\/strong><br><strong>fax: (00-38-44) 288 02 86<\/strong><br><strong>email: ip@polinst.kiev.ua<\/strong><\/p>\n<p><strong><a target=\"_blank\" href=\"http:\/\/www.polinst.kiev.ua\/\" rel=\"noopener noreferrer\">www.polinst.kiev.ua<\/a><\/strong><\/p>\n<\/div>\n\n\n\n<div class=\"wp-block-column is-layout-flow wp-block-column-is-layout-flow\">\n<p><strong>Instytut Polski w Sankt Petersburgu<\/strong><\/p>\n<p><strong>Ul. 5-a Sowiecka 12, 191036 Sankt Petersburg<\/strong><br><strong>tel.: (0-07-812) 336-31-63<\/strong><br><strong>tel\/fax: (0-07-812) 336-31-53<\/strong><br><strong>email: spb@polinst.ru<\/strong><\/p>\n<p><strong><a target=\"_blank\" href=\"http:\/\/www.polinst.ru\/\" rel=\"noopener noreferrer\">www.polinst.ru<\/a><\/strong><\/p>\n<\/div>\n<\/div>\n\n\n\n<div class=\"wp-block-columns has-2-columns is-layout-flex wp-container-core-columns-is-layout-11 wp-block-columns-is-layout-flex\">\n<div class=\"wp-block-column is-layout-flow wp-block-column-is-layout-flow\">\n<p><strong>Instytut Polski w Brukseli\/ Br\u00fcssel<\/strong><\/p>\n<p><strong>Flageyplein 18<\/strong><br><strong>1050 Brussel<\/strong><br><strong>tel.: (0032) 2 554 06 90<\/strong><br><strong>fax: (0032) 2 644 06 89<\/strong><\/p>\n<\/div>\n\n\n\n<div class=\"wp-block-column is-layout-flow wp-block-column-is-layout-flow\"><\/div>\n<\/div>\n\n\n\n<h4>Erkl\u00e4rung zu den Links<\/h4>\n<p>Mit dem Urteil vom 12. Mai 1998 hat das Landgericht Hamburg entschieden, dass man durch die Anbringung eines Links die Inhalte der gelinkten Seite ggf. mit zu verantworten hat. Dies kann &#8211; so das LG &#8211; nur dadurch verhindert werden, dass man sich ausdr\u00fccklich von diesen Inhalten distanziert. F\u00fcr alle Links dieser Homepage gilt: Wir m\u00f6chten ausdr\u00fccklich betonen, dass wir keinerlei Einfluss auf die Gestaltung und Inhalte der gelinkten Seiten haben. Deshalb distanzieren wir uns hiermit ausdr\u00fccklich von allen Inhalten aller gelinkten Seiten auf unserer Homepage. Diese Erkl\u00e4rung gilt f\u00fcr alle Links, die Sie \u00fcber die Web-Seiten des Polnischen Instituts D\u00fcsseldorf erreichen.<\/p>\n","protected":false},"excerpt":{"rendered":"<p>Polnisches Institut in Berlin Burgstr. 27, 10178 Berlintel.: (00-49-30) 247-58-10tel.: (00-49-30) 247-58-111fax: (00-49-30) 247-58-130email: info@polnischekultur.de www.polnischekultur.de Instytut Polski w Wiedniu Am Gestade 71010 Wientel.: (00431) 533-89-61fax: (00431) 532-97-58 www.polnisches-institut.at Instytut Polski w Budapeszcie 1065 Budapeszt, Nagymez\u00f6 utca 15tel.: (0-0361) 31-15-856tel.: (0-0361) 33-11-168fax: (0-0361) 33-10-341email: info@polinst.hu www.polinst.hu Instytut Polski w Mi\u0144sku ul. Wo\u0142odarskiego 6220050 Mi\u0144sktel.: (00-375-17) [&hellip;]<\/p>\n","protected":false},"author":1,"featured_media":181,"parent":0,"menu_order":0,"comment_status":"closed","ping_status":"closed","template":"","meta":{"inline_featured_image":false,"_monsterinsights_skip_tracking":false,"_monsterinsights_sitenote_active":false,"_monsterinsights_sitenote_note":"","_monsterinsights_sitenote_category":0,"footnotes":""},"class_list":["post-232","page","type-page","status-publish","has-post-thumbnail","hentry"],"yoast_head":"<!-- This site is optimized with the Yoast SEO plugin v24.6 - https:\/\/yoast.com\/wordpress\/plugins\/seo\/ -->\n<title>Polnische Institute - Instytut Polski w Dusseldorfie<\/title>\n<meta name=\"robots\" content=\"index, follow, max-snippet:-1, max-image-preview:large, max-video-preview:-1\" \/>\n<link rel=\"canonical\" href=\"https:\/\/instytutpolski.pl\/duesseldorf\/polnische-institute\/\" \/>\n<meta property=\"og:locale\" content=\"pl_PL\" \/>\n<meta property=\"og:type\" content=\"article\" \/>\n<meta property=\"og:title\" content=\"Polnische Institute - Instytut Polski w Dusseldorfie\" \/>\n<meta property=\"og:description\" content=\"Polnisches Institut in Berlin Burgstr. 27, 10178 Berlintel.: (00-49-30) 247-58-10tel.: (00-49-30) 247-58-111fax: (00-49-30) 247-58-130email: info@polnischekultur.de www.polnischekultur.de Instytut Polski w Wiedniu Am Gestade 71010 Wientel.: (00431) 533-89-61fax: (00431) 532-97-58 www.polnisches-institut.at Instytut Polski w Budapeszcie 1065 Budapeszt, Nagymez\u00f6 utca 15tel.: (0-0361) 31-15-856tel.: (0-0361) 33-11-168fax: (0-0361) 33-10-341email: info@polinst.hu www.polinst.hu Instytut Polski w Mi\u0144sku ul. Wo\u0142odarskiego 6220050 Mi\u0144sktel.: (00-375-17) [&hellip;]\" \/>\n<meta property=\"og:url\" content=\"https:\/\/instytutpolski.pl\/duesseldorf\/polnische-institute\/\" \/>\n<meta property=\"og:site_name\" content=\"Instytut Polski w Dusseldorfie\" \/>\n<meta property=\"article:modified_time\" content=\"2019-05-30T12:53:55+00:00\" \/>\n<meta property=\"og:image\" content=\"https:\/\/instytutpolski.pl\/duesseldorf\/wp-content\/uploads\/sites\/5\/2019\/05\/baner-misja.png\" \/>\n\t<meta property=\"og:image:width\" content=\"737\" \/>\n\t<meta property=\"og:image:height\" content=\"300\" \/>\n\t<meta property=\"og:image:type\" content=\"image\/png\" \/>\n<meta name=\"twitter:card\" content=\"summary_large_image\" \/>\n<meta name=\"twitter:label1\" content=\"Szacowany czas czytania\" \/>\n\t<meta name=\"twitter:data1\" content=\"3 minuty\" \/>\n<script type=\"application\/ld+json\" class=\"yoast-schema-graph\">{\"@context\":\"https:\/\/schema.org\",\"@graph\":[{\"@type\":\"WebPage\",\"@id\":\"https:\/\/instytutpolski.pl\/duesseldorf\/polnische-institute\/\",\"url\":\"https:\/\/instytutpolski.pl\/duesseldorf\/polnische-institute\/\",\"name\":\"Polnische Institute - Instytut Polski w Dusseldorfie\",\"isPartOf\":{\"@id\":\"https:\/\/instytutpolski.pl\/duesseldorf\/#website\"},\"primaryImageOfPage\":{\"@id\":\"https:\/\/instytutpolski.pl\/duesseldorf\/polnische-institute\/#primaryimage\"},\"image\":{\"@id\":\"https:\/\/instytutpolski.pl\/duesseldorf\/polnische-institute\/#primaryimage\"},\"thumbnailUrl\":\"https:\/\/instytutpolski.pl\/duesseldorf\/wp-content\/uploads\/sites\/5\/2019\/05\/baner-misja.png\",\"datePublished\":\"2019-05-23T12:17:45+00:00\",\"dateModified\":\"2019-05-30T12:53:55+00:00\",\"breadcrumb\":{\"@id\":\"https:\/\/instytutpolski.pl\/duesseldorf\/polnische-institute\/#breadcrumb\"},\"inLanguage\":\"pl-PL\",\"potentialAction\":[{\"@type\":\"ReadAction\",\"target\":[\"https:\/\/instytutpolski.pl\/duesseldorf\/polnische-institute\/\"]}]},{\"@type\":\"ImageObject\",\"inLanguage\":\"pl-PL\",\"@id\":\"https:\/\/instytutpolski.pl\/duesseldorf\/polnische-institute\/#primaryimage\",\"url\":\"https:\/\/instytutpolski.pl\/duesseldorf\/wp-content\/uploads\/sites\/5\/2019\/05\/baner-misja.png\",\"contentUrl\":\"https:\/\/instytutpolski.pl\/duesseldorf\/wp-content\/uploads\/sites\/5\/2019\/05\/baner-misja.png\",\"width\":737,\"height\":300},{\"@type\":\"BreadcrumbList\",\"@id\":\"https:\/\/instytutpolski.pl\/duesseldorf\/polnische-institute\/#breadcrumb\",\"itemListElement\":[{\"@type\":\"ListItem\",\"position\":1,\"name\":\"Home\",\"item\":\"https:\/\/instytutpolski.pl\/duesseldorf\/\"},{\"@type\":\"ListItem\",\"position\":2,\"name\":\"Polnische Institute\"}]},{\"@type\":\"WebSite\",\"@id\":\"https:\/\/instytutpolski.pl\/duesseldorf\/#website\",\"url\":\"https:\/\/instytutpolski.pl\/duesseldorf\/\",\"name\":\"Instytut Polski w Dusseldorfie\",\"description\":\"Instytuty Polskie\",\"potentialAction\":[{\"@type\":\"SearchAction\",\"target\":{\"@type\":\"EntryPoint\",\"urlTemplate\":\"https:\/\/instytutpolski.pl\/duesseldorf\/?s={search_term_string}\"},\"query-input\":{\"@type\":\"PropertyValueSpecification\",\"valueRequired\":true,\"valueName\":\"search_term_string\"}}],\"inLanguage\":\"pl-PL\"}]}<\/script>\n<!-- \/ Yoast SEO plugin. -->","yoast_head_json":{"title":"Polnische Institute - Instytut Polski w Dusseldorfie","robots":{"index":"index","follow":"follow","max-snippet":"max-snippet:-1","max-image-preview":"max-image-preview:large","max-video-preview":"max-video-preview:-1"},"canonical":"https:\/\/instytutpolski.pl\/duesseldorf\/polnische-institute\/","og_locale":"pl_PL","og_type":"article","og_title":"Polnische Institute - Instytut Polski w Dusseldorfie","og_description":"Polnisches Institut in Berlin Burgstr. 27, 10178 Berlintel.: (00-49-30) 247-58-10tel.: (00-49-30) 247-58-111fax: (00-49-30) 247-58-130email: info@polnischekultur.de www.polnischekultur.de Instytut Polski w Wiedniu Am Gestade 71010 Wientel.: (00431) 533-89-61fax: (00431) 532-97-58 www.polnisches-institut.at Instytut Polski w Budapeszcie 1065 Budapeszt, Nagymez\u00f6 utca 15tel.: (0-0361) 31-15-856tel.: (0-0361) 33-11-168fax: (0-0361) 33-10-341email: info@polinst.hu www.polinst.hu Instytut Polski w Mi\u0144sku ul. Wo\u0142odarskiego 6220050 Mi\u0144sktel.: (00-375-17) [&hellip;]","og_url":"https:\/\/instytutpolski.pl\/duesseldorf\/polnische-institute\/","og_site_name":"Instytut Polski w Dusseldorfie","article_modified_time":"2019-05-30T12:53:55+00:00","og_image":[{"width":737,"height":300,"url":"https:\/\/instytutpolski.pl\/duesseldorf\/wp-content\/uploads\/sites\/5\/2019\/05\/baner-misja.png","type":"image\/png"}],"twitter_card":"summary_large_image","twitter_misc":{"Szacowany czas czytania":"3 minuty"},"schema":{"@context":"https:\/\/schema.org","@graph":[{"@type":"WebPage","@id":"https:\/\/instytutpolski.pl\/duesseldorf\/polnische-institute\/","url":"https:\/\/instytutpolski.pl\/duesseldorf\/polnische-institute\/","name":"Polnische Institute - Instytut Polski w Dusseldorfie","isPartOf":{"@id":"https:\/\/instytutpolski.pl\/duesseldorf\/#website"},"primaryImageOfPage":{"@id":"https:\/\/instytutpolski.pl\/duesseldorf\/polnische-institute\/#primaryimage"},"image":{"@id":"https:\/\/instytutpolski.pl\/duesseldorf\/polnische-institute\/#primaryimage"},"thumbnailUrl":"https:\/\/instytutpolski.pl\/duesseldorf\/wp-content\/uploads\/sites\/5\/2019\/05\/baner-misja.png","datePublished":"2019-05-23T12:17:45+00:00","dateModified":"2019-05-30T12:53:55+00:00","breadcrumb":{"@id":"https:\/\/instytutpolski.pl\/duesseldorf\/polnische-institute\/#breadcrumb"},"inLanguage":"pl-PL","potentialAction":[{"@type":"ReadAction","target":["https:\/\/instytutpolski.pl\/duesseldorf\/polnische-institute\/"]}]},{"@type":"ImageObject","inLanguage":"pl-PL","@id":"https:\/\/instytutpolski.pl\/duesseldorf\/polnische-institute\/#primaryimage","url":"https:\/\/instytutpolski.pl\/duesseldorf\/wp-content\/uploads\/sites\/5\/2019\/05\/baner-misja.png","contentUrl":"https:\/\/instytutpolski.pl\/duesseldorf\/wp-content\/uploads\/sites\/5\/2019\/05\/baner-misja.png","width":737,"height":300},{"@type":"BreadcrumbList","@id":"https:\/\/instytutpolski.pl\/duesseldorf\/polnische-institute\/#breadcrumb","itemListElement":[{"@type":"ListItem","position":1,"name":"Home","item":"https:\/\/instytutpolski.pl\/duesseldorf\/"},{"@type":"ListItem","position":2,"name":"Polnische Institute"}]},{"@type":"WebSite","@id":"https:\/\/instytutpolski.pl\/duesseldorf\/#website","url":"https:\/\/instytutpolski.pl\/duesseldorf\/","name":"Instytut Polski w Dusseldorfie","description":"Instytuty Polskie","potentialAction":[{"@type":"SearchAction","target":{"@type":"EntryPoint","urlTemplate":"https:\/\/instytutpolski.pl\/duesseldorf\/?s={search_term_string}"},"query-input":{"@type":"PropertyValueSpecification","valueRequired":true,"valueName":"search_term_string"}}],"inLanguage":"pl-PL"}]}},"_links":{"self":[{"href":"https:\/\/instytutpolski.pl\/duesseldorf\/wp-json\/wp\/v2\/pages\/232","targetHints":{"allow":["GET"]}}],"collection":[{"href":"https:\/\/instytutpolski.pl\/duesseldorf\/wp-json\/wp\/v2\/pages"}],"about":[{"href":"https:\/\/instytutpolski.pl\/duesseldorf\/wp-json\/wp\/v2\/types\/page"}],"author":[{"embeddable":true,"href":"https:\/\/instytutpolski.pl\/duesseldorf\/wp-json\/wp\/v2\/users\/1"}],"replies":[{"embeddable":true,"href":"https:\/\/instytutpolski.pl\/duesseldorf\/wp-json\/wp\/v2\/comments?post=232"}],"version-history":[{"count":5,"href":"https:\/\/instytutpolski.pl\/duesseldorf\/wp-json\/wp\/v2\/pages\/232\/revisions"}],"predecessor-version":[{"id":375,"href":"https:\/\/instytutpolski.pl\/duesseldorf\/wp-json\/wp\/v2\/pages\/232\/revisions\/375"}],"wp:featuredmedia":[{"embeddable":true,"href":"https:\/\/instytutpolski.pl\/duesseldorf\/wp-json\/wp\/v2\/media\/181"}],"wp:attachment":[{"href":"https:\/\/instytutpolski.pl\/duesseldorf\/wp-json\/wp\/v2\/media?parent=232"}],"curies":[{"name":"wp","href":"https:\/\/api.w.org\/{rel}","templated":true}]}}