{"id":421,"date":"2019-06-25T12:03:53","date_gmt":"2019-06-25T10:03:53","guid":{"rendered":"https:\/\/instytutpolski.pl\/dusseldorf\/?page_id=421"},"modified":"2025-02-06T12:17:28","modified_gmt":"2025-02-06T11:17:28","slug":"polnische-hochschulen","status":"publish","type":"page","link":"https:\/\/instytutpolski.pl\/duesseldorf\/lernen-sie-polen-kennen\/wissenschaft-in-polen\/polnische-hochschulen\/","title":{"rendered":"Polnische Hochschulen"},"content":{"rendered":"\n<h1 class=\"page-title\">Universit\u00e4ten in Polen<\/h1>\n<div class=\"post-1403 page type-page status-publish hentry\">\n<div class=\"entry clearfix\">\n<ul>\n<li><a href=\"http:\/\/www.psuep.pl\/uniwersytet-jagiellonski\/\">Uniwersytet Jagiello\u0144ski<\/a><\/li>\n<li><a href=\"http:\/\/www.psuep.pl\/uniwersytet-wroclawski\/\">Uniwersytet Wroc\u0142awski<\/a><\/li>\n<li><a href=\"http:\/\/www.psuep.pl\/uniwersytet-warszawski\/\">Uniwersytet Warszawski<\/a><\/li>\n<li><a href=\"http:\/\/www.psuep.pl\/uniwersytet-im-adama-mickiewicza-w-poznaniu\/\">Uniwersytet im. Adama Mickiewicza w Poznaniu<\/a><\/li>\n<li><a href=\"http:\/\/www.psuep.pl\/uniwersytet-marii-curie-sklodowskiej-w-lublinie\/\">Uniwersytet Marii Curie-Sk\u0142odowskiej w Lublinie<\/a><\/li>\n<li><a href=\"http:\/\/www.psuep.pl\/uniwersytet-lodzki\/\">Uniwersytet \u0141\u00f3dzki<\/a><\/li>\n<li><a href=\"http:\/\/www.psuep.pl\/uniwersytet-mikolaja-kopernika\/\">Uniwersytet Miko\u0142aja Kopernika<\/a><\/li>\n<li><a href=\"http:\/\/www.psuep.pl\/uniwersytet-slaski-w-katowicach\/\">Uniwersytet \u015al\u0105ski w Katowicach<\/a><\/li>\n<li><a href=\"http:\/\/www.psuep.pl\/uniwersytet-gdanski\/\">Uniwersytet Gda\u0144ski<\/a><\/li>\n<li><a href=\"http:\/\/www.psuep.pl\/uniwersytet-szczecinski\/\">Uniwersytet Szczeci\u0144ski<\/a><\/li>\n<li><a href=\"http:\/\/www.psuep.pl\/uniwersytet-opolski\/\">Uniwersytet Opolski<\/a><\/li>\n<li><a href=\"http:\/\/www.psuep.pl\/uniwersytet-w-bialymstoku\/\">Uniwersytet w Bia\u0142ymstoku<\/a><\/li>\n<li><a href=\"http:\/\/www.psuep.pl\/uniwersytet-warminsko-mazurski\/\">Uniwersytet Warmi\u0144sko-Mazurski<\/a><\/li>\n<li><a href=\"http:\/\/www.psuep.pl\/uniwersytet-kardynala-stefana-wyszynskiego\/\">Uniwersytet Kardyna\u0142a Stefana Wyszy\u0144skiego<\/a><\/li>\n<li><a href=\"http:\/\/www.psuep.pl\/uniwersytet-rzeszowski\/\">Uniwersytet Rzeszowski<\/a><\/li>\n<li><a href=\"http:\/\/www.psuep.pl\/uniwersytet-zielonogorski\/\">Uniwersytet Zielonog\u00f3rski<\/a><\/li>\n<li><a href=\"http:\/\/www.psuep.pl\/uniwersytet-kazimierza-wielkiego\/\">Uniwersytet Kazimierza Wielkiego<\/a><\/li>\n<li><a href=\"http:\/\/www.psuep.pl\/uniwersytet-jana-kochanowskiego-w-kielcach\/\">Uniwersytet Jana Kochanowskiego w Kielcach<\/a><\/li>\n<li>\u00a0<\/li>\n<li><a href=\"http:\/\/www.psuep.pl\/uniwersytet-medyczny-w-lodzi\/\">Uniwersytet Medyczny w \u0141odzi<\/a><\/li>\n<li><a href=\"http:\/\/www.psuep.pl\/uniwersytet-technologiczno-przyrodniczy-im-jana-i-jedrzeja-sniadeckich-w-bydgoszczy\/\">Uniwersytet Technologiczno-Przyrodniczy im. Jana i J\u0119drzeja \u015aniadeckich w Bydgoszczy<\/a><\/li>\n<li>Gdansk University of Technology\u00a0<a href=\"https:\/\/pg.edu.pl\/de\">https:\/\/pg.edu.pl\/de<\/a><\/li>\n<li><a href=\"http:\/\/www.psuep.pl\/uniwersytet-przyrodniczy-we-wroclawiu\/\">Uniwersytet Przyrodniczy we Wroc\u0142awiu<\/a><\/li>\n<li><a href=\"http:\/\/www.psuep.pl\/uniwersytet-medyczny-im-karola-marcinkowskiego-w-poznaniu\/\">Uniwersytet Medyczny im. Karola Marcinkowskiego w Poznaniu<\/a><\/li>\n<li><a href=\"http:\/\/www.psuep.pl\/slaski-uniwersytet-medyczny-w-katowicach\/\">\u015al\u0105ski Uniwersytet Medyczny w Katowicach<\/a><\/li>\n<li><a href=\"http:\/\/www.psuep.pl\/uniwersytet-ekonomiczny-w-krakowie\/\">Uniwersytet Ekonomiczny w Krakowie<\/a><\/li>\n<li><a href=\"http:\/\/www.psuep.pl\/uniwersytet-medyczny-w-bialymstoku\/\">Uniwersytet Medyczny w Bia\u0142ymstoku<\/a><\/li>\n<li><a href=\"http:\/\/www.psuep.pl\/uniwersytet-medyczny-w-lublinie\/\">Uniwersytet Medyczny w Lublinie<\/a><\/li>\n<li><a href=\"http:\/\/www.psuep.pl\/warszawski-uniwersytet-medyczny\/\">Warszawski Uniwersytet Medyczny<\/a><\/li>\n<li><a href=\"http:\/\/www.psuep.pl\/uniwersytet-przyrodniczy-w-poznaniu\/\">Uniwersytet Przyrodniczy w Poznaniu<\/a><\/li>\n<li><a href=\"http:\/\/www.psuep.pl\/uniwersytet-rolniczy-im-hugona-kollataja-w-krakowie\/\">Uniwersytet Rolniczy im. Hugona Ko\u0142\u0142\u0105taja w Krakowie<\/a><\/li>\n<li><a href=\"http:\/\/www.psuep.pl\/uniwersytet-przyrodniczy-w-lublinie\/\">Uniwersytet Przyrodniczy w Lublinie<\/a><\/li>\n<li><a href=\"http:\/\/www.psuep.pl\/uniwersytet-ekonomiczny-we-wroclawiu\/\">Uniwersytet Ekonomiczny we Wroc\u0142awiu<\/a><\/li>\n<li><a href=\"http:\/\/www.psuep.pl\/uniwersytet-muzyczny-fryderyka-chopina\/\">Uniwersytet Muzyczny Fryderyka Chopina<\/a><\/li>\n<li><a href=\"http:\/\/www.psuep.pl\/uniwersytet-pedagogiczny-im-komisji-edukacji-narodowej-w-krakowie\/\">Uniwersytet Pedagogiczny im. Komisji Edukacji Narodowej w Krakowie<\/a><\/li>\n<li><a href=\"http:\/\/www.psuep.pl\/uniwersytet-ekonomiczny-w-poznaniu\/\">Uniwersytet Ekonomiczny w Poznaniu<\/a><\/li>\n<li><a href=\"http:\/\/www.psuep.pl\/zachodniopomorski-uniwersytet-technologiczny-w-szczecinie\/\">Zachodniopomorski Uniwersytet Technologiczny w Szczecinie<\/a><\/li>\n<li><a href=\"http:\/\/www.psuep.pl\/gdanski-uniwersytet-medyczny\/\">Gda\u0144ski Uniwersytet Medyczny<\/a><\/li>\n<li><a href=\"http:\/\/www.psuep.pl\/uniwersytet-artystyczny-w-poznaniu\/\">Uniwersytet Artystyczny w Poznaniu<\/a><\/li>\n<li><a href=\"http:\/\/www.psuep.pl\/pomorski-uniwersytet-medyczny-w-szczecinie\/\">Pomorski Uniwersytet Medyczny w Szczecinie<\/a><\/li>\n<li><a href=\"http:\/\/www.psuep.pl\/uniwersytet-przyrodniczo-humanistyczny-w-siedlcach\/\">Uniwersytet Przyrodniczo-Humanistyczny w Siedlcach<\/a><\/li>\n<li><a href=\"http:\/\/www.psuep.pl\/uniwersytet-ekonomiczny-w-katowicach\/\">Uniwersytet Ekonomiczny w Katowicach<\/a><\/li>\n<li><a href=\"http:\/\/www.psuep.pl\/uniwersytet-medyczny-im-piastow-slaskich-we-wroclawiu\/\">Uniwersytet Medyczny im. Piast\u00f3w \u015al\u0105skich we Wroc\u0142awiu<\/a><\/li>\n<li><a href=\"http:\/\/www.psuep.pl\/uniwersytet-technologiczno-humanistyczny-im-kazimierza-pulaskiego-w-radomiu\/\">Uniwersytet Technologiczno-Humanistyczny im. Kazimierza Pu\u0142askiego w Radomiu<\/a><\/li>\n<\/ul>\n<h3>\u00a0<\/h3>\n<ul>\n<li><a href=\"http:\/\/www.psuep.pl\/katolicki-uniwersytet-lubelski-jana-pawla-ii\/\">Katolicki Uniwersytet Lubelski Jana Paw\u0142a II<\/a><\/li>\n<li><a href=\"http:\/\/www.psuep.pl\/uniwersytet-papieski-jana-pawla-ii-w-krakowie\/\">Uniwersytet Papieski Jana Paw\u0142a II w Krakowie<\/a><\/li>\n<\/ul>\n<\/div>\n<\/div>\n","protected":false},"excerpt":{"rendered":"<p>Universit\u00e4ten in Polen Uniwersytet Jagiello\u0144ski Uniwersytet Wroc\u0142awski Uniwersytet Warszawski Uniwersytet im. Adama Mickiewicza w Poznaniu Uniwersytet Marii Curie-Sk\u0142odowskiej w Lublinie Uniwersytet \u0141\u00f3dzki Uniwersytet Miko\u0142aja Kopernika Uniwersytet \u015al\u0105ski w Katowicach Uniwersytet Gda\u0144ski Uniwersytet Szczeci\u0144ski Uniwersytet Opolski Uniwersytet w Bia\u0142ymstoku Uniwersytet Warmi\u0144sko-Mazurski Uniwersytet Kardyna\u0142a Stefana Wyszy\u0144skiego Uniwersytet Rzeszowski Uniwersytet Zielonog\u00f3rski Uniwersytet Kazimierza Wielkiego Uniwersytet Jana Kochanowskiego w [&hellip;]<\/p>\n","protected":false},"author":1,"featured_media":423,"parent":417,"menu_order":0,"comment_status":"closed","ping_status":"closed","template":"","meta":{"inline_featured_image":false,"_monsterinsights_skip_tracking":false,"_monsterinsights_sitenote_active":false,"_monsterinsights_sitenote_note":"","_monsterinsights_sitenote_category":0,"footnotes":""},"class_list":["post-421","page","type-page","status-publish","has-post-thumbnail","hentry"],"yoast_head":"<!-- This site is optimized with the Yoast SEO plugin v24.6 - https:\/\/yoast.com\/wordpress\/plugins\/seo\/ -->\n<title>Polnische Hochschulen - Instytut Polski w Dusseldorfie<\/title>\n<meta name=\"robots\" content=\"index, follow, max-snippet:-1, max-image-preview:large, max-video-preview:-1\" \/>\n<link rel=\"canonical\" href=\"https:\/\/instytutpolski.pl\/duesseldorf\/lernen-sie-polen-kennen\/wissenschaft-in-polen\/polnische-hochschulen\/\" \/>\n<meta property=\"og:locale\" content=\"pl_PL\" \/>\n<meta property=\"og:type\" content=\"article\" \/>\n<meta property=\"og:title\" content=\"Polnische Hochschulen - Instytut Polski w Dusseldorfie\" \/>\n<meta property=\"og:description\" content=\"Universit\u00e4ten in Polen Uniwersytet Jagiello\u0144ski Uniwersytet Wroc\u0142awski Uniwersytet Warszawski Uniwersytet im. Adama Mickiewicza w Poznaniu Uniwersytet Marii Curie-Sk\u0142odowskiej w Lublinie Uniwersytet \u0141\u00f3dzki Uniwersytet Miko\u0142aja Kopernika Uniwersytet \u015al\u0105ski w Katowicach Uniwersytet Gda\u0144ski Uniwersytet Szczeci\u0144ski Uniwersytet Opolski Uniwersytet w Bia\u0142ymstoku Uniwersytet Warmi\u0144sko-Mazurski Uniwersytet Kardyna\u0142a Stefana Wyszy\u0144skiego Uniwersytet Rzeszowski Uniwersytet Zielonog\u00f3rski Uniwersytet Kazimierza Wielkiego Uniwersytet Jana Kochanowskiego w [&hellip;]\" \/>\n<meta property=\"og:url\" content=\"https:\/\/instytutpolski.pl\/duesseldorf\/lernen-sie-polen-kennen\/wissenschaft-in-polen\/polnische-hochschulen\/\" \/>\n<meta property=\"og:site_name\" content=\"Instytut Polski w Dusseldorfie\" \/>\n<meta property=\"article:modified_time\" content=\"2025-02-06T11:17:28+00:00\" \/>\n<meta property=\"og:image\" content=\"https:\/\/instytutpolski.pl\/duesseldorf\/wp-content\/uploads\/sites\/5\/2019\/06\/polskie-uczelnie.jpg\" \/>\n\t<meta property=\"og:image:width\" content=\"1920\" \/>\n\t<meta property=\"og:image:height\" content=\"700\" \/>\n\t<meta property=\"og:image:type\" content=\"image\/jpeg\" \/>\n<meta name=\"twitter:card\" content=\"summary_large_image\" \/>\n<meta name=\"twitter:label1\" content=\"Szacowany czas czytania\" \/>\n\t<meta name=\"twitter:data1\" content=\"2 minuty\" \/>\n<script type=\"application\/ld+json\" class=\"yoast-schema-graph\">{\"@context\":\"https:\/\/schema.org\",\"@graph\":[{\"@type\":\"WebPage\",\"@id\":\"https:\/\/instytutpolski.pl\/duesseldorf\/lernen-sie-polen-kennen\/wissenschaft-in-polen\/polnische-hochschulen\/\",\"url\":\"https:\/\/instytutpolski.pl\/duesseldorf\/lernen-sie-polen-kennen\/wissenschaft-in-polen\/polnische-hochschulen\/\",\"name\":\"Polnische Hochschulen - Instytut Polski w Dusseldorfie\",\"isPartOf\":{\"@id\":\"https:\/\/instytutpolski.pl\/duesseldorf\/#website\"},\"primaryImageOfPage\":{\"@id\":\"https:\/\/instytutpolski.pl\/duesseldorf\/lernen-sie-polen-kennen\/wissenschaft-in-polen\/polnische-hochschulen\/#primaryimage\"},\"image\":{\"@id\":\"https:\/\/instytutpolski.pl\/duesseldorf\/lernen-sie-polen-kennen\/wissenschaft-in-polen\/polnische-hochschulen\/#primaryimage\"},\"thumbnailUrl\":\"https:\/\/instytutpolski.pl\/duesseldorf\/wp-content\/uploads\/sites\/5\/2019\/06\/polskie-uczelnie.jpg\",\"datePublished\":\"2019-06-25T10:03:53+00:00\",\"dateModified\":\"2025-02-06T11:17:28+00:00\",\"breadcrumb\":{\"@id\":\"https:\/\/instytutpolski.pl\/duesseldorf\/lernen-sie-polen-kennen\/wissenschaft-in-polen\/polnische-hochschulen\/#breadcrumb\"},\"inLanguage\":\"pl-PL\",\"potentialAction\":[{\"@type\":\"ReadAction\",\"target\":[\"https:\/\/instytutpolski.pl\/duesseldorf\/lernen-sie-polen-kennen\/wissenschaft-in-polen\/polnische-hochschulen\/\"]}]},{\"@type\":\"ImageObject\",\"inLanguage\":\"pl-PL\",\"@id\":\"https:\/\/instytutpolski.pl\/duesseldorf\/lernen-sie-polen-kennen\/wissenschaft-in-polen\/polnische-hochschulen\/#primaryimage\",\"url\":\"https:\/\/instytutpolski.pl\/duesseldorf\/wp-content\/uploads\/sites\/5\/2019\/06\/polskie-uczelnie.jpg\",\"contentUrl\":\"https:\/\/instytutpolski.pl\/duesseldorf\/wp-content\/uploads\/sites\/5\/2019\/06\/polskie-uczelnie.jpg\",\"width\":1920,\"height\":700},{\"@type\":\"BreadcrumbList\",\"@id\":\"https:\/\/instytutpolski.pl\/duesseldorf\/lernen-sie-polen-kennen\/wissenschaft-in-polen\/polnische-hochschulen\/#breadcrumb\",\"itemListElement\":[{\"@type\":\"ListItem\",\"position\":1,\"name\":\"Home\",\"item\":\"https:\/\/instytutpolski.pl\/duesseldorf\/\"},{\"@type\":\"ListItem\",\"position\":2,\"name\":\"Lernen Sie Polen kennen\",\"item\":\"https:\/\/instytutpolski.pl\/duesseldorf\/lernen-sie-polen-kennen\/\"},{\"@type\":\"ListItem\",\"position\":3,\"name\":\"Wissenschaft in Polen\",\"item\":\"https:\/\/instytutpolski.pl\/duesseldorf\/lernen-sie-polen-kennen\/wissenschaft-in-polen\/\"},{\"@type\":\"ListItem\",\"position\":4,\"name\":\"Polnische Hochschulen\"}]},{\"@type\":\"WebSite\",\"@id\":\"https:\/\/instytutpolski.pl\/duesseldorf\/#website\",\"url\":\"https:\/\/instytutpolski.pl\/duesseldorf\/\",\"name\":\"Instytut Polski w Dusseldorfie\",\"description\":\"Instytuty Polskie\",\"potentialAction\":[{\"@type\":\"SearchAction\",\"target\":{\"@type\":\"EntryPoint\",\"urlTemplate\":\"https:\/\/instytutpolski.pl\/duesseldorf\/?s={search_term_string}\"},\"query-input\":{\"@type\":\"PropertyValueSpecification\",\"valueRequired\":true,\"valueName\":\"search_term_string\"}}],\"inLanguage\":\"pl-PL\"}]}<\/script>\n<!-- \/ Yoast SEO plugin. -->","yoast_head_json":{"title":"Polnische Hochschulen - Instytut Polski w Dusseldorfie","robots":{"index":"index","follow":"follow","max-snippet":"max-snippet:-1","max-image-preview":"max-image-preview:large","max-video-preview":"max-video-preview:-1"},"canonical":"https:\/\/instytutpolski.pl\/duesseldorf\/lernen-sie-polen-kennen\/wissenschaft-in-polen\/polnische-hochschulen\/","og_locale":"pl_PL","og_type":"article","og_title":"Polnische Hochschulen - Instytut Polski w Dusseldorfie","og_description":"Universit\u00e4ten in Polen Uniwersytet Jagiello\u0144ski Uniwersytet Wroc\u0142awski Uniwersytet Warszawski Uniwersytet im. Adama Mickiewicza w Poznaniu Uniwersytet Marii Curie-Sk\u0142odowskiej w Lublinie Uniwersytet \u0141\u00f3dzki Uniwersytet Miko\u0142aja Kopernika Uniwersytet \u015al\u0105ski w Katowicach Uniwersytet Gda\u0144ski Uniwersytet Szczeci\u0144ski Uniwersytet Opolski Uniwersytet w Bia\u0142ymstoku Uniwersytet Warmi\u0144sko-Mazurski Uniwersytet Kardyna\u0142a Stefana Wyszy\u0144skiego Uniwersytet Rzeszowski Uniwersytet Zielonog\u00f3rski Uniwersytet Kazimierza Wielkiego Uniwersytet Jana Kochanowskiego w [&hellip;]","og_url":"https:\/\/instytutpolski.pl\/duesseldorf\/lernen-sie-polen-kennen\/wissenschaft-in-polen\/polnische-hochschulen\/","og_site_name":"Instytut Polski w Dusseldorfie","article_modified_time":"2025-02-06T11:17:28+00:00","og_image":[{"width":1920,"height":700,"url":"https:\/\/instytutpolski.pl\/duesseldorf\/wp-content\/uploads\/sites\/5\/2019\/06\/polskie-uczelnie.jpg","type":"image\/jpeg"}],"twitter_card":"summary_large_image","twitter_misc":{"Szacowany czas czytania":"2 minuty"},"schema":{"@context":"https:\/\/schema.org","@graph":[{"@type":"WebPage","@id":"https:\/\/instytutpolski.pl\/duesseldorf\/lernen-sie-polen-kennen\/wissenschaft-in-polen\/polnische-hochschulen\/","url":"https:\/\/instytutpolski.pl\/duesseldorf\/lernen-sie-polen-kennen\/wissenschaft-in-polen\/polnische-hochschulen\/","name":"Polnische Hochschulen - Instytut Polski w Dusseldorfie","isPartOf":{"@id":"https:\/\/instytutpolski.pl\/duesseldorf\/#website"},"primaryImageOfPage":{"@id":"https:\/\/instytutpolski.pl\/duesseldorf\/lernen-sie-polen-kennen\/wissenschaft-in-polen\/polnische-hochschulen\/#primaryimage"},"image":{"@id":"https:\/\/instytutpolski.pl\/duesseldorf\/lernen-sie-polen-kennen\/wissenschaft-in-polen\/polnische-hochschulen\/#primaryimage"},"thumbnailUrl":"https:\/\/instytutpolski.pl\/duesseldorf\/wp-content\/uploads\/sites\/5\/2019\/06\/polskie-uczelnie.jpg","datePublished":"2019-06-25T10:03:53+00:00","dateModified":"2025-02-06T11:17:28+00:00","breadcrumb":{"@id":"https:\/\/instytutpolski.pl\/duesseldorf\/lernen-sie-polen-kennen\/wissenschaft-in-polen\/polnische-hochschulen\/#breadcrumb"},"inLanguage":"pl-PL","potentialAction":[{"@type":"ReadAction","target":["https:\/\/instytutpolski.pl\/duesseldorf\/lernen-sie-polen-kennen\/wissenschaft-in-polen\/polnische-hochschulen\/"]}]},{"@type":"ImageObject","inLanguage":"pl-PL","@id":"https:\/\/instytutpolski.pl\/duesseldorf\/lernen-sie-polen-kennen\/wissenschaft-in-polen\/polnische-hochschulen\/#primaryimage","url":"https:\/\/instytutpolski.pl\/duesseldorf\/wp-content\/uploads\/sites\/5\/2019\/06\/polskie-uczelnie.jpg","contentUrl":"https:\/\/instytutpolski.pl\/duesseldorf\/wp-content\/uploads\/sites\/5\/2019\/06\/polskie-uczelnie.jpg","width":1920,"height":700},{"@type":"BreadcrumbList","@id":"https:\/\/instytutpolski.pl\/duesseldorf\/lernen-sie-polen-kennen\/wissenschaft-in-polen\/polnische-hochschulen\/#breadcrumb","itemListElement":[{"@type":"ListItem","position":1,"name":"Home","item":"https:\/\/instytutpolski.pl\/duesseldorf\/"},{"@type":"ListItem","position":2,"name":"Lernen Sie Polen kennen","item":"https:\/\/instytutpolski.pl\/duesseldorf\/lernen-sie-polen-kennen\/"},{"@type":"ListItem","position":3,"name":"Wissenschaft in Polen","item":"https:\/\/instytutpolski.pl\/duesseldorf\/lernen-sie-polen-kennen\/wissenschaft-in-polen\/"},{"@type":"ListItem","position":4,"name":"Polnische Hochschulen"}]},{"@type":"WebSite","@id":"https:\/\/instytutpolski.pl\/duesseldorf\/#website","url":"https:\/\/instytutpolski.pl\/duesseldorf\/","name":"Instytut Polski w Dusseldorfie","description":"Instytuty Polskie","potentialAction":[{"@type":"SearchAction","target":{"@type":"EntryPoint","urlTemplate":"https:\/\/instytutpolski.pl\/duesseldorf\/?s={search_term_string}"},"query-input":{"@type":"PropertyValueSpecification","valueRequired":true,"valueName":"search_term_string"}}],"inLanguage":"pl-PL"}]}},"_links":{"self":[{"href":"https:\/\/instytutpolski.pl\/duesseldorf\/wp-json\/wp\/v2\/pages\/421","targetHints":{"allow":["GET"]}}],"collection":[{"href":"https:\/\/instytutpolski.pl\/duesseldorf\/wp-json\/wp\/v2\/pages"}],"about":[{"href":"https:\/\/instytutpolski.pl\/duesseldorf\/wp-json\/wp\/v2\/types\/page"}],"author":[{"embeddable":true,"href":"https:\/\/instytutpolski.pl\/duesseldorf\/wp-json\/wp\/v2\/users\/1"}],"replies":[{"embeddable":true,"href":"https:\/\/instytutpolski.pl\/duesseldorf\/wp-json\/wp\/v2\/comments?post=421"}],"version-history":[{"count":5,"href":"https:\/\/instytutpolski.pl\/duesseldorf\/wp-json\/wp\/v2\/pages\/421\/revisions"}],"predecessor-version":[{"id":11519,"href":"https:\/\/instytutpolski.pl\/duesseldorf\/wp-json\/wp\/v2\/pages\/421\/revisions\/11519"}],"up":[{"embeddable":true,"href":"https:\/\/instytutpolski.pl\/duesseldorf\/wp-json\/wp\/v2\/pages\/417"}],"wp:featuredmedia":[{"embeddable":true,"href":"https:\/\/instytutpolski.pl\/duesseldorf\/wp-json\/wp\/v2\/media\/423"}],"wp:attachment":[{"href":"https:\/\/instytutpolski.pl\/duesseldorf\/wp-json\/wp\/v2\/media?parent=421"}],"curies":[{"name":"wp","href":"https:\/\/api.w.org\/{rel}","templated":true}]}}