{"id":445,"date":"2019-06-25T12:11:32","date_gmt":"2019-06-25T10:11:32","guid":{"rendered":"https:\/\/instytutpolski.pl\/dusseldorf\/?page_id=445"},"modified":"2020-06-08T16:17:48","modified_gmt":"2020-06-08T14:17:48","slug":"polnische-sprache-an-hochschulen","status":"publish","type":"page","link":"https:\/\/instytutpolski.pl\/duesseldorf\/polnische-sprache\/polnische-sprache-an-hochschulen\/","title":{"rendered":"Polnische Sprache an Hochschulen"},"content":{"rendered":"\n<h3><strong>IN POLEN<\/strong><\/h3>\n\n\n\n<h5>Polish Studies an der Jagiellonen Universit\u00e4t in Krakau&nbsp;<a href=\"http:\/\/www.polishstudies.uj.edu.pl\/en_GB\/\">www.polishstudies.uj.edu.pl\/en_GB\/<\/a><\/h5>\n\n\n\n<h3><strong>IN DEUTSCHLAND<\/strong><\/h3>\n\n\n\n<h5>Polnisch intensiv am Mainzer Polonicum\u00a0<a href=\"http:\/\/www.slavistik.uni-mainz.de\/275.php\">www.slavistik.uni-mainz.de\/275.php<\/a><\/h5>\n\n\n\n<h5><a class=\"_64-f\" href=\"https:\/\/www.facebook.com\/aleksanderbruecknercenter\/?__xts__[0]=68.ARDZexH9cxQFRzd0U2qksaAUeLnQO4FZJqUhideAx5xekqkHebiTTHkkaQ3djnBklEdn7KRflhIDRvfEGspE2o-5ntywrJInpx6O3cJIE45HkQ1qrwRhpTwCP0MlYQdvKxSvWgBO4znLDCEBjNec_1-iVbTeVB8ANif86xyntYq0PzIvmleuTcLJ28kwqwR3EPOrcIeSfkylFnF4JNT0673b5XipX4pt-rKXs7Qx3wYam2bwgInceGKvICB_7NAsrjC20f0ScV3LbkUVyXD1rMEhnopMAlNS-pIr6f-lNDDNoV04POYbeQasXk5h9H52RjqBZiY-rL5Bd11wnmk0sHjCoQ\">Aleksander Br\u00fcckner Zentrum f\u00fcr Polenstudien<\/a> an der Martin-Luther-Universit\u00e4t Halle<\/h5>\n\n\n\n<h5>Gie\u00dfener Zentrum \u00d6stliches Europa&nbsp;<a href=\"http:\/\/www.uni-giessen.de\/cms\/fbz\/zentren\/gizo\">www.uni-giessen.de\/cms\/fbz\/zentren\/gizo<\/a><\/h5>\n\n\n\n<h5>Seminar f\u00fcr Slavistik und Lotman-Institut der Ruhr-Universit\u00e4t Bochum&nbsp;<a href=\"http:\/\/www.lotman.rub.de\/\">www.lotman.rub.de<\/a><\/h5>\n\n\n\n<h5>Institut Slavistik an der Universit\u00e4t Leipzig&nbsp;<a href=\"http:\/\/www.uni-leipzig.de\/~slav\">www.uni-leipzig.de\/~slav<\/a><\/h5>\n\n\n\n<h5>Polonicum in Greifswald\u00a0<a href=\"https:\/\/slawistik.uni-greifswald.de\/studium\/angebot\/polonicum\/\">https:\/\/slawistik.uni-greifswald.de\/studium\/angebot\/polonicum\/<\/a><\/h5>\n","protected":false},"excerpt":{"rendered":"<p>IN POLEN Polish Studies an der Jagiellonen Universit\u00e4t in Krakau&nbsp;www.polishstudies.uj.edu.pl\/en_GB\/ IN DEUTSCHLAND Polnisch intensiv am Mainzer Polonicum\u00a0www.slavistik.uni-mainz.de\/275.php Aleksander Br\u00fcckner Zentrum f\u00fcr Polenstudien an der Martin-Luther-Universit\u00e4t Halle Gie\u00dfener Zentrum \u00d6stliches Europa&nbsp;www.uni-giessen.de\/cms\/fbz\/zentren\/gizo Seminar f\u00fcr Slavistik und Lotman-Institut der Ruhr-Universit\u00e4t Bochum&nbsp;www.lotman.rub.de Institut Slavistik an der Universit\u00e4t Leipzig&nbsp;www.uni-leipzig.de\/~slav Polonicum in Greifswald\u00a0https:\/\/slawistik.uni-greifswald.de\/studium\/angebot\/polonicum\/<\/p>\n","protected":false},"author":1,"featured_media":447,"parent":435,"menu_order":0,"comment_status":"closed","ping_status":"closed","template":"","meta":{"inline_featured_image":false,"_monsterinsights_skip_tracking":false,"_monsterinsights_sitenote_active":false,"_monsterinsights_sitenote_note":"","_monsterinsights_sitenote_category":0,"footnotes":""},"class_list":["post-445","page","type-page","status-publish","has-post-thumbnail","hentry"],"yoast_head":"<!-- This site is optimized with the Yoast SEO plugin v24.6 - https:\/\/yoast.com\/wordpress\/plugins\/seo\/ -->\n<title>Polnische Sprache an Hochschulen - Instytut Polski w Dusseldorfie<\/title>\n<meta name=\"robots\" content=\"index, follow, max-snippet:-1, max-image-preview:large, max-video-preview:-1\" \/>\n<link rel=\"canonical\" href=\"https:\/\/instytutpolski.pl\/duesseldorf\/polnische-sprache\/polnische-sprache-an-hochschulen\/\" \/>\n<meta property=\"og:locale\" content=\"pl_PL\" \/>\n<meta property=\"og:type\" content=\"article\" \/>\n<meta property=\"og:title\" content=\"Polnische Sprache an Hochschulen - Instytut Polski w Dusseldorfie\" \/>\n<meta property=\"og:description\" content=\"IN POLEN Polish Studies an der Jagiellonen Universit\u00e4t in Krakau&nbsp;www.polishstudies.uj.edu.pl\/en_GB\/ IN DEUTSCHLAND Polnisch intensiv am Mainzer Polonicum\u00a0www.slavistik.uni-mainz.de\/275.php Aleksander Br\u00fcckner Zentrum f\u00fcr Polenstudien an der Martin-Luther-Universit\u00e4t Halle Gie\u00dfener Zentrum \u00d6stliches Europa&nbsp;www.uni-giessen.de\/cms\/fbz\/zentren\/gizo Seminar f\u00fcr Slavistik und Lotman-Institut der Ruhr-Universit\u00e4t Bochum&nbsp;www.lotman.rub.de Institut Slavistik an der Universit\u00e4t Leipzig&nbsp;www.uni-leipzig.de\/~slav Polonicum in Greifswald\u00a0https:\/\/slawistik.uni-greifswald.de\/studium\/angebot\/polonicum\/\" \/>\n<meta property=\"og:url\" content=\"https:\/\/instytutpolski.pl\/duesseldorf\/polnische-sprache\/polnische-sprache-an-hochschulen\/\" \/>\n<meta property=\"og:site_name\" content=\"Instytut Polski w Dusseldorfie\" \/>\n<meta property=\"article:modified_time\" content=\"2020-06-08T14:17:48+00:00\" \/>\n<meta property=\"og:image\" content=\"https:\/\/instytutpolski.pl\/duesseldorf\/wp-content\/uploads\/sites\/5\/2019\/06\/lektoraty-jezyka-polskiego.jpg\" \/>\n\t<meta property=\"og:image:width\" content=\"1920\" \/>\n\t<meta property=\"og:image:height\" content=\"700\" \/>\n\t<meta property=\"og:image:type\" content=\"image\/jpeg\" \/>\n<meta name=\"twitter:card\" content=\"summary_large_image\" \/>\n<script type=\"application\/ld+json\" class=\"yoast-schema-graph\">{\"@context\":\"https:\/\/schema.org\",\"@graph\":[{\"@type\":\"WebPage\",\"@id\":\"https:\/\/instytutpolski.pl\/duesseldorf\/polnische-sprache\/polnische-sprache-an-hochschulen\/\",\"url\":\"https:\/\/instytutpolski.pl\/duesseldorf\/polnische-sprache\/polnische-sprache-an-hochschulen\/\",\"name\":\"Polnische Sprache an Hochschulen - Instytut Polski w Dusseldorfie\",\"isPartOf\":{\"@id\":\"https:\/\/instytutpolski.pl\/duesseldorf\/#website\"},\"primaryImageOfPage\":{\"@id\":\"https:\/\/instytutpolski.pl\/duesseldorf\/polnische-sprache\/polnische-sprache-an-hochschulen\/#primaryimage\"},\"image\":{\"@id\":\"https:\/\/instytutpolski.pl\/duesseldorf\/polnische-sprache\/polnische-sprache-an-hochschulen\/#primaryimage\"},\"thumbnailUrl\":\"https:\/\/instytutpolski.pl\/duesseldorf\/wp-content\/uploads\/sites\/5\/2019\/06\/lektoraty-jezyka-polskiego.jpg\",\"datePublished\":\"2019-06-25T10:11:32+00:00\",\"dateModified\":\"2020-06-08T14:17:48+00:00\",\"breadcrumb\":{\"@id\":\"https:\/\/instytutpolski.pl\/duesseldorf\/polnische-sprache\/polnische-sprache-an-hochschulen\/#breadcrumb\"},\"inLanguage\":\"pl-PL\",\"potentialAction\":[{\"@type\":\"ReadAction\",\"target\":[\"https:\/\/instytutpolski.pl\/duesseldorf\/polnische-sprache\/polnische-sprache-an-hochschulen\/\"]}]},{\"@type\":\"ImageObject\",\"inLanguage\":\"pl-PL\",\"@id\":\"https:\/\/instytutpolski.pl\/duesseldorf\/polnische-sprache\/polnische-sprache-an-hochschulen\/#primaryimage\",\"url\":\"https:\/\/instytutpolski.pl\/duesseldorf\/wp-content\/uploads\/sites\/5\/2019\/06\/lektoraty-jezyka-polskiego.jpg\",\"contentUrl\":\"https:\/\/instytutpolski.pl\/duesseldorf\/wp-content\/uploads\/sites\/5\/2019\/06\/lektoraty-jezyka-polskiego.jpg\",\"width\":1920,\"height\":700},{\"@type\":\"BreadcrumbList\",\"@id\":\"https:\/\/instytutpolski.pl\/duesseldorf\/polnische-sprache\/polnische-sprache-an-hochschulen\/#breadcrumb\",\"itemListElement\":[{\"@type\":\"ListItem\",\"position\":1,\"name\":\"Home\",\"item\":\"https:\/\/instytutpolski.pl\/duesseldorf\/\"},{\"@type\":\"ListItem\",\"position\":2,\"name\":\"Polnische Sprache\",\"item\":\"https:\/\/instytutpolski.pl\/duesseldorf\/polnische-sprache\/\"},{\"@type\":\"ListItem\",\"position\":3,\"name\":\"Polnische Sprache an Hochschulen\"}]},{\"@type\":\"WebSite\",\"@id\":\"https:\/\/instytutpolski.pl\/duesseldorf\/#website\",\"url\":\"https:\/\/instytutpolski.pl\/duesseldorf\/\",\"name\":\"Instytut Polski w Dusseldorfie\",\"description\":\"Instytuty Polskie\",\"potentialAction\":[{\"@type\":\"SearchAction\",\"target\":{\"@type\":\"EntryPoint\",\"urlTemplate\":\"https:\/\/instytutpolski.pl\/duesseldorf\/?s={search_term_string}\"},\"query-input\":{\"@type\":\"PropertyValueSpecification\",\"valueRequired\":true,\"valueName\":\"search_term_string\"}}],\"inLanguage\":\"pl-PL\"}]}<\/script>\n<!-- \/ Yoast SEO plugin. -->","yoast_head_json":{"title":"Polnische Sprache an Hochschulen - Instytut Polski w Dusseldorfie","robots":{"index":"index","follow":"follow","max-snippet":"max-snippet:-1","max-image-preview":"max-image-preview:large","max-video-preview":"max-video-preview:-1"},"canonical":"https:\/\/instytutpolski.pl\/duesseldorf\/polnische-sprache\/polnische-sprache-an-hochschulen\/","og_locale":"pl_PL","og_type":"article","og_title":"Polnische Sprache an Hochschulen - Instytut Polski w Dusseldorfie","og_description":"IN POLEN Polish Studies an der Jagiellonen Universit\u00e4t in Krakau&nbsp;www.polishstudies.uj.edu.pl\/en_GB\/ IN DEUTSCHLAND Polnisch intensiv am Mainzer Polonicum\u00a0www.slavistik.uni-mainz.de\/275.php Aleksander Br\u00fcckner Zentrum f\u00fcr Polenstudien an der Martin-Luther-Universit\u00e4t Halle Gie\u00dfener Zentrum \u00d6stliches Europa&nbsp;www.uni-giessen.de\/cms\/fbz\/zentren\/gizo Seminar f\u00fcr Slavistik und Lotman-Institut der Ruhr-Universit\u00e4t Bochum&nbsp;www.lotman.rub.de Institut Slavistik an der Universit\u00e4t Leipzig&nbsp;www.uni-leipzig.de\/~slav Polonicum in Greifswald\u00a0https:\/\/slawistik.uni-greifswald.de\/studium\/angebot\/polonicum\/","og_url":"https:\/\/instytutpolski.pl\/duesseldorf\/polnische-sprache\/polnische-sprache-an-hochschulen\/","og_site_name":"Instytut Polski w Dusseldorfie","article_modified_time":"2020-06-08T14:17:48+00:00","og_image":[{"width":1920,"height":700,"url":"https:\/\/instytutpolski.pl\/duesseldorf\/wp-content\/uploads\/sites\/5\/2019\/06\/lektoraty-jezyka-polskiego.jpg","type":"image\/jpeg"}],"twitter_card":"summary_large_image","schema":{"@context":"https:\/\/schema.org","@graph":[{"@type":"WebPage","@id":"https:\/\/instytutpolski.pl\/duesseldorf\/polnische-sprache\/polnische-sprache-an-hochschulen\/","url":"https:\/\/instytutpolski.pl\/duesseldorf\/polnische-sprache\/polnische-sprache-an-hochschulen\/","name":"Polnische Sprache an Hochschulen - Instytut Polski w Dusseldorfie","isPartOf":{"@id":"https:\/\/instytutpolski.pl\/duesseldorf\/#website"},"primaryImageOfPage":{"@id":"https:\/\/instytutpolski.pl\/duesseldorf\/polnische-sprache\/polnische-sprache-an-hochschulen\/#primaryimage"},"image":{"@id":"https:\/\/instytutpolski.pl\/duesseldorf\/polnische-sprache\/polnische-sprache-an-hochschulen\/#primaryimage"},"thumbnailUrl":"https:\/\/instytutpolski.pl\/duesseldorf\/wp-content\/uploads\/sites\/5\/2019\/06\/lektoraty-jezyka-polskiego.jpg","datePublished":"2019-06-25T10:11:32+00:00","dateModified":"2020-06-08T14:17:48+00:00","breadcrumb":{"@id":"https:\/\/instytutpolski.pl\/duesseldorf\/polnische-sprache\/polnische-sprache-an-hochschulen\/#breadcrumb"},"inLanguage":"pl-PL","potentialAction":[{"@type":"ReadAction","target":["https:\/\/instytutpolski.pl\/duesseldorf\/polnische-sprache\/polnische-sprache-an-hochschulen\/"]}]},{"@type":"ImageObject","inLanguage":"pl-PL","@id":"https:\/\/instytutpolski.pl\/duesseldorf\/polnische-sprache\/polnische-sprache-an-hochschulen\/#primaryimage","url":"https:\/\/instytutpolski.pl\/duesseldorf\/wp-content\/uploads\/sites\/5\/2019\/06\/lektoraty-jezyka-polskiego.jpg","contentUrl":"https:\/\/instytutpolski.pl\/duesseldorf\/wp-content\/uploads\/sites\/5\/2019\/06\/lektoraty-jezyka-polskiego.jpg","width":1920,"height":700},{"@type":"BreadcrumbList","@id":"https:\/\/instytutpolski.pl\/duesseldorf\/polnische-sprache\/polnische-sprache-an-hochschulen\/#breadcrumb","itemListElement":[{"@type":"ListItem","position":1,"name":"Home","item":"https:\/\/instytutpolski.pl\/duesseldorf\/"},{"@type":"ListItem","position":2,"name":"Polnische Sprache","item":"https:\/\/instytutpolski.pl\/duesseldorf\/polnische-sprache\/"},{"@type":"ListItem","position":3,"name":"Polnische Sprache an Hochschulen"}]},{"@type":"WebSite","@id":"https:\/\/instytutpolski.pl\/duesseldorf\/#website","url":"https:\/\/instytutpolski.pl\/duesseldorf\/","name":"Instytut Polski w Dusseldorfie","description":"Instytuty Polskie","potentialAction":[{"@type":"SearchAction","target":{"@type":"EntryPoint","urlTemplate":"https:\/\/instytutpolski.pl\/duesseldorf\/?s={search_term_string}"},"query-input":{"@type":"PropertyValueSpecification","valueRequired":true,"valueName":"search_term_string"}}],"inLanguage":"pl-PL"}]}},"_links":{"self":[{"href":"https:\/\/instytutpolski.pl\/duesseldorf\/wp-json\/wp\/v2\/pages\/445","targetHints":{"allow":["GET"]}}],"collection":[{"href":"https:\/\/instytutpolski.pl\/duesseldorf\/wp-json\/wp\/v2\/pages"}],"about":[{"href":"https:\/\/instytutpolski.pl\/duesseldorf\/wp-json\/wp\/v2\/types\/page"}],"author":[{"embeddable":true,"href":"https:\/\/instytutpolski.pl\/duesseldorf\/wp-json\/wp\/v2\/users\/1"}],"replies":[{"embeddable":true,"href":"https:\/\/instytutpolski.pl\/duesseldorf\/wp-json\/wp\/v2\/comments?post=445"}],"version-history":[{"count":5,"href":"https:\/\/instytutpolski.pl\/duesseldorf\/wp-json\/wp\/v2\/pages\/445\/revisions"}],"predecessor-version":[{"id":2177,"href":"https:\/\/instytutpolski.pl\/duesseldorf\/wp-json\/wp\/v2\/pages\/445\/revisions\/2177"}],"up":[{"embeddable":true,"href":"https:\/\/instytutpolski.pl\/duesseldorf\/wp-json\/wp\/v2\/pages\/435"}],"wp:featuredmedia":[{"embeddable":true,"href":"https:\/\/instytutpolski.pl\/duesseldorf\/wp-json\/wp\/v2\/media\/447"}],"wp:attachment":[{"href":"https:\/\/instytutpolski.pl\/duesseldorf\/wp-json\/wp\/v2\/media?parent=445"}],"curies":[{"name":"wp","href":"https:\/\/api.w.org\/{rel}","templated":true}]}}