{"id":15489,"date":"2024-11-12T09:57:50","date_gmt":"2024-11-12T08:57:50","guid":{"rendered":"https:\/\/instytutpolski.pl\/kyiv\/?page_id=15489"},"modified":"2024-11-12T09:58:56","modified_gmt":"2024-11-12T08:58:56","slug":"konkurs-im-jerzego-giedroycia-2","status":"publish","type":"page","link":"https:\/\/instytutpolski.pl\/kyiv\/konkurs-im-jerzego-giedroycia-2\/","title":{"rendered":"Konkurs im. Jerzego Giedroycia"},"content":{"rendered":"\n<p>Konkurs im. Jerzego Giedroycia powraca po pi\u0119cioletniej przerwie pod honorowym patronatem Ministra Spraw Zagranicznych Rzeczypospolitej Polskiej Rados\u0142awa Sikorskiego!&nbsp;<\/p>\n\n\n\n<figure class=\"wp-block-embed is-type-video is-provider-youtube wp-block-embed-youtube wp-embed-aspect-16-9 wp-has-aspect-ratio\"><div class=\"wp-block-embed__wrapper\">\nhttps:\/\/www.youtube.com\/watch?v=uH_pDNSWlJM&#038;ab_channel=PolandMFA\n<\/div><\/figure>\n\n\n\n<p>Zapraszamy do udzia\u0142u w konkursie na najlepsze prace licencjackie, magisterskie i doktorskie po\u015bwi\u0119cone tematyce polskiej oraz stosunkom polsko-ukrai\u0144skim i ukrai\u0144sko-polskim. Konkurs zosta\u0142 zorganizowany po raz pierwszy w 2006 roku, czyli w 100. rocznic\u0119 urodzin Jerzego Giedroycia, w celu uhonorowania jego wk\u0142adu w dialog polsko-ukrai\u0144ski, polsk\u0105 my\u015bl polityczn\u0105 i szeroko rozumian\u0105 histori\u0119 Polski.<\/p>\n\n\n\n<p>Jerzy Giedory\u0107 znany jest jako redaktor paryskiej \u201eKultury\u201d, za\u0142o\u017cyciel i dyrektor Instytutu Literackiego, wydawca periodyku \u201eZeszyty Historyczne\u201d i kompletnej serii&nbsp;<em>Biblioteka \u201eKultury\u201d<\/em>. Szczeg\u00f3lnie wa\u017cna by\u0142a jego rola w budowaniu relacji polsko-ukrai\u0144skich.&nbsp;<\/p>\n\n\n\n<p>Wznawiamy konkurs nie tylko po to, by przypomnie\u0107 wybitn\u0105 posta\u0107 Giedroycia, lecz r\u00f3wnie\u017c z my\u015bl\u0105 o zach\u0119ceniu m\u0142odych badaczy do studiowania tak historii i wsp\u00f3\u0142czesno\u015bci Polski, jak i stosunk\u00f3w polsko-ukrai\u0144skich oraz ukrai\u0144sko-polskich.<\/p>\n\n\n\n<p>Kapitu\u0142a przyznaje w ramach Konkursu dyplomy oraz nagrody finansowe:<br><strong>za prac\u0119 licencjack\u0105:<\/strong><br>I miejsce: 1000 EUR;<br>II miejsce: 700 EUR;<br>III miejsce: 500 EUR;<br><strong>za prac\u0119 magistersk\u0105:<\/strong><br>I miejsce: 1500 EUR;<br>II miejsce: 1000 EUR;<br>III miejsce: 700 EUR;<br><strong>za rozpraw\u0119 doktorsk\u0105:<\/strong><br>I miejsce: 2000 EUR;<br>II miejsce: 1500 EUR;<br>III miejsce: 1000 EUR;<\/p>\n\n\n\n<p><strong>Regulamin konkursu:<\/strong><\/p>\n\n\n\n<div class=\"wp-block-file\"><a id=\"wp-block-file--media-128a0144-e7f5-4be0-8de1-d87e07cb6627\" href=\"https:\/\/instytutpolski.pl\/kyiv\/wp-content\/uploads\/sites\/19\/2024\/07\/PL_Regulamin-konkursu-Giedroycia_.docx\">PL_Regulamin-konkursu-Giedroycia_<\/a><a href=\"https:\/\/instytutpolski.pl\/kyiv\/wp-content\/uploads\/sites\/19\/2024\/07\/PL_Regulamin-konkursu-Giedroycia_.docx\" class=\"wp-block-file__button wp-element-button\" download aria-describedby=\"wp-block-file--media-128a0144-e7f5-4be0-8de1-d87e07cb6627\">\u0417\u0430\u0432\u0430\u043d\u0442\u0430\u0436\u0438\u0442\u0438<\/a><\/div>\n\n\n\n<p><strong>Zg\u0142oszenie udzia\u0142u w konkursie:<\/strong><\/p>\n\n\n\n<div class=\"wp-block-file\"><a id=\"wp-block-file--media-23ae0ad1-36fa-4112-a8d4-476a8437adff\" href=\"https:\/\/instytutpolski.pl\/kyiv\/wp-content\/uploads\/sites\/19\/2024\/07\/Os\u0301wiadczenie_UA_PL_-1.docx\">Os\u0301wiadczenie_UA_PL_<\/a><a href=\"https:\/\/instytutpolski.pl\/kyiv\/wp-content\/uploads\/sites\/19\/2024\/07\/Os\u0301wiadczenie_UA_PL_-1.docx\" class=\"wp-block-file__button wp-element-button\" download aria-describedby=\"wp-block-file--media-23ae0ad1-36fa-4112-a8d4-476a8437adff\">\u0417\u0430\u0432\u0430\u043d\u0442\u0430\u0436\u0438\u0442\u0438<\/a><\/div>\n\n\n\n<p><strong>Termin nadsy\u0142ania prac: <\/strong>2 wrze\u015bnia&nbsp;2024 roku.<\/p>\n\n\n\n<p><strong>W razie jakichkolwiek pyta\u0144 prosimy o kontakt:<\/strong> <a href=\"mailto:konkurs.j.giedroycia@instytutpolski.pl\">konkurs.j.giedroycia@instytutpolski.pl<\/a><br>Konkurs organizowany jest przez Instytut Polski w Kijowie we wsp\u00f3\u0142pracy ze Studium Europy Wschodniej Uniwersytetu Warszawskiego, Zakarpackim Uniwersytetem Narodowym im. Wasyla Stefanyka oraz przy wsparciu Ambasady Rzeczypospolitej Polskiej w Kijowie. Do\u0142\u0105cz do konkursu i przyczy\u0144 si\u0119 do rozwoju nauki i kultury!<\/p>\n\n\n\n<p>Ilustracja: Jerzy Giedory\u0107 w swoim gabinecie, Maison-Laffitte, 1987, zdj\u0119cie ze zbior\u00f3w Instytutu Literackiego, fot. Bohdan Paczowski<\/p>\n\n\n\n<p>*Ustawa o szkolnictwie wy\u017cszym Ukrainy: <a href=\"https:\/\/zakon.rada.gov.ua\/laws\/show\/1556-18#Text\">https:\/\/zakon.rada.gov.ua\/laws\/show\/1556-18#Text<\/a><\/p>\n","protected":false},"excerpt":{"rendered":"<p>Konkurs im. Jerzego Giedroycia powraca po pi\u0119cioletniej przerwie pod honorowym patronatem Ministra Spraw Zagranicznych Rzeczypospolitej Polskiej Rados\u0142awa Sikorskiego!&nbsp; Zapraszamy do udzia\u0142u w konkursie na najlepsze prace licencjackie, magisterskie i doktorskie po\u015bwi\u0119cone tematyce polskiej oraz stosunkom polsko-ukrai\u0144skim i ukrai\u0144sko-polskim. Konkurs zosta\u0142 zorganizowany po raz pierwszy w 2006 roku, czyli w 100. rocznic\u0119 urodzin Jerzego Giedroycia, w [&hellip;]<\/p>\n","protected":false},"author":201,"featured_media":0,"parent":0,"menu_order":0,"comment_status":"closed","ping_status":"closed","template":"","meta":{"inline_featured_image":false,"_monsterinsights_skip_tracking":false,"_monsterinsights_sitenote_active":false,"_monsterinsights_sitenote_note":"","_monsterinsights_sitenote_category":0,"footnotes":""},"class_list":["post-15489","page","type-page","status-publish","hentry"],"yoast_head":"<!-- This site is optimized with the Yoast SEO plugin v24.6 - https:\/\/yoast.com\/wordpress\/plugins\/seo\/ -->\n<title>Konkurs im. Jerzego Giedroycia - Instytut Polski w Kijowie<\/title>\n<meta name=\"robots\" content=\"index, follow, max-snippet:-1, max-image-preview:large, max-video-preview:-1\" \/>\n<link rel=\"canonical\" href=\"https:\/\/instytutpolski.pl\/kyiv\/konkurs-im-jerzego-giedroycia-2\/\" \/>\n<meta property=\"og:locale\" content=\"pl_PL\" \/>\n<meta property=\"og:type\" content=\"article\" \/>\n<meta property=\"og:title\" content=\"Konkurs im. Jerzego Giedroycia - Instytut Polski w Kijowie\" \/>\n<meta property=\"og:description\" content=\"Konkurs im. Jerzego Giedroycia powraca po pi\u0119cioletniej przerwie pod honorowym patronatem Ministra Spraw Zagranicznych Rzeczypospolitej Polskiej Rados\u0142awa Sikorskiego!&nbsp; Zapraszamy do udzia\u0142u w konkursie na najlepsze prace licencjackie, magisterskie i doktorskie po\u015bwi\u0119cone tematyce polskiej oraz stosunkom polsko-ukrai\u0144skim i ukrai\u0144sko-polskim. Konkurs zosta\u0142 zorganizowany po raz pierwszy w 2006 roku, czyli w 100. rocznic\u0119 urodzin Jerzego Giedroycia, w [&hellip;]\" \/>\n<meta property=\"og:url\" content=\"https:\/\/instytutpolski.pl\/kyiv\/konkurs-im-jerzego-giedroycia-2\/\" \/>\n<meta property=\"og:site_name\" content=\"Instytut Polski w Kijowie\" \/>\n<meta property=\"article:modified_time\" content=\"2024-11-12T08:58:56+00:00\" \/>\n<meta name=\"twitter:card\" content=\"summary_large_image\" \/>\n<meta name=\"twitter:label1\" content=\"Szacowany czas czytania\" \/>\n\t<meta name=\"twitter:data1\" content=\"2 minuty\" \/>\n<script type=\"application\/ld+json\" class=\"yoast-schema-graph\">{\"@context\":\"https:\/\/schema.org\",\"@graph\":[{\"@type\":\"WebPage\",\"@id\":\"https:\/\/instytutpolski.pl\/kyiv\/konkurs-im-jerzego-giedroycia-2\/\",\"url\":\"https:\/\/instytutpolski.pl\/kyiv\/konkurs-im-jerzego-giedroycia-2\/\",\"name\":\"Konkurs im. Jerzego Giedroycia - Instytut Polski w Kijowie\",\"isPartOf\":{\"@id\":\"https:\/\/instytutpolski.pl\/kyiv\/#website\"},\"datePublished\":\"2024-11-12T08:57:50+00:00\",\"dateModified\":\"2024-11-12T08:58:56+00:00\",\"breadcrumb\":{\"@id\":\"https:\/\/instytutpolski.pl\/kyiv\/konkurs-im-jerzego-giedroycia-2\/#breadcrumb\"},\"inLanguage\":\"pl-PL\",\"potentialAction\":[{\"@type\":\"ReadAction\",\"target\":[\"https:\/\/instytutpolski.pl\/kyiv\/konkurs-im-jerzego-giedroycia-2\/\"]}]},{\"@type\":\"BreadcrumbList\",\"@id\":\"https:\/\/instytutpolski.pl\/kyiv\/konkurs-im-jerzego-giedroycia-2\/#breadcrumb\",\"itemListElement\":[{\"@type\":\"ListItem\",\"position\":1,\"name\":\"Home\",\"item\":\"https:\/\/instytutpolski.pl\/kyiv\/\"},{\"@type\":\"ListItem\",\"position\":2,\"name\":\"Konkurs im. Jerzego Giedroycia\"}]},{\"@type\":\"WebSite\",\"@id\":\"https:\/\/instytutpolski.pl\/kyiv\/#website\",\"url\":\"https:\/\/instytutpolski.pl\/kyiv\/\",\"name\":\"Instytut Polski w Kijowie\",\"description\":\"Instytuty Polskie\",\"potentialAction\":[{\"@type\":\"SearchAction\",\"target\":{\"@type\":\"EntryPoint\",\"urlTemplate\":\"https:\/\/instytutpolski.pl\/kyiv\/?s={search_term_string}\"},\"query-input\":{\"@type\":\"PropertyValueSpecification\",\"valueRequired\":true,\"valueName\":\"search_term_string\"}}],\"inLanguage\":\"pl-PL\"}]}<\/script>\n<!-- \/ Yoast SEO plugin. -->","yoast_head_json":{"title":"Konkurs im. Jerzego Giedroycia - Instytut Polski w Kijowie","robots":{"index":"index","follow":"follow","max-snippet":"max-snippet:-1","max-image-preview":"max-image-preview:large","max-video-preview":"max-video-preview:-1"},"canonical":"https:\/\/instytutpolski.pl\/kyiv\/konkurs-im-jerzego-giedroycia-2\/","og_locale":"pl_PL","og_type":"article","og_title":"Konkurs im. Jerzego Giedroycia - Instytut Polski w Kijowie","og_description":"Konkurs im. Jerzego Giedroycia powraca po pi\u0119cioletniej przerwie pod honorowym patronatem Ministra Spraw Zagranicznych Rzeczypospolitej Polskiej Rados\u0142awa Sikorskiego!&nbsp; Zapraszamy do udzia\u0142u w konkursie na najlepsze prace licencjackie, magisterskie i doktorskie po\u015bwi\u0119cone tematyce polskiej oraz stosunkom polsko-ukrai\u0144skim i ukrai\u0144sko-polskim. Konkurs zosta\u0142 zorganizowany po raz pierwszy w 2006 roku, czyli w 100. rocznic\u0119 urodzin Jerzego Giedroycia, w [&hellip;]","og_url":"https:\/\/instytutpolski.pl\/kyiv\/konkurs-im-jerzego-giedroycia-2\/","og_site_name":"Instytut Polski w Kijowie","article_modified_time":"2024-11-12T08:58:56+00:00","twitter_card":"summary_large_image","twitter_misc":{"Szacowany czas czytania":"2 minuty"},"schema":{"@context":"https:\/\/schema.org","@graph":[{"@type":"WebPage","@id":"https:\/\/instytutpolski.pl\/kyiv\/konkurs-im-jerzego-giedroycia-2\/","url":"https:\/\/instytutpolski.pl\/kyiv\/konkurs-im-jerzego-giedroycia-2\/","name":"Konkurs im. Jerzego Giedroycia - Instytut Polski w Kijowie","isPartOf":{"@id":"https:\/\/instytutpolski.pl\/kyiv\/#website"},"datePublished":"2024-11-12T08:57:50+00:00","dateModified":"2024-11-12T08:58:56+00:00","breadcrumb":{"@id":"https:\/\/instytutpolski.pl\/kyiv\/konkurs-im-jerzego-giedroycia-2\/#breadcrumb"},"inLanguage":"pl-PL","potentialAction":[{"@type":"ReadAction","target":["https:\/\/instytutpolski.pl\/kyiv\/konkurs-im-jerzego-giedroycia-2\/"]}]},{"@type":"BreadcrumbList","@id":"https:\/\/instytutpolski.pl\/kyiv\/konkurs-im-jerzego-giedroycia-2\/#breadcrumb","itemListElement":[{"@type":"ListItem","position":1,"name":"Home","item":"https:\/\/instytutpolski.pl\/kyiv\/"},{"@type":"ListItem","position":2,"name":"Konkurs im. Jerzego Giedroycia"}]},{"@type":"WebSite","@id":"https:\/\/instytutpolski.pl\/kyiv\/#website","url":"https:\/\/instytutpolski.pl\/kyiv\/","name":"Instytut Polski w Kijowie","description":"Instytuty Polskie","potentialAction":[{"@type":"SearchAction","target":{"@type":"EntryPoint","urlTemplate":"https:\/\/instytutpolski.pl\/kyiv\/?s={search_term_string}"},"query-input":{"@type":"PropertyValueSpecification","valueRequired":true,"valueName":"search_term_string"}}],"inLanguage":"pl-PL"}]}},"_links":{"self":[{"href":"https:\/\/instytutpolski.pl\/kyiv\/wp-json\/wp\/v2\/pages\/15489","targetHints":{"allow":["GET"]}}],"collection":[{"href":"https:\/\/instytutpolski.pl\/kyiv\/wp-json\/wp\/v2\/pages"}],"about":[{"href":"https:\/\/instytutpolski.pl\/kyiv\/wp-json\/wp\/v2\/types\/page"}],"author":[{"embeddable":true,"href":"https:\/\/instytutpolski.pl\/kyiv\/wp-json\/wp\/v2\/users\/201"}],"replies":[{"embeddable":true,"href":"https:\/\/instytutpolski.pl\/kyiv\/wp-json\/wp\/v2\/comments?post=15489"}],"version-history":[{"count":2,"href":"https:\/\/instytutpolski.pl\/kyiv\/wp-json\/wp\/v2\/pages\/15489\/revisions"}],"predecessor-version":[{"id":15493,"href":"https:\/\/instytutpolski.pl\/kyiv\/wp-json\/wp\/v2\/pages\/15489\/revisions\/15493"}],"wp:attachment":[{"href":"https:\/\/instytutpolski.pl\/kyiv\/wp-json\/wp\/v2\/media?parent=15489"}],"curies":[{"name":"wp","href":"https:\/\/api.w.org\/{rel}","templated":true}]}}