{"id":221,"date":"2019-06-07T11:03:17","date_gmt":"2019-06-07T09:03:17","guid":{"rendered":"https:\/\/instytutpolski.pl\/kijow\/?page_id=221"},"modified":"2019-06-07T11:03:18","modified_gmt":"2019-06-07T09:03:18","slug":"scholarships","status":"publish","type":"page","link":"https:\/\/instytutpolski.pl\/kyiv\/en\/scholarships\/","title":{"rendered":"Scholarships"},"content":{"rendered":"\n<div class=\"wp-block-image\"><figure class=\"alignleft\"><img decoding=\"async\" src=\"http:\/\/www.polinst.kyiv.ua\/storage\/in.jpg\" alt=\"\" \/><\/figure><\/div>\n\n\n\n<p>20th edition of&nbsp;<strong><a href=\"http:\/\/mck.krakow.pl\/about-the-programme\" target=\"_blank\" rel=\"noreferrer noopener\">Thesaurus Poloniae<\/a><\/strong>&nbsp;fellowship programme<br><\/p>\n\n\n\n<p>Municipal scholarship program of the Mayor of Lublin&nbsp;<strong><a href=\"http:\/\/www.study.lublin.eu\/en\/scholarships\" target=\"_blank\" rel=\"noreferrer noopener\">STUDY IN LUBLIN<\/a><\/strong><br><\/p>\n\n\n\n<p>Recruitment open to the&nbsp;<strong><a href=\"https:\/\/www.coleurope.eu\/\" target=\"_blank\" rel=\"noreferrer noopener\">College of Europe \u2013 Scholarships for the best Polish candidates offered by the Ministry of Foreign Affairs of Poland<\/a><\/strong><\/p>\n\n\n\n<h2 class=\"wp-block-heading\"><strong>ARCHIVE INFORMATION<\/strong><\/h2>\n\n\n\n<figure class=\"wp-block-image\"><img decoding=\"async\" src=\"http:\/\/www.polinst.kiev.ua\/storage\/fla.jpg\" alt=\"\" \/><\/figure>\n\n\n\n<ul class=\"wp-block-list\"><li>Scholarship Program of the Government of the Republic of Poland for Young Academicians.&nbsp;<strong><a href=\"http:\/\/english.studium.uw.edu.pl\/scholarship-programs\/recruitment-for-the-scholarship-program-for-young-scholars\/\" target=\"_blank\" rel=\"noreferrer noopener\">The application deadline is April 12, 2018 &gt;&gt;<\/a><\/strong><\/li><li>University of Economics and Innovation in Lublin. Study English for free.&nbsp;<strong>How to apply &#8211; step by step&gt;&gt;<\/strong>&nbsp;<a href=\"http:\/\/rekrutacja.wsei.lublin.pl\/en\/study-english-for-free\/how-to-apply\/\" target=\"_blank\" rel=\"noreferrer noopener\">http:\/\/rekrutacja.wsei.lublin.pl\/en\/study-english-for-free\/how-to-apply\/<\/a><\/li><li>Scholarship for&nbsp;<strong><a href=\"http:\/\/english.studium.uw.edu.pl\/scholarship-programs\/recruitment-for-scholarship-for-eastern-studies\/\" target=\"_blank\" rel=\"noreferrer noopener\">Eastern Studies UW &gt;&gt;<\/a><\/strong><\/li><\/ul>\n\n\n\n<ul class=\"wp-block-list\"><li><strong><a href=\"http:\/\/www.polinst.kyiv.ua\/storage\/stypendium-skubiszewskiego2017.pdf\" target=\"_blank\" rel=\"noreferrer noopener\">THE KRZYSZTOF SKUBISZEWSKI SCHOLARSHIP AND RESEARCH GRANT 2017<\/a><\/strong><\/li><\/ul>\n\n\n\n<p>The scholarship holder will be given the opportunity to conduct academic research in Poland during the 2017\/2018 academic year in collaboration with the University of Warsaw or with another Polish university, in the field of law, political science or contemporary history. The goal of the scholarship is to promote democracy, human rights, the rule of law, and the respect of law in international relations.<\/p>\n\n\n\n<p>The applications must be received no later than April 13, 2017.<a href=\"http:\/\/www.polinst.kyiv.ua\/storage\/stypendium-skubiszewskiego2017.pdf\" target=\"_blank\" rel=\"noreferrer noopener\">Detailed information about the scholarship and the research grant&gt;&gt;<\/a><\/p>\n\n\n\n<ul class=\"wp-block-list\"><li><strong><a href=\"http:\/\/www.polinst.kyiv.ua\/storage\/scholarship_program_for_young_academicians_2017-2018.doc\" target=\"_blank\" rel=\"noreferrer noopener\">Scholarship Program of the Government of the Republic of Poland for Young Academicians. The application deadline is 1st&nbsp; March &nbsp;2017 &gt;&gt;<\/a><\/strong><\/li><\/ul>\n\n\n\n<ul class=\"wp-block-list\"><li><strong><a href=\"http:\/\/www.polinst.kiev.ua\/storage\/skubiszewski-scholarship2016-poster-en.pdf\" target=\"_blank\" rel=\"noreferrer noopener\">THE KRZYSZTOF SKUBISZEWSKI SCHOLARSHIP AND RESEARCH GRANT 2016<\/a><\/strong><\/li><\/ul>\n\n\n\n<p>The scholarship holder will be given the opportunity to conduct academic research in Poland during the 2016\/2017 academic year in collaboration with the University of Warsaw or with another Polish university, in the field of law, political science or contemporary history. The goal of the scholarship is to promote democracy, human rights, the rule of law, and the respect of law in international relations.<\/p>\n\n\n\n<p>The applications must be received no later than April 12, 2016.&nbsp;<a href=\"http:\/\/www.polinst.kiev.ua\/storage\/skubiszewski-scholarship2016-poster-en.pdf\" target=\"_blank\" rel=\"noreferrer noopener\">Detailed information about the scholarship and the research grant&gt;&gt;<\/a><br><\/p>\n\n\n\n<ul class=\"wp-block-list\"><li><strong><a href=\"http:\/\/mck.krakow.pl\/about-the-programme\" target=\"_blank\" rel=\"noreferrer noopener\">Thesaurus Poloniae<\/a><\/strong><\/li><li><strong><a href=\"http:\/\/www.polinst.kyiv.ua\/storage\/kirkland_program_-_info_eng.pdf\" target=\"_blank\" rel=\"noreferrer noopener\">THE LANE KIRKLAND SCHOLARSHIPS in the 2015-16 academic year<\/a><\/strong><\/li><\/ul>\n\n\n\n<p><a href=\"http:\/\/www.polinst.kyiv.ua\/storage\/kirkland_program_-_info_eng.pdf\" target=\"_blank\" rel=\"noreferrer noopener\">Polish-American Freedom Foundation Founder of the Program and Education for Democracy Foundation Program Administrator announce an open competition for candidates from Ukraine, Belarus, Russia, as well as Moldova, Georgia, Armenia, Azerbaijan, Kazakhstan and Kyrgyz Republic for THE LANE KIRKLAND SCHOLARSHIPS in the 2015-16 academic year<\/a><\/p>\n\n\n\n<ul class=\"wp-block-list\"><li><a href=\"http:\/\/www.nauka.gov.pl\/en\/polish-science-news\/polish-erasmus-for-ukraine.html\" target=\"_blank\" rel=\"noreferrer noopener\"><strong>Polish Erasmus for Ukraine<\/strong><\/a><\/li><\/ul>\n\n\n\n<p><a href=\"http:\/\/www.nauka.gov.pl\/en\/polish-science-news\/polish-erasmus-for-ukraine.html\" target=\"_blank\" rel=\"noreferrer noopener\">One hundred scholarships for Ukrainians who live in the areas of military activities are still available this year, and a further four hundred will be available for Ukrainian students in 2015 \u2013 this is what is proposed as aid by the Polish government for students from Ukraine.<\/a><\/p>\n\n\n\n<p><strong>Current programs:<\/strong><\/p>\n\n\n\n<ul class=\"wp-block-list\"><li><strong>Krzysztof Skubiszewski scholarship<\/strong>&nbsp;2011\/2012 \u2013 for applicants with higher education and candidate of sciences degree (or with significant scientific achievements). Fields \u2013 law, political science, contemporary history. Deadline for applications &#8211;&nbsp;<strong>31 March 2011<\/strong>.&nbsp;<a href=\"http:\/\/www.polinst.kyiv.ua\/storage\/file\/spl.pdf\" target=\"_blank\" rel=\"noreferrer noopener\">More<\/a><\/li><li>25 scholarships &#8211;&nbsp;<strong>2-year specialized studies of Eastern Europe<\/strong>&nbsp;(Warsaw University)&nbsp;<br>Deadline for applications &#8211;&nbsp;<strong>15 March 2011<\/strong>.<a href=\"http:\/\/www.studium.uw.edu.pl\/_filez\/file\/25%20stypendiow%20text%202011%20PL.pdf\" target=\"_blank\" rel=\"noreferrer noopener\">&nbsp;More<\/a><\/li><li><strong>Polish Government scholarships&nbsp;<\/strong>2011\/2012 for young scientists&nbsp;<br>Deadline for applications &#8211;&nbsp;<strong>15 March 2011<\/strong>.<a href=\"http:\/\/www.studium.uw.edu.pl\/_filez\/file\/Program%20stypendialny%20dla%20Mlodych%20Naukowcow_2011%20PL.pdf\" target=\"_blank\" rel=\"noreferrer noopener\">&nbsp;More<\/a><\/li><li><strong>Thesaurus Poloniae<\/strong>&nbsp;&#8211;&nbsp; three-months scholarship program of the Ministry of Culture and National Heritage of Poland, &nbsp;1 enrolment &#8211;&nbsp;<strong>15 January-28 February<\/strong>, 2 enrolment &#8211;<strong>15 May-30 June.&nbsp;<\/strong><a href=\"http:\/\/www.polinst.kyiv.ua\/storage\/file\/spl.pdf\" target=\"_blank\" rel=\"noreferrer noopener\">More<\/a><\/li><li>Application for the professor<strong>&nbsp;Stanislaw Tolpa scholarship&nbsp;<\/strong>in the academic year 2014\/2015&nbsp;<a href=\"http:\/\/www.polinst.kyiv.ua\/storage\/2014_styp.stud.im.st.topy.pdf\" target=\"_blank\" rel=\"noreferrer noopener\">More<\/a><\/li><\/ul>\n\n\n\n<hr class=\"wp-block-separator\" \/>\n\n\n\n<ul class=\"wp-block-list\"><li><a href=\"http:\/\/www.studyinpoland.pl\/\" target=\"_blank\" rel=\"noreferrer noopener\"><strong>English-language&nbsp;portal<\/strong>&nbsp;about study in Poland<\/a><\/li><li><a href=\"http:\/\/www.stypendyst.pl\/login.php\" target=\"_blank\" rel=\"noreferrer noopener\"><strong>Ukrainian-language&nbsp;portal<\/strong>&nbsp;about study in Poland<br><\/a><\/li><\/ul>\n\n\n\n<p><strong>Scholarships for students<\/strong><\/p>\n\n\n\n<ul class=\"wp-block-list\"><li><strong>Study placement in Poland<\/strong>&nbsp;for students from Ukraine, Belarus and Russian Federation (Kaliningrad oblast)<\/li><\/ul>\n\n\n\n<p>Polish-American Freedom Foundation, Borussia Foundation, Jan Nowak-Jezioranski Eastern Europe Collegium and &#8222;Education for democracy&#8221; Foundation invite active students from Belarus, Ukraine and Russian Federation (Kaliningrad and Leningrad oblasts) on study tours to Poland lasting several days.<\/p>\n\n\n\n<p>During their several days of intensive stay in Poland organized by Polish non-governmental institutions, the participants will have the possibility to familiarize themselves with academic environments and non-governmental institutions, meet with leaders of Polish public life, participate in lectures, trainings, seminars, and cultural events.<\/p>\n\n\n\n<p>The program envisages compensation of expenses for living in Poland for the participants, in particular: accommodation, food, pocket expenses, travelling expenses, and assistance in obtaining the Polish visas.<\/p>\n\n\n\n<p>Command of the Polish language is not required for participation in the program. Application form and detailed information about the initiative \u00abStudy Tours to Poland\u00bb 2008 can be found on the web site &#8211;&nbsp;<a href=\"http:\/\/www.studytours.pl\/\" target=\"_blank\" rel=\"noreferrer noopener\">http:\/\/www.studytours.pl\/<\/a>, or obtained by e-mail:&nbsp;<a href=\"mailto:nabor@studytours.pl\" target=\"_blank\" rel=\"noreferrer noopener\">nabor@studytours.pl<\/a><\/p>\n\n\n\n<ul class=\"wp-block-list\"><li>Project&nbsp;&nbsp;<a href=\"http:\/\/www.study-in-wroclaw.pl\/\" target=\"_blank\" rel=\"noreferrer noopener\">\u201eTeraz&nbsp;&nbsp;Wroc\u0142aw&#8221;<\/a>: Wroc\u0142aw invites to study and work<\/li><li><a href=\"http:\/\/www.visegradfund.org\/\" target=\"_blank\" rel=\"noreferrer noopener\">International Visegrad Fund<\/a>&nbsp;<\/li><li>Stanis\u0142aw To\u0142pa Scholarship of the Wroc\u0142aw University of Environmental and Life Sciences for Ukrainians of Polish descent.&nbsp;<a href=\"http:\/\/www.polinst.kyiv.ua\/storage\/file\/konsul.doc\" target=\"_blank\" rel=\"noreferrer noopener\">More<\/a><\/li><li><a href=\"http:\/\/www.kirkland.edu.pl\/\" target=\"_blank\" rel=\"noreferrer noopener\">Lane Kirkland<\/a>&nbsp;scholarship program<\/li><li><a href=\"http:\/\/www.stypendium.org\/\" target=\"_blank\" rel=\"noreferrer noopener\">Stanis\u0142aw Grabski<\/a>&nbsp;scholarship program<\/li><li><a href=\"http:\/\/www.villa.org.pl\/p_stypendialny_dagny.php\" target=\"_blank\" rel=\"noreferrer noopener\">Literary scholarship programs of 2011<\/a>&nbsp;Willa Decjusza<\/li><\/ul>\n\n\n\n<p><strong>Creative scholarships<\/strong><\/p>\n\n\n\n<ul class=\"wp-block-list\"><li>Scholarship programs of the Centre<a href=\"http:\/\/villa.org.pl\/villa\/en\" target=\"_blank\" rel=\"noreferrer noopener\">&nbsp;&#8222;Willa Decjusza&#8221;<\/a><\/li><\/ul>\n\n\n\n<div class=\"wp-block-file\"><a href=\"https:\/\/instytutpolski.pl\/kijow\/wp-content\/uploads\/sites\/19\/2019\/06\/enp_admission_flyer2011-12.pdf\"> <a href=\"http:\/\/www.polinst.kyiv.ua\/storage\/enp_admission_flyer2011-12.pdf\">European Neighbourhood Policy<\/a> <\/a><a href=\"https:\/\/instytutpolski.pl\/kijow\/wp-content\/uploads\/sites\/19\/2019\/06\/enp_admission_flyer2011-12.pdf\" class=\"wp-block-file__button\" download>Download<\/a><\/div>\n","protected":false},"excerpt":{"rendered":"<p>20th edition of&nbsp;Thesaurus Poloniae&nbsp;fellowship programme Municipal scholarship program of the Mayor of Lublin&nbsp;STUDY IN LUBLIN Recruitment open to the&nbsp;College of Europe \u2013 Scholarships for the best Polish candidates offered by the Ministry of Foreign Affairs of Poland ARCHIVE INFORMATION Scholarship Program of the Government of the Republic of Poland for Young Academicians.&nbsp;The application deadline is [&hellip;]<\/p>\n","protected":false},"author":8,"featured_media":0,"parent":0,"menu_order":0,"comment_status":"closed","ping_status":"closed","template":"","meta":{"inline_featured_image":false,"_monsterinsights_skip_tracking":false,"_monsterinsights_sitenote_active":false,"_monsterinsights_sitenote_note":"","_monsterinsights_sitenote_category":0,"footnotes":""},"class_list":["post-221","page","type-page","status-publish","hentry"],"yoast_head":"<!-- This site is optimized with the Yoast SEO plugin v24.6 - https:\/\/yoast.com\/wordpress\/plugins\/seo\/ -->\n<title>Scholarships - Instytut Polski w Kijowie<\/title>\n<meta name=\"robots\" content=\"index, follow, max-snippet:-1, max-image-preview:large, max-video-preview:-1\" \/>\n<link rel=\"canonical\" href=\"https:\/\/instytutpolski.pl\/kyiv\/en\/scholarships\/\" \/>\n<meta property=\"og:locale\" content=\"pl_PL\" \/>\n<meta property=\"og:type\" content=\"article\" \/>\n<meta property=\"og:title\" content=\"Scholarships - Instytut Polski w Kijowie\" \/>\n<meta property=\"og:description\" content=\"20th edition of&nbsp;Thesaurus Poloniae&nbsp;fellowship programme Municipal scholarship program of the Mayor of Lublin&nbsp;STUDY IN LUBLIN Recruitment open to the&nbsp;College of Europe \u2013 Scholarships for the best Polish candidates offered by the Ministry of Foreign Affairs of Poland ARCHIVE INFORMATION Scholarship Program of the Government of the Republic of Poland for Young Academicians.&nbsp;The application deadline is [&hellip;]\" \/>\n<meta property=\"og:url\" content=\"https:\/\/instytutpolski.pl\/kyiv\/en\/scholarships\/\" \/>\n<meta property=\"og:site_name\" content=\"Instytut Polski w Kijowie\" \/>\n<meta property=\"article:modified_time\" content=\"2019-06-07T09:03:18+00:00\" \/>\n<meta property=\"og:image\" content=\"http:\/\/www.polinst.kyiv.ua\/storage\/in.jpg\" \/>\n<meta name=\"twitter:card\" content=\"summary_large_image\" \/>\n<meta name=\"twitter:label1\" content=\"Szacowany czas czytania\" \/>\n\t<meta name=\"twitter:data1\" content=\"4 minuty\" \/>\n<script type=\"application\/ld+json\" class=\"yoast-schema-graph\">{\"@context\":\"https:\/\/schema.org\",\"@graph\":[{\"@type\":\"WebPage\",\"@id\":\"https:\/\/instytutpolski.pl\/kyiv\/en\/scholarships\/\",\"url\":\"https:\/\/instytutpolski.pl\/kyiv\/en\/scholarships\/\",\"name\":\"Scholarships - Instytut Polski w Kijowie\",\"isPartOf\":{\"@id\":\"https:\/\/instytutpolski.pl\/kyiv\/#website\"},\"primaryImageOfPage\":{\"@id\":\"https:\/\/instytutpolski.pl\/kyiv\/en\/scholarships\/#primaryimage\"},\"image\":{\"@id\":\"https:\/\/instytutpolski.pl\/kyiv\/en\/scholarships\/#primaryimage\"},\"thumbnailUrl\":\"http:\/\/www.polinst.kyiv.ua\/storage\/in.jpg\",\"datePublished\":\"2019-06-07T09:03:17+00:00\",\"dateModified\":\"2019-06-07T09:03:18+00:00\",\"breadcrumb\":{\"@id\":\"https:\/\/instytutpolski.pl\/kyiv\/en\/scholarships\/#breadcrumb\"},\"inLanguage\":\"pl-PL\",\"potentialAction\":[{\"@type\":\"ReadAction\",\"target\":[\"https:\/\/instytutpolski.pl\/kyiv\/en\/scholarships\/\"]}]},{\"@type\":\"ImageObject\",\"inLanguage\":\"pl-PL\",\"@id\":\"https:\/\/instytutpolski.pl\/kyiv\/en\/scholarships\/#primaryimage\",\"url\":\"http:\/\/www.polinst.kyiv.ua\/storage\/in.jpg\",\"contentUrl\":\"http:\/\/www.polinst.kyiv.ua\/storage\/in.jpg\"},{\"@type\":\"BreadcrumbList\",\"@id\":\"https:\/\/instytutpolski.pl\/kyiv\/en\/scholarships\/#breadcrumb\",\"itemListElement\":[{\"@type\":\"ListItem\",\"position\":1,\"name\":\"Home\",\"item\":\"https:\/\/instytutpolski.pl\/kyiv\/\"},{\"@type\":\"ListItem\",\"position\":2,\"name\":\"Scholarships\"}]},{\"@type\":\"WebSite\",\"@id\":\"https:\/\/instytutpolski.pl\/kyiv\/#website\",\"url\":\"https:\/\/instytutpolski.pl\/kyiv\/\",\"name\":\"Instytut Polski w Kijowie\",\"description\":\"Instytuty Polskie\",\"potentialAction\":[{\"@type\":\"SearchAction\",\"target\":{\"@type\":\"EntryPoint\",\"urlTemplate\":\"https:\/\/instytutpolski.pl\/kyiv\/?s={search_term_string}\"},\"query-input\":{\"@type\":\"PropertyValueSpecification\",\"valueRequired\":true,\"valueName\":\"search_term_string\"}}],\"inLanguage\":\"pl-PL\"}]}<\/script>\n<!-- \/ Yoast SEO plugin. -->","yoast_head_json":{"title":"Scholarships - Instytut Polski w Kijowie","robots":{"index":"index","follow":"follow","max-snippet":"max-snippet:-1","max-image-preview":"max-image-preview:large","max-video-preview":"max-video-preview:-1"},"canonical":"https:\/\/instytutpolski.pl\/kyiv\/en\/scholarships\/","og_locale":"pl_PL","og_type":"article","og_title":"Scholarships - Instytut Polski w Kijowie","og_description":"20th edition of&nbsp;Thesaurus Poloniae&nbsp;fellowship programme Municipal scholarship program of the Mayor of Lublin&nbsp;STUDY IN LUBLIN Recruitment open to the&nbsp;College of Europe \u2013 Scholarships for the best Polish candidates offered by the Ministry of Foreign Affairs of Poland ARCHIVE INFORMATION Scholarship Program of the Government of the Republic of Poland for Young Academicians.&nbsp;The application deadline is [&hellip;]","og_url":"https:\/\/instytutpolski.pl\/kyiv\/en\/scholarships\/","og_site_name":"Instytut Polski w Kijowie","article_modified_time":"2019-06-07T09:03:18+00:00","og_image":[{"url":"http:\/\/www.polinst.kyiv.ua\/storage\/in.jpg","type":"","width":"","height":""}],"twitter_card":"summary_large_image","twitter_misc":{"Szacowany czas czytania":"4 minuty"},"schema":{"@context":"https:\/\/schema.org","@graph":[{"@type":"WebPage","@id":"https:\/\/instytutpolski.pl\/kyiv\/en\/scholarships\/","url":"https:\/\/instytutpolski.pl\/kyiv\/en\/scholarships\/","name":"Scholarships - Instytut Polski w Kijowie","isPartOf":{"@id":"https:\/\/instytutpolski.pl\/kyiv\/#website"},"primaryImageOfPage":{"@id":"https:\/\/instytutpolski.pl\/kyiv\/en\/scholarships\/#primaryimage"},"image":{"@id":"https:\/\/instytutpolski.pl\/kyiv\/en\/scholarships\/#primaryimage"},"thumbnailUrl":"http:\/\/www.polinst.kyiv.ua\/storage\/in.jpg","datePublished":"2019-06-07T09:03:17+00:00","dateModified":"2019-06-07T09:03:18+00:00","breadcrumb":{"@id":"https:\/\/instytutpolski.pl\/kyiv\/en\/scholarships\/#breadcrumb"},"inLanguage":"pl-PL","potentialAction":[{"@type":"ReadAction","target":["https:\/\/instytutpolski.pl\/kyiv\/en\/scholarships\/"]}]},{"@type":"ImageObject","inLanguage":"pl-PL","@id":"https:\/\/instytutpolski.pl\/kyiv\/en\/scholarships\/#primaryimage","url":"http:\/\/www.polinst.kyiv.ua\/storage\/in.jpg","contentUrl":"http:\/\/www.polinst.kyiv.ua\/storage\/in.jpg"},{"@type":"BreadcrumbList","@id":"https:\/\/instytutpolski.pl\/kyiv\/en\/scholarships\/#breadcrumb","itemListElement":[{"@type":"ListItem","position":1,"name":"Home","item":"https:\/\/instytutpolski.pl\/kyiv\/"},{"@type":"ListItem","position":2,"name":"Scholarships"}]},{"@type":"WebSite","@id":"https:\/\/instytutpolski.pl\/kyiv\/#website","url":"https:\/\/instytutpolski.pl\/kyiv\/","name":"Instytut Polski w Kijowie","description":"Instytuty Polskie","potentialAction":[{"@type":"SearchAction","target":{"@type":"EntryPoint","urlTemplate":"https:\/\/instytutpolski.pl\/kyiv\/?s={search_term_string}"},"query-input":{"@type":"PropertyValueSpecification","valueRequired":true,"valueName":"search_term_string"}}],"inLanguage":"pl-PL"}]}},"_links":{"self":[{"href":"https:\/\/instytutpolski.pl\/kyiv\/wp-json\/wp\/v2\/pages\/221","targetHints":{"allow":["GET"]}}],"collection":[{"href":"https:\/\/instytutpolski.pl\/kyiv\/wp-json\/wp\/v2\/pages"}],"about":[{"href":"https:\/\/instytutpolski.pl\/kyiv\/wp-json\/wp\/v2\/types\/page"}],"author":[{"embeddable":true,"href":"https:\/\/instytutpolski.pl\/kyiv\/wp-json\/wp\/v2\/users\/8"}],"replies":[{"embeddable":true,"href":"https:\/\/instytutpolski.pl\/kyiv\/wp-json\/wp\/v2\/comments?post=221"}],"version-history":[{"count":1,"href":"https:\/\/instytutpolski.pl\/kyiv\/wp-json\/wp\/v2\/pages\/221\/revisions"}],"predecessor-version":[{"id":223,"href":"https:\/\/instytutpolski.pl\/kyiv\/wp-json\/wp\/v2\/pages\/221\/revisions\/223"}],"wp:attachment":[{"href":"https:\/\/instytutpolski.pl\/kyiv\/wp-json\/wp\/v2\/media?parent=221"}],"curies":[{"name":"wp","href":"https:\/\/api.w.org\/{rel}","templated":true}]}}