{"version":"1.0","provider_name":"Instytut Polski w Lipsku","provider_url":"https:\/\/instytutpolski.pl\/leipzig","author_name":"Rainer Mende","author_url":"https:\/\/instytutpolski.pl\/leipzig\/author\/mender\/","title":"30 Jahre Zusammenarbeit in der Visegr\u00e1d-Gruppe - Instytut Polski w Lipsku","type":"rich","width":600,"height":338,"html":"<blockquote class=\"wp-embedded-content\" data-secret=\"7X9hyujQKj\"><a href=\"https:\/\/instytutpolski.pl\/leipzig\/2021\/02\/15\/30-jahre-visegrad-gruppe\/\">30 Jahre Zusammenarbeit in der Visegr\u00e1d-Gruppe<\/a><\/blockquote><iframe sandbox=\"allow-scripts\" security=\"restricted\" src=\"https:\/\/instytutpolski.pl\/leipzig\/2021\/02\/15\/30-jahre-visegrad-gruppe\/embed\/#?secret=7X9hyujQKj\" width=\"600\" height=\"338\" title=\"&#8222;30 Jahre Zusammenarbeit in der Visegr\u00e1d-Gruppe&#8221; &#8212; Instytut Polski w Lipsku\" data-secret=\"7X9hyujQKj\" frameborder=\"0\" marginwidth=\"0\" marginheight=\"0\" scrolling=\"no\" class=\"wp-embedded-content\"><\/iframe><script type=\"text\/javascript\">\n\/* <![CDATA[ *\/\n\/*! This file is auto-generated *\/\n!function(d,l){\"use strict\";l.querySelector&&d.addEventListener&&\"undefined\"!=typeof URL&&(d.wp=d.wp||{},d.wp.receiveEmbedMessage||(d.wp.receiveEmbedMessage=function(e){var t=e.data;if((t||t.secret||t.message||t.value)&&!\/[^a-zA-Z0-9]\/.test(t.secret)){for(var s,r,n,a=l.querySelectorAll('iframe[data-secret=\"'+t.secret+'\"]'),o=l.querySelectorAll('blockquote[data-secret=\"'+t.secret+'\"]'),c=new RegExp(\"^https?:$\",\"i\"),i=0;i<o.length;i++)o[i].style.display=\"none\";for(i=0;i<a.length;i++)s=a[i],e.source===s.contentWindow&&(s.removeAttribute(\"style\"),\"height\"===t.message?(1e3<(r=parseInt(t.value,10))?r=1e3:~~r<200&&(r=200),s.height=r):\"link\"===t.message&&(r=new URL(s.getAttribute(\"src\")),n=new URL(t.value),c.test(n.protocol))&&n.host===r.host&&l.activeElement===s&&(d.top.location.href=t.value))}},d.addEventListener(\"message\",d.wp.receiveEmbedMessage,!1),l.addEventListener(\"DOMContentLoaded\",function(){for(var e,t,s=l.querySelectorAll(\"iframe.wp-embedded-content\"),r=0;r<s.length;r++)(t=(e=s[r]).getAttribute(\"data-secret\"))||(t=Math.random().toString(36).substring(2,12),e.src+=\"#?secret=\"+t,e.setAttribute(\"data-secret\",t)),e.contentWindow.postMessage({message:\"ready\",secret:t},\"*\")},!1)))}(window,document);\n\/* ]]> *\/\n<\/script>\n","thumbnail_url":"https:\/\/instytutpolski.pl\/leipzig\/wp-content\/uploads\/sites\/29\/2021\/02\/2020-02-15-PressPOLSKA-30-lat-V4-Grafik.jpg","thumbnail_width":1900,"thumbnail_height":802,"description":"Vor 30 Jahren, am 15. Februar 1991, unterzeichneten die Pr\u00e4sidenten Polens und der Tschechoslowakei sowie der der Premierminister Ungarns auf dem Schloss von Visegr\u00e1d (Ungarn) die \u201eErkl\u00e4rung der Tschechischen und Slowakischen F\u00f6derativen Republik, der Republik Polen und der Republik Ungarn \u00fcber die Zusammenarbeit beim Streben nach europ\u00e4ischer Integration\u201c. Diese Erkl\u00e4rung definierte den politischen Rahmen f\u00fcr [&hellip;]"}

30 Jahre Zusammenarbeit in der Visegrád-Gruppe - Instytut Polski w Lipsku

<blockquote class="wp-embedded-content" data-secret="7X9hyujQKj"><a href="https://instytutpolski.pl/leipzig/2021/02/15/30-jahre-visegrad-gruppe/">30 Jahre Zusammenarbeit in der Visegrád-Gruppe</a></blockquote><iframe sandbox="allow-scripts" security="restricted" src="https://instytutpolski.pl/leipzig/2021/02/15/30-jahre-visegrad-gruppe/embed/#?secret=7X9hyujQKj" width="600" height="338" title="&#8222;30 Jahre Zusammenarbeit in der Visegrád-Gruppe&#8221; &#8212; Instytut Polski w Lipsku" data-secret="7X9hyujQKj" frameborder="0" marginwidth="0" marginheight="0" scrolling="no" class="wp-embedded-content"></iframe><script type="text/javascript">
/* <![CDATA[ */
/*! This file is auto-generated */
!function(d,l){"use strict";l.querySelector&&d.addEventListener&&"undefined"!=typeof URL&&(d.wp=d.wp||{},d.wp.receiveEmbedMessage||(d.wp.receiveEmbedMessage=function(e){var t=e.data;if((t||t.secret||t.message||t.value)&&!/[^a-zA-Z0-9]/.test(t.secret)){for(var s,r,n,a=l.querySelectorAll('iframe[data-secret="'+t.secret+'"]'),o=l.querySelectorAll('blockquote[data-secret="'+t.secret+'"]'),c=new RegExp("^https?:$","i"),i=0;i<o.length;i++)o[i].style.display="none";for(i=0;i<a.length;i++)s=a[i],e.source===s.contentWindow&&(s.removeAttribute("style"),"height"===t.message?(1e3<(r=parseInt(t.value,10))?r=1e3:~~r<200&&(r=200),s.height=r):"link"===t.message&&(r=new URL(s.getAttribute("src")),n=new URL(t.value),c.test(n.protocol))&&n.host===r.host&&l.activeElement===s&&(d.top.location.href=t.value))}},d.addEventListener("message",d.wp.receiveEmbedMessage,!1),l.addEventListener("DOMContentLoaded",function(){for(var e,t,s=l.querySelectorAll("iframe.wp-embedded-content"),r=0;r<s.length;r++)(t=(e=s[r]).getAttribute("data-secret"))||(t=Math.random().toString(36).substring(2,12),e.src+="#?secret="+t,e.setAttribute("data-secret",t)),e.contentWindow.postMessage({message:"ready",secret:t},"*")},!1)))}(window,document);
/* ]]> */
</script>

Vor 30 Jahren, am 15. Februar 1991, unterzeichneten die Präsidenten Polens und der Tschechoslowakei sowie der der Premierminister Ungarns auf dem Schloss von Visegrád (Ungarn) die „Erklärung der Tschechischen und Slowakischen Föderativen Republik, der Republik Polen und der Republik Ungarn über die Zusammenarbeit beim Streben nach europäischer Integration“. Diese Erklärung definierte den politischen Rahmen für [&hellip;]
