{"version":"1.0","provider_name":"Instytut Polski w Lipsku","provider_url":"https:\/\/instytutpolski.pl\/leipzig","author_name":"Rainer Mende","author_url":"https:\/\/instytutpolski.pl\/leipzig\/author\/mender\/","title":"Iwano-Frankiwsk \u2026 zurzeit Leipzig - Instytut Polski w Lipsku","type":"rich","width":600,"height":338,"html":"<blockquote class=\"wp-embedded-content\" data-secret=\"gFyPLGsm7K\"><a href=\"https:\/\/instytutpolski.pl\/leipzig\/2022\/03\/08\/iwano-frankiwsk-zurzeit-leipzig\/\">Iwano-Frankiwsk \u2026 zurzeit Leipzig<\/a><\/blockquote><iframe sandbox=\"allow-scripts\" security=\"restricted\" src=\"https:\/\/instytutpolski.pl\/leipzig\/2022\/03\/08\/iwano-frankiwsk-zurzeit-leipzig\/embed\/#?secret=gFyPLGsm7K\" width=\"600\" height=\"338\" title=\"&#8222;Iwano-Frankiwsk \u2026 zurzeit Leipzig&#8221; &#8212; Instytut Polski w Lipsku\" data-secret=\"gFyPLGsm7K\" frameborder=\"0\" marginwidth=\"0\" marginheight=\"0\" scrolling=\"no\" class=\"wp-embedded-content\"><\/iframe><script type=\"text\/javascript\">\n\/* <![CDATA[ *\/\n\/*! This file is auto-generated *\/\n!function(d,l){\"use strict\";l.querySelector&&d.addEventListener&&\"undefined\"!=typeof URL&&(d.wp=d.wp||{},d.wp.receiveEmbedMessage||(d.wp.receiveEmbedMessage=function(e){var t=e.data;if((t||t.secret||t.message||t.value)&&!\/[^a-zA-Z0-9]\/.test(t.secret)){for(var s,r,n,a=l.querySelectorAll('iframe[data-secret=\"'+t.secret+'\"]'),o=l.querySelectorAll('blockquote[data-secret=\"'+t.secret+'\"]'),c=new RegExp(\"^https?:$\",\"i\"),i=0;i<o.length;i++)o[i].style.display=\"none\";for(i=0;i<a.length;i++)s=a[i],e.source===s.contentWindow&&(s.removeAttribute(\"style\"),\"height\"===t.message?(1e3<(r=parseInt(t.value,10))?r=1e3:~~r<200&&(r=200),s.height=r):\"link\"===t.message&&(r=new URL(s.getAttribute(\"src\")),n=new URL(t.value),c.test(n.protocol))&&n.host===r.host&&l.activeElement===s&&(d.top.location.href=t.value))}},d.addEventListener(\"message\",d.wp.receiveEmbedMessage,!1),l.addEventListener(\"DOMContentLoaded\",function(){for(var e,t,s=l.querySelectorAll(\"iframe.wp-embedded-content\"),r=0;r<s.length;r++)(t=(e=s[r]).getAttribute(\"data-secret\"))||(t=Math.random().toString(36).substring(2,12),e.src+=\"#?secret=\"+t,e.setAttribute(\"data-secret\",t)),e.contentWindow.postMessage({message:\"ready\",secret:t},\"*\")},!1)))}(window,document);\n\/* ]]> *\/\n<\/script>\n","thumbnail_url":"https:\/\/instytutpolski.pl\/leipzig\/wp-content\/uploads\/sites\/29\/2022\/02\/2023-02-21-LITERATUR-Khrystyna-Kozlovska-Grafik.jpg","thumbnail_width":1440,"thumbnail_height":720,"description":"Im Rahmen der Ausstellung \u201eUkraine. Krieg in Europa\u201c #SolidarityWithUkraine Begr\u00fc\u00dfung: Bernd Karwen (Polnisches Institut)Moderation &amp; Dolmetschen: Yuliya Komarynets (Universit\u00e4t Leipzig) Bereits 2014 flohen viele Ukrainer*innen vor dem russischen Krieg aus dem Osten der Ukraine. 2022 verlie\u00dfen nach dem brutalen russischen Gro\u00dfangriff noch wesentlich mehr Menschen das Land \u2013 sch\u00e4tzungsweise acht Millionen. Sehr viele von ihnen [&hellip;]"}

Im Rahmen der Ausstellung „Ukraine. Krieg in Europa“ #SolidarityWithUkraine Begrüßung: Bernd Karwen (Polnisches Institut)Moderation &amp; Dolmetschen: Yuliya Komarynets (Universität Leipzig) Bereits 2014 flohen viele Ukrainer*innen vor dem russischen Krieg aus dem Osten der Ukraine. 2022 verließen nach dem brutalen russischen Großangriff noch wesentlich mehr Menschen das Land – schätzungsweise acht Millionen. Sehr viele von ihnen [&hellip;]
