{"version":"1.0","provider_name":"Instytut Polski w Lipsku","provider_url":"https:\/\/instytutpolski.pl\/leipzig","author_name":"Rainer Mende","author_url":"https:\/\/instytutpolski.pl\/leipzig\/author\/mender\/","title":"Maj\u00f3wka - Instytut Polski w Lipsku","type":"rich","width":600,"height":338,"html":"<blockquote class=\"wp-embedded-content\" data-secret=\"QMgVXumBtN\"><a href=\"https:\/\/instytutpolski.pl\/leipzig\/2022\/05\/14\/majowka-bautzen-2023\/\">Maj\u00f3wka<\/a><\/blockquote><iframe sandbox=\"allow-scripts\" security=\"restricted\" src=\"https:\/\/instytutpolski.pl\/leipzig\/2022\/05\/14\/majowka-bautzen-2023\/embed\/#?secret=QMgVXumBtN\" width=\"600\" height=\"338\" title=\"&#8222;Maj\u00f3wka&#8221; &#8212; Instytut Polski w Lipsku\" data-secret=\"QMgVXumBtN\" frameborder=\"0\" marginwidth=\"0\" marginheight=\"0\" scrolling=\"no\" class=\"wp-embedded-content\"><\/iframe><script type=\"text\/javascript\">\n\/* <![CDATA[ *\/\n\/*! This file is auto-generated *\/\n!function(d,l){\"use strict\";l.querySelector&&d.addEventListener&&\"undefined\"!=typeof URL&&(d.wp=d.wp||{},d.wp.receiveEmbedMessage||(d.wp.receiveEmbedMessage=function(e){var t=e.data;if((t||t.secret||t.message||t.value)&&!\/[^a-zA-Z0-9]\/.test(t.secret)){for(var s,r,n,a=l.querySelectorAll('iframe[data-secret=\"'+t.secret+'\"]'),o=l.querySelectorAll('blockquote[data-secret=\"'+t.secret+'\"]'),c=new RegExp(\"^https?:$\",\"i\"),i=0;i<o.length;i++)o[i].style.display=\"none\";for(i=0;i<a.length;i++)s=a[i],e.source===s.contentWindow&&(s.removeAttribute(\"style\"),\"height\"===t.message?(1e3<(r=parseInt(t.value,10))?r=1e3:~~r<200&&(r=200),s.height=r):\"link\"===t.message&&(r=new URL(s.getAttribute(\"src\")),n=new URL(t.value),c.test(n.protocol))&&n.host===r.host&&l.activeElement===s&&(d.top.location.href=t.value))}},d.addEventListener(\"message\",d.wp.receiveEmbedMessage,!1),l.addEventListener(\"DOMContentLoaded\",function(){for(var e,t,s=l.querySelectorAll(\"iframe.wp-embedded-content\"),r=0;r<s.length;r++)(t=(e=s[r]).getAttribute(\"data-secret\"))||(t=Math.random().toString(36).substring(2,12),e.src+=\"#?secret=\"+t,e.setAttribute(\"data-secret\",t)),e.contentWindow.postMessage({message:\"ready\",secret:t},\"*\")},!1)))}(window,document);\n\/* ]]> *\/\n<\/script>\n","thumbnail_url":"https:\/\/instytutpolski.pl\/leipzig\/wp-content\/uploads\/sites\/29\/2023\/05\/Bautzen-Pixabay_strona.jpg","thumbnail_width":1920,"thumbnail_height":780,"description":"Die Veranstaltung wird im Beisein des Ersten Beigeordneten des Landkreises Bautzen J\u00f6rg Szewczyk, des B\u00fcrgermeisters der Stadt Bautzen Dr. Robert B\u00f6hmer und des polnischen Konsuls der Botschaft in Berlin Marcin Kr\u00f3l, er\u00f6ffnet. Im Jubil\u00e4umsjahr haben die Organisatoren der Veranstaltung ein vielf\u00e4ltiges Programm vorbereitet. Dazu geh\u00f6ren Auftritte sorbischer, polnischer und ukrainischer K\u00fcnstler. Dar\u00fcber hinaus wird Bernd [&hellip;]"}

Majówka - Instytut Polski w Lipsku

<blockquote class="wp-embedded-content" data-secret="QMgVXumBtN"><a href="https://instytutpolski.pl/leipzig/2022/05/14/majowka-bautzen-2023/">Majówka</a></blockquote><iframe sandbox="allow-scripts" security="restricted" src="https://instytutpolski.pl/leipzig/2022/05/14/majowka-bautzen-2023/embed/#?secret=QMgVXumBtN" width="600" height="338" title="&#8222;Majówka&#8221; &#8212; Instytut Polski w Lipsku" data-secret="QMgVXumBtN" frameborder="0" marginwidth="0" marginheight="0" scrolling="no" class="wp-embedded-content"></iframe><script type="text/javascript">
/* <![CDATA[ */
/*! This file is auto-generated */
!function(d,l){"use strict";l.querySelector&&d.addEventListener&&"undefined"!=typeof URL&&(d.wp=d.wp||{},d.wp.receiveEmbedMessage||(d.wp.receiveEmbedMessage=function(e){var t=e.data;if((t||t.secret||t.message||t.value)&&!/[^a-zA-Z0-9]/.test(t.secret)){for(var s,r,n,a=l.querySelectorAll('iframe[data-secret="'+t.secret+'"]'),o=l.querySelectorAll('blockquote[data-secret="'+t.secret+'"]'),c=new RegExp("^https?:$","i"),i=0;i<o.length;i++)o[i].style.display="none";for(i=0;i<a.length;i++)s=a[i],e.source===s.contentWindow&&(s.removeAttribute("style"),"height"===t.message?(1e3<(r=parseInt(t.value,10))?r=1e3:~~r<200&&(r=200),s.height=r):"link"===t.message&&(r=new URL(s.getAttribute("src")),n=new URL(t.value),c.test(n.protocol))&&n.host===r.host&&l.activeElement===s&&(d.top.location.href=t.value))}},d.addEventListener("message",d.wp.receiveEmbedMessage,!1),l.addEventListener("DOMContentLoaded",function(){for(var e,t,s=l.querySelectorAll("iframe.wp-embedded-content"),r=0;r<s.length;r++)(t=(e=s[r]).getAttribute("data-secret"))||(t=Math.random().toString(36).substring(2,12),e.src+="#?secret="+t,e.setAttribute("data-secret",t)),e.contentWindow.postMessage({message:"ready",secret:t},"*")},!1)))}(window,document);
/* ]]> */
</script>

Die Veranstaltung wird im Beisein des Ersten Beigeordneten des Landkreises Bautzen Jörg Szewczyk, des Bürgermeisters der Stadt Bautzen Dr. Robert Böhmer und des polnischen Konsuls der Botschaft in Berlin Marcin Król, eröffnet. Im Jubiläumsjahr haben die Organisatoren der Veranstaltung ein vielfältiges Programm vorbereitet. Dazu gehören Auftritte sorbischer, polnischer und ukrainischer Künstler. Darüber hinaus wird Bernd [&hellip;]
