{"version":"1.0","provider_name":"Instytut Polski w Lipsku","provider_url":"https:\/\/instytutpolski.pl\/leipzig","author_name":"Rainer Mende","author_url":"https:\/\/instytutpolski.pl\/leipzig\/author\/mender\/","title":"Cannelle Quartett: Die Goldenen Zwanziger - Instytut Polski w Lipsku","type":"rich","width":600,"height":338,"html":"<blockquote class=\"wp-embedded-content\" data-secret=\"f5QokPYAf9\"><a href=\"https:\/\/instytutpolski.pl\/leipzig\/2022\/06\/28\/cannelle-quartett-die-goldenen-zwanziger\/\">Cannelle Quartett: Die Goldenen Zwanziger<\/a><\/blockquote><iframe sandbox=\"allow-scripts\" security=\"restricted\" src=\"https:\/\/instytutpolski.pl\/leipzig\/2022\/06\/28\/cannelle-quartett-die-goldenen-zwanziger\/embed\/#?secret=f5QokPYAf9\" width=\"600\" height=\"338\" title=\"&#8222;Cannelle Quartett: Die Goldenen Zwanziger&#8221; &#8212; Instytut Polski w Lipsku\" data-secret=\"f5QokPYAf9\" frameborder=\"0\" marginwidth=\"0\" marginheight=\"0\" scrolling=\"no\" class=\"wp-embedded-content\"><\/iframe><script type=\"text\/javascript\">\n\/* <![CDATA[ *\/\n\/*! This file is auto-generated *\/\n!function(d,l){\"use strict\";l.querySelector&&d.addEventListener&&\"undefined\"!=typeof URL&&(d.wp=d.wp||{},d.wp.receiveEmbedMessage||(d.wp.receiveEmbedMessage=function(e){var t=e.data;if((t||t.secret||t.message||t.value)&&!\/[^a-zA-Z0-9]\/.test(t.secret)){for(var s,r,n,a=l.querySelectorAll('iframe[data-secret=\"'+t.secret+'\"]'),o=l.querySelectorAll('blockquote[data-secret=\"'+t.secret+'\"]'),c=new RegExp(\"^https?:$\",\"i\"),i=0;i<o.length;i++)o[i].style.display=\"none\";for(i=0;i<a.length;i++)s=a[i],e.source===s.contentWindow&&(s.removeAttribute(\"style\"),\"height\"===t.message?(1e3<(r=parseInt(t.value,10))?r=1e3:~~r<200&&(r=200),s.height=r):\"link\"===t.message&&(r=new URL(s.getAttribute(\"src\")),n=new URL(t.value),c.test(n.protocol))&&n.host===r.host&&l.activeElement===s&&(d.top.location.href=t.value))}},d.addEventListener(\"message\",d.wp.receiveEmbedMessage,!1),l.addEventListener(\"DOMContentLoaded\",function(){for(var e,t,s=l.querySelectorAll(\"iframe.wp-embedded-content\"),r=0;r<s.length;r++)(t=(e=s[r]).getAttribute(\"data-secret\"))||(t=Math.random().toString(36).substring(2,12),e.src+=\"#?secret=\"+t,e.setAttribute(\"data-secret\",t)),e.contentWindow.postMessage({message:\"ready\",secret:t},\"*\")},!1)))}(window,document);\n\/* ]]> *\/\n<\/script>\n","thumbnail_url":"https:\/\/instytutpolski.pl\/leipzig\/wp-content\/uploads\/sites\/29\/2023\/02\/2023-06-28-MUSIK-Judische-Woche-Cannelle-Foto-Michael-Bader_strona-scaled.jpg","thumbnail_width":2560,"thumbnail_height":1408,"description":"#WeRemember Die rauschhaften 1920er-Jahre \u00fcben auch heute noch eine enorme Anziehungskraft aus. Das ist vielleicht kein Zufall: Angesichts vergleichbarer politischer und wirtschaftlicher Herausforderungen, aber auch einer \u00e4hnlichen kulturellen Vielfalt lassen sich viele Parallelen zum Zeitgeist vor 100 Jahren finden. Man sch\u00f6pft Inspiration und Kraft aus dieser \u00c4ra des Aufbruchs, der Hoffnung und der Vitalit\u00e4t. Ihre [&hellip;]"}

#WeRemember Die rauschhaften 1920er-Jahre üben auch heute noch eine enorme Anziehungskraft aus. Das ist vielleicht kein Zufall: Angesichts vergleichbarer politischer und wirtschaftlicher Herausforderungen, aber auch einer ähnlichen kulturellen Vielfalt lassen sich viele Parallelen zum Zeitgeist vor 100 Jahren finden. Man schöpft Inspiration und Kraft aus dieser Ära des Aufbruchs, der Hoffnung und der Vitalität. Ihre [&hellip;]
